-- Table structure for table `uV6mXZATtm_tasks`
--

CREATE TABLE `uV6mXZATtm_tasks` (
  `id` int(11) NOT NULL,
  `user_id` bigint(20) NOT NULL,
  `type` varchar(300) NOT NULL,
  `class_identifier` varchar(300) DEFAULT '0',
  `attempts` int(11) DEFAULT 0,
  `description` varchar(300) DEFAULT NULL,
  `time_created` timestamp NOT NULL DEFAULT current_timestamp(),
  `last_locked_at` bigint(20) DEFAULT 0,
  `status` varchar(300) DEFAULT NULL
) ENGINE=InnoDB DEFAULT CHARSET=utf8mb4 COLLATE=utf8mb4_unicode_520_ci;

--
-- Dumping data for table `uV6mXZATtm_tasks`
--

INSERT INTO `uV6mXZATtm_tasks` (`id`, `user_id`, `type`, `class_identifier`, `attempts`, `description`, `time_created`, `last_locked_at`, `status`) VALUES
(1, 1, 'load-url-task', 'WP_Optimize_Load_Url_Task', 0, 'Preload - https://doubleblackstudio.de', '2025-01-23 08:53:46', 0, 'active'),
(2, 1, 'load-url-task', 'WP_Optimize_Load_Url_Task', 0, 'Preload - https://doubleblackstudio.de/', '2025-01-23 08:53:46', 0, 'active'),
(3, 1, 'load-url-task', 'WP_Optimize_Load_Url_Task', 0, 'Preload - https://doubleblackstudio.de', '2025-01-23 09:27:38', 0, 'active'),
(4, 1, 'load-url-task', 'WP_Optimize_Load_Url_Task', 0, 'Preload - https://doubleblackstudio.de/lichtkonzept/', '2025-01-23 09:27:38', 0, 'active'),
(5, 1, 'load-url-task', 'WP_Optimize_Load_Url_Task', 0, 'Preload - https://doubleblackstudio.de/', '2025-01-23 09:27:38', 0, 'active'),
(6, 1, 'load-url-task', 'WP_Optimize_Load_Url_Task', 0, 'Preload - https://doubleblackstudio.de/materialauswahl/', '2025-01-23 09:27:38', 0, 'active'),
(7, 1, 'load-url-task', 'WP_Optimize_Load_Url_Task', 0, 'Preload - https://doubleblackstudio.de/moebelarrangement/', '2025-01-23 09:27:38', 0, 'active'),
(8, 1, 'load-url-task', 'WP_Optimize_Load_Url_Task', 0, 'Preload - https://doubleblackstudio.de/nachhaltige-loesungen/', '2025-01-23 09:27:38', 0, 'active'),
(9, 1, 'load-url-task', 'WP_Optimize_Load_Url_Task', 0, 'Preload - https://doubleblackstudio.de/raumgestaltung/', '2025-01-23 09:27:38', 0, 'active'),
(10, 1, 'load-url-task', 'WP_Optimize_Load_Url_Task', 0, 'Preload - https://doubleblackstudio.de/renovierungsplanung/', '2025-01-23 09:27:38', 0, 'active'),
(11, 1, 'load-url-task', 'WP_Optimize_Load_Url_Task', 0, 'Preload - https://doubleblackstudio.de/stilberatung/', '2025-01-23 09:27:38', 0, 'active'),
(12, 1, 'load-url-task', 'WP_Optimize_Load_Url_Task', 0, 'Preload - https://doubleblackstudio.de/virtuelles-design/', '2025-01-23 09:27:38', 0, 'active'),
(13, 1, 'load-url-task', 'WP_Optimize_Load_Url_Task', 0, 'Preload - https://doubleblackstudio.de/wohnaccessoires/', '2025-01-23 09:27:39', 0, 'active'),
(14, 1, 'load-url-task', 'WP_Optimize_Load_Url_Task', 0, 'Preload - https://doubleblackstudio.de', '2025-01-23 10:21:54', 0, 'active'),
(15, 1, 'load-url-task', 'WP_Optimize_Load_Url_Task', 0, 'Preload - https://doubleblackstudio.de/', '2025-01-23 10:21:54', 0, 'active'),
(16, 1, 'load-url-task', 'WP_Optimize_Load_Url_Task', 0, 'Preload - https://doubleblackstudio.de', '2025-01-23 10:21:55', 0, 'active'),
(17, 1, 'load-url-task', 'WP_Optimize_Load_Url_Task', 0, 'Preload - https://doubleblackstudio.de/', '2025-01-23 10:21:55', 0, 'active'),
(18, 1, 'load-url-task', 'WP_Optimize_Load_Url_Task', 0, 'Preload - https://doubleblackstudio.de', '2025-01-23 10:52:32', 0, 'active'),
(19, 1, 'load-url-task', 'WP_Optimize_Load_Url_Task', 0, 'Preload - https://doubleblackstudio.de/elementor-hf/546/', '2025-01-23 10:52:32', 0, 'active'),
(20, 1, 'load-url-task', 'WP_Optimize_Load_Url_Task', 0, 'Preload - https://doubleblackstudio.de', '2025-01-23 11:28:37', 0, 'active'),
(21, 1, 'load-url-task', 'WP_Optimize_Load_Url_Task', 0, 'Preload - https://doubleblackstudio.de/', '2025-01-23 11:28:37', 0, 'active'),
(22, 1, 'load-url-task', 'WP_Optimize_Load_Url_Task', 0, 'Preload - https://doubleblackstudio.de', '2025-01-23 11:29:34', 0, 'active'),
(23, 1, 'load-url-task', 'WP_Optimize_Load_Url_Task', 0, 'Preload - https://doubleblackstudio.de/', '2025-01-23 11:29:34', 0, 'active'),
(24, 1, 'load-url-task', 'WP_Optimize_Load_Url_Task', 0, 'Preload - https://doubleblackstudio.de', '2025-01-23 11:36:57', 0, 'active'),
(25, 1, 'load-url-task', 'WP_Optimize_Load_Url_Task', 0, 'Preload - https://doubleblackstudio.de/', '2025-01-23 11:36:57', 0, 'active'),
(26, 1, 'load-url-task', 'WP_Optimize_Load_Url_Task', 0, 'Preload - https://doubleblackstudio.de', '2025-01-23 13:28:08', 0, 'active'),
(27, 1, 'load-url-task', 'WP_Optimize_Load_Url_Task', 0, 'Preload - https://doubleblackstudio.de/', '2025-01-23 13:28:08', 0, 'active'),
(28, 1, 'load-url-task', 'WP_Optimize_Load_Url_Task', 0, 'Preload - https://doubleblackstudio.de', '2025-01-23 14:34:33', 0, 'active'),
(29, 1, 'load-url-task', 'WP_Optimize_Load_Url_Task', 0, 'Preload - https://doubleblackstudio.de/', '2025-01-23 14:34:33', 0, 'active'),
(30, 1, 'load-url-task', 'WP_Optimize_Load_Url_Task', 0, 'Preload - https://doubleblackstudio.de', '2025-01-23 15:11:32', 0, 'active'),
(31, 1, 'load-url-task', 'WP_Optimize_Load_Url_Task', 0, 'Preload - https://doubleblackstudio.de/elementor-hf/ftt/', '2025-01-23 15:11:32', 0, 'active'),
(32, 1, 'load-url-task', 'WP_Optimize_Load_Url_Task', 0, 'Preload - https://doubleblackstudio.de', '2025-01-23 15:15:12', 0, 'active'),
(33, 1, 'load-url-task', 'WP_Optimize_Load_Url_Task', 0, 'Preload - https://doubleblackstudio.de/metform-form/anfrage/', '2025-01-23 15:15:12', 0, 'active'),
(34, 1, 'load-url-task', 'WP_Optimize_Load_Url_Task', 0, 'Preload - https://doubleblackstudio.de', '2025-01-23 15:15:54', 0, 'active'),
(35, 1, 'load-url-task', 'WP_Optimize_Load_Url_Task', 0, 'Preload - https://doubleblackstudio.de/elementor-hf/ftt/', '2025-01-23 15:15:54', 0, 'active'),
(36, 1, 'load-url-task', 'WP_Optimize_Load_Url_Task', 0, 'Preload - https://doubleblackstudio.de', '2025-01-23 15:16:11', 0, 'active'),
(37, 1, 'load-url-task', 'WP_Optimize_Load_Url_Task', 0, 'Preload - https://doubleblackstudio.de/elementor-hf/ftt/', '2025-01-23 15:16:11', 0, 'active'),
(38, 1, 'load-url-task', 'WP_Optimize_Load_Url_Task', 0, 'Preload - https://doubleblackstudio.de', '2025-01-23 15:24:07', 0, 'active'),
(39, 1, 'load-url-task', 'WP_Optimize_Load_Url_Task', 0, 'Preload - https://doubleblackstudio.de/impressum/', '2025-01-23 15:24:07', 0, 'active'),
(40, 1, 'load-url-task', 'WP_Optimize_Load_Url_Task', 0, 'Preload - https://doubleblackstudio.de', '2025-01-23 15:26:21', 0, 'active'),
(41, 1, 'load-url-task', 'WP_Optimize_Load_Url_Task', 0, 'Preload - https://doubleblackstudio.de/fensterinstallation/', '2025-01-23 15:26:21', 0, 'active'),
(42, 1, 'load-url-task', 'WP_Optimize_Load_Url_Task', 0, 'Preload - https://doubleblackstudio.de', '2025-01-23 15:26:22', 0, 'active'),
(43, 1, 'load-url-task', 'WP_Optimize_Load_Url_Task', 0, 'Preload - https://doubleblackstudio.de/fensterinstallation/', '2025-01-23 15:26:22', 0, 'active'),
(44, 1, 'load-url-task', 'WP_Optimize_Load_Url_Task', 0, 'Preload - https://doubleblackstudio.de', '2025-01-23 15:31:13', 0, 'active'),
(45, 1, 'load-url-task', 'WP_Optimize_Load_Url_Task', 0, 'Preload - https://doubleblackstudio.de/fensterinstallation/', '2025-01-23 15:31:13', 0, 'active'),
(46, 1, 'load-url-task', 'WP_Optimize_Load_Url_Task', 0, 'Preload - https://doubleblackstudio.de', '2025-01-23 15:31:30', 0, 'active'),
(47, 1, 'load-url-task', 'WP_Optimize_Load_Url_Task', 0, 'Preload - https://doubleblackstudio.de/', '2025-01-23 15:31:30', 0, 'active'),
(48, 1, 'load-url-task', 'WP_Optimize_Load_Url_Task', 0, 'Preload - https://doubleblackstudio.de', '2025-01-23 15:32:23', 0, 'active'),
(49, 1, 'load-url-task', 'WP_Optimize_Load_Url_Task', 0, 'Preload - https://doubleblackstudio.de/dachfenster-velux-roto/', '2025-01-23 15:32:23', 0, 'active'),
(50, 1, 'load-url-task', 'WP_Optimize_Load_Url_Task', 0, 'Preload - https://doubleblackstudio.de', '2025-01-23 15:32:24', 0, 'active'),
(51, 1, 'load-url-task', 'WP_Optimize_Load_Url_Task', 0, 'Preload - https://doubleblackstudio.de/dachfenster-velux-roto/', '2025-01-23 15:32:24', 0, 'active'),
(52, 1, 'load-url-task', 'WP_Optimize_Load_Url_Task', 0, 'Preload - https://doubleblackstudio.de', '2025-01-23 15:32:47', 0, 'active'),
(53, 1, 'load-url-task', 'WP_Optimize_Load_Url_Task', 0, 'Preload - https://doubleblackstudio.de/dachfenster-velux-roto/', '2025-01-23 15:32:47', 0, 'active'),
(54, 1, 'load-url-task', 'WP_Optimize_Load_Url_Task', 0, 'Preload - https://doubleblackstudio.de', '2025-01-23 15:32:53', 0, 'active'),
(55, 1, 'load-url-task', 'WP_Optimize_Load_Url_Task', 0, 'Preload - https://doubleblackstudio.de/', '2025-01-23 15:32:53', 0, 'active'),
(56, 1, 'load-url-task', 'WP_Optimize_Load_Url_Task', 0, 'Preload - https://doubleblackstudio.de', '2025-01-23 15:34:07', 0, 'active'),
(57, 1, 'load-url-task', 'WP_Optimize_Load_Url_Task', 0, 'Preload - https://doubleblackstudio.de/haustueren-innentueren/', '2025-01-23 15:34:07', 0, 'active'),
(58, 1, 'load-url-task', 'WP_Optimize_Load_Url_Task', 0, 'Preload - https://doubleblackstudio.de', '2025-01-23 15:34:08', 0, 'active'),
(59, 1, 'load-url-task', 'WP_Optimize_Load_Url_Task', 0, 'Preload - https://doubleblackstudio.de/haustueren-innentueren/', '2025-01-23 15:34:08', 0, 'active'),
(60, 1, 'load-url-task', 'WP_Optimize_Load_Url_Task', 0, 'Preload - https://doubleblackstudio.de', '2025-01-23 15:35:49', 0, 'active'),
(61, 1, 'load-url-task', 'WP_Optimize_Load_Url_Task', 0, 'Preload - https://doubleblackstudio.de/haustueren-innentueren/', '2025-01-23 15:35:49', 0, 'active'),
(62, 1, 'load-url-task', 'WP_Optimize_Load_Url_Task', 0, 'Preload - https://doubleblackstudio.de', '2025-01-23 15:37:41', 0, 'active'),
(63, 1, 'load-url-task', 'WP_Optimize_Load_Url_Task', 0, 'Preload - https://doubleblackstudio.de/', '2025-01-23 15:37:41', 0, 'active'),
(64, 1, 'load-url-task', 'WP_Optimize_Load_Url_Task', 0, 'Preload - https://doubleblackstudio.de', '2025-01-24 10:37:35', 0, 'active'),
(65, 1, 'load-url-task', 'WP_Optimize_Load_Url_Task', 0, 'Preload - https://doubleblackstudio.de/', '2025-01-24 10:37:35', 0, 'active'),
(66, 1, 'load-url-task', 'WP_Optimize_Load_Url_Task', 0, 'Preload - https://doubleblackstudio.de/2025/', '2025-01-24 10:37:35', 0, 'active'),
(67, 1, 'load-url-task', 'WP_Optimize_Load_Url_Task', 0, 'Preload - https://doubleblackstudio.de/2025/01/', '2025-01-24 10:37:35', 0, 'active'),
(68, 1, 'load-url-task', 'WP_Optimize_Load_Url_Task', 0, 'Preload - https://doubleblackstudio.de/2025/01/24/', '2025-01-24 10:37:35', 0, 'active'),
(69, 1, 'load-url-task', 'WP_Optimize_Load_Url_Task', 0, 'Preload - https://doubleblackstudio.de', '2025-01-24 12:56:39', 0, 'active'),
(70, 1, 'load-url-task', 'WP_Optimize_Load_Url_Task', 0, 'Preload - https://doubleblackstudio.de/', '2025-01-24 12:56:39', 0, 'active'),
(71, 1, 'load-url-task', 'WP_Optimize_Load_Url_Task', 0, 'Preload - https://doubleblackstudio.de', '2025-01-28 05:53:25', 0, 'active'),
(72, 1, 'load-url-task', 'WP_Optimize_Load_Url_Task', 0, 'Preload - https://doubleblackstudio.de/fensterinstallation/', '2025-01-28 05:53:25', 0, 'active'),
(73, 1, 'load-url-task', 'WP_Optimize_Load_Url_Task', 0, 'Preload - https://doubleblackstudio.de/', '2025-01-28 05:53:25', 0, 'active'),
(74, 1, 'load-url-task', 'WP_Optimize_Load_Url_Task', 0, 'Preload - https://doubleblackstudio.de/haustueren-innentueren/', '2025-01-28 05:53:25', 0, 'active'),
(75, 1, 'load-url-task', 'WP_Optimize_Load_Url_Task', 0, 'Preload - https://doubleblackstudio.de', '2025-01-28 05:59:03', 0, 'active'),
(76, 1, 'load-url-task', 'WP_Optimize_Load_Url_Task', 0, 'Preload - https://doubleblackstudio.de/', '2025-01-28 05:59:03', 0, 'active'),
(77, 1, 'load-url-task', 'WP_Optimize_Load_Url_Task', 0, 'Preload - https://doubleblackstudio.de', '2025-01-28 05:59:04', 0, 'active'),
(78, 1, 'load-url-task', 'WP_Optimize_Load_Url_Task', 0, 'Preload - https://doubleblackstudio.de/', '2025-01-28 05:59:04', 0, 'active'),
(79, 1, 'load-url-task', 'WP_Optimize_Load_Url_Task', 0, 'Preload - https://doubleblackstudio.de', '2025-01-28 06:01:36', 0, 'active'),
(80, 1, 'load-url-task', 'WP_Optimize_Load_Url_Task', 0, 'Preload - https://doubleblackstudio.de/elementor-hf/546/', '2025-01-28 06:01:36', 0, 'active'),
(81, 1, 'load-url-task', 'WP_Optimize_Load_Url_Task', 0, 'Preload - https://doubleblackstudio.de', '2025-01-28 06:53:44', 0, 'active'),
(82, 1, 'load-url-task', 'WP_Optimize_Load_Url_Task', 0, 'Preload - https://doubleblackstudio.de/', '2025-01-28 06:53:44', 0, 'active'),
(83, 1, 'load-url-task', 'WP_Optimize_Load_Url_Task', 0, 'Preload - https://doubleblackstudio.de', '2025-01-28 06:55:06', 0, 'active'),
(84, 1, 'load-url-task', 'WP_Optimize_Load_Url_Task', 0, 'Preload - https://doubleblackstudio.de/', '2025-01-28 06:55:06', 0, 'active'),
(85, 1, 'load-url-task', 'WP_Optimize_Load_Url_Task', 0, 'Preload - https://doubleblackstudio.de', '2025-01-28 07:03:47', 0, 'active'),
(86, 1, 'load-url-task', 'WP_Optimize_Load_Url_Task', 0, 'Preload - https://doubleblackstudio.de/', '2025-01-28 07:03:47', 0, 'active'),
(87, 1, 'load-url-task', 'WP_Optimize_Load_Url_Task', 0, 'Preload - https://doubleblackstudio.de', '2025-01-28 07:26:03', 0, 'active'),
(88, 1, 'load-url-task', 'WP_Optimize_Load_Url_Task', 0, 'Preload - https://doubleblackstudio.de/', '2025-01-28 07:26:03', 0, 'active'),
(89, 1, 'load-url-task', 'WP_Optimize_Load_Url_Task', 0, 'Preload - https://doubleblackstudio.de', '2025-01-28 07:26:51', 0, 'active'),
(90, 1, 'load-url-task', 'WP_Optimize_Load_Url_Task', 0, 'Preload - https://doubleblackstudio.de/elementor-hf/546/', '2025-01-28 07:26:51', 0, 'active'),
(91, 1, 'load-url-task', 'WP_Optimize_Load_Url_Task', 0, 'Preload - https://doubleblackstudio.de', '2025-01-28 07:29:17', 0, 'active'),
(92, 1, 'load-url-task', 'WP_Optimize_Load_Url_Task', 0, 'Preload - https://doubleblackstudio.de/elementor-hf/ftt/', '2025-01-28 07:29:17', 0, 'active'),
(93, 1, 'load-url-task', 'WP_Optimize_Load_Url_Task', 0, 'Preload - https://doubleblackstudio.de', '2025-01-28 07:30:12', 0, 'active'),
(94, 1, 'load-url-task', 'WP_Optimize_Load_Url_Task', 0, 'Preload - https://doubleblackstudio.de/metform-form/anfrage/', '2025-01-28 07:30:12', 0, 'active'),
(95, 1, 'load-url-task', 'WP_Optimize_Load_Url_Task', 0, 'Preload - https://doubleblackstudio.de', '2025-01-28 07:31:56', 0, 'active'),
(96, 1, 'load-url-task', 'WP_Optimize_Load_Url_Task', 0, 'Preload - https://doubleblackstudio.de/elementor-hf/ftt/', '2025-01-28 07:31:56', 0, 'active'),
(97, 1, 'load-url-task', 'WP_Optimize_Load_Url_Task', 0, 'Preload - https://doubleblackstudio.de', '2025-01-28 07:34:25', 0, 'active'),
(98, 1, 'load-url-task', 'WP_Optimize_Load_Url_Task', 0, 'Preload - https://doubleblackstudio.de/impressum/', '2025-01-28 07:34:25', 0, 'active'),
(99, 1, 'load-url-task', 'WP_Optimize_Load_Url_Task', 0, 'Preload - https://doubleblackstudio.de', '2025-01-28 07:35:27', 0, 'active'),
(100, 1, 'load-url-task', 'WP_Optimize_Load_Url_Task', 0, 'Preload - https://doubleblackstudio.de/datenschutz/', '2025-01-28 07:35:27', 0, 'active'),
(101, 1, 'load-url-task', 'WP_Optimize_Load_Url_Task', 0, 'Preload - https://doubleblackstudio.de', '2025-01-28 08:12:37', 0, 'active'),
(102, 1, 'load-url-task', 'WP_Optimize_Load_Url_Task', 0, 'Preload - https://doubleblackstudio.de/trockenbau/', '2025-01-28 08:12:37', 0, 'active'),
(103, 1, 'load-url-task', 'WP_Optimize_Load_Url_Task', 0, 'Preload - https://doubleblackstudio.de', '2025-01-28 08:12:38', 0, 'active'),
(104, 1, 'load-url-task', 'WP_Optimize_Load_Url_Task', 0, 'Preload - https://doubleblackstudio.de/trockenbau/', '2025-01-28 08:12:38', 0, 'active'),
(105, 1, 'load-url-task', 'WP_Optimize_Load_Url_Task', 0, 'Preload - https://doubleblackstudio.de', '2025-01-28 08:13:28', 0, 'active'),
(106, 1, 'load-url-task', 'WP_Optimize_Load_Url_Task', 0, 'Preload - https://doubleblackstudio.de/trockenbau/', '2025-01-28 08:13:28', 0, 'active'),
(107, 1, 'load-url-task', 'WP_Optimize_Load_Url_Task', 0, 'Preload - https://doubleblackstudio.de', '2025-01-28 08:15:02', 0, 'active'),
(108, 1, 'load-url-task', 'WP_Optimize_Load_Url_Task', 0, 'Preload - https://doubleblackstudio.de/', '2025-01-28 08:15:02', 0, 'active'),
(109, 1, 'load-url-task', 'WP_Optimize_Load_Url_Task', 0, 'Preload - https://doubleblackstudio.de', '2025-01-28 08:17:50', 0, 'active'),
(110, 1, 'load-url-task', 'WP_Optimize_Load_Url_Task', 0, 'Preload - https://doubleblackstudio.de/fussboden/', '2025-01-28 08:17:50', 0, 'active'),
(111, 1, 'load-url-task', 'WP_Optimize_Load_Url_Task', 0, 'Preload - https://doubleblackstudio.de', '2025-01-28 08:17:51', 0, 'active'),
(112, 1, 'load-url-task', 'WP_Optimize_Load_Url_Task', 0, 'Preload - https://doubleblackstudio.de/fussboden/', '2025-01-28 08:17:51', 0, 'active'),
(113, 1, 'load-url-task', 'WP_Optimize_Load_Url_Task', 0, 'Preload - https://doubleblackstudio.de', '2025-01-28 08:18:27', 0, 'active'),
(114, 1, 'load-url-task', 'WP_Optimize_Load_Url_Task', 0, 'Preload - https://doubleblackstudio.de/fussboden/', '2025-01-28 08:18:27', 0, 'active'),
(115, 1, 'load-url-task', 'WP_Optimize_Load_Url_Task', 0, 'Preload - https://doubleblackstudio.de', '2025-01-28 08:25:48', 0, 'active'),
(116, 1, 'load-url-task', 'WP_Optimize_Load_Url_Task', 0, 'Preload - https://doubleblackstudio.de/', '2025-01-28 08:25:48', 0, 'active'),
(117, 1, 'load-url-task', 'WP_Optimize_Load_Url_Task', 0, 'Preload - https://doubleblackstudio.de', '2025-01-28 08:33:29', 0, 'active'),
(118, 1, 'load-url-task', 'WP_Optimize_Load_Url_Task', 0, 'Preload - https://doubleblackstudio.de/malerbetrieb-kreis-pinneberg/', '2025-01-28 08:33:29', 0, 'active'),
(119, 1, 'load-url-task', 'WP_Optimize_Load_Url_Task', 0, 'Preload - https://doubleblackstudio.de', '2025-01-28 08:33:30', 0, 'active'),
(120, 1, 'load-url-task', 'WP_Optimize_Load_Url_Task', 0, 'Preload - https://doubleblackstudio.de/malerbetrieb-kreis-pinneberg/', '2025-01-28 08:33:30', 0, 'active'),
(121, 1, 'load-url-task', 'WP_Optimize_Load_Url_Task', 0, 'Preload - https://doubleblackstudio.de', '2025-01-28 08:35:52', 0, 'active'),
(122, 1, 'load-url-task', 'WP_Optimize_Load_Url_Task', 0, 'Preload - https://doubleblackstudio.de/malerbetrieb-kreis-pinneberg/', '2025-01-28 08:35:52', 0, 'active'),
(123, 1, 'load-url-task', 'WP_Optimize_Load_Url_Task', 0, 'Preload - https://doubleblackstudio.de', '2025-01-28 08:38:47', 0, 'active'),
(124, 1, 'load-url-task', 'WP_Optimize_Load_Url_Task', 0, 'Preload - https://doubleblackstudio.de/', '2025-01-28 08:38:47', 0, 'active'),
(125, 1, 'load-url-task', 'WP_Optimize_Load_Url_Task', 0, 'Preload - https://doubleblackstudio.de', '2025-01-28 08:40:39', 0, 'active'),
(126, 1, 'load-url-task', 'WP_Optimize_Load_Url_Task', 0, 'Preload - https://doubleblackstudio.de/malerarbeiten/', '2025-01-28 08:40:39', 0, 'active'),
(127, 1, 'load-url-task', 'WP_Optimize_Load_Url_Task', 0, 'Preload - https://doubleblackstudio.de', '2025-01-28 08:40:40', 0, 'active'),
(128, 1, 'load-url-task', 'WP_Optimize_Load_Url_Task', 0, 'Preload - https://doubleblackstudio.de/malerarbeiten/', '2025-01-28 08:40:40', 0, 'active'),
(129, 1, 'load-url-task', 'WP_Optimize_Load_Url_Task', 0, 'Preload - https://doubleblackstudio.de', '2025-01-28 08:41:57', 0, 'active'),
(130, 1, 'load-url-task', 'WP_Optimize_Load_Url_Task', 0, 'Preload - https://doubleblackstudio.de/malerarbeiten/', '2025-01-28 08:41:57', 0, 'active'),
(131, 1, 'load-url-task', 'WP_Optimize_Load_Url_Task', 0, 'Preload - https://doubleblackstudio.de', '2025-01-28 08:42:19', 0, 'active'),
(132, 1, 'load-url-task', 'WP_Optimize_Load_Url_Task', 0, 'Preload - https://doubleblackstudio.de/', '2025-01-28 08:42:19', 0, 'active'),
(133, 1, 'load-url-task', 'WP_Optimize_Load_Url_Task', 0, 'Preload - https://doubleblackstudio.de', '2025-01-28 08:43:56', 0, 'active'),
(134, 1, 'load-url-task', 'WP_Optimize_Load_Url_Task', 0, 'Preload - https://doubleblackstudio.de/lackierarbeiten/', '2025-01-28 08:43:56', 0, 'active'),
(135, 1, 'load-url-task', 'WP_Optimize_Load_Url_Task', 0, 'Preload - https://doubleblackstudio.de', '2025-01-28 08:43:57', 0, 'active'),
(136, 1, 'load-url-task', 'WP_Optimize_Load_Url_Task', 0, 'Preload - https://doubleblackstudio.de/lackierarbeiten/', '2025-01-28 08:43:57', 0, 'active'),
(137, 1, 'load-url-task', 'WP_Optimize_Load_Url_Task', 0, 'Preload - https://doubleblackstudio.de', '2025-01-28 08:45:00', 0, 'active'),
(138, 1, 'load-url-task', 'WP_Optimize_Load_Url_Task', 0, 'Preload - https://doubleblackstudio.de/lackierarbeiten/', '2025-01-28 08:45:00', 0, 'active'),
(139, 1, 'load-url-task', 'WP_Optimize_Load_Url_Task', 0, 'Preload - https://doubleblackstudio.de', '2025-01-28 08:48:49', 0, 'active'),
(140, 1, 'load-url-task', 'WP_Optimize_Load_Url_Task', 0, 'Preload - https://doubleblackstudio.de/', '2025-01-28 08:48:49', 0, 'active'),
(141, 1, 'load-url-task', 'WP_Optimize_Load_Url_Task', 0, 'Preload - https://doubleblackstudio.de', '2025-01-28 08:51:17', 0, 'active'),
(142, 1, 'load-url-task', 'WP_Optimize_Load_Url_Task', 0, 'Preload - https://doubleblackstudio.de/tapeten/', '2025-01-28 08:51:17', 0, 'active'),
(143, 1, 'load-url-task', 'WP_Optimize_Load_Url_Task', 0, 'Preload - https://doubleblackstudio.de', '2025-01-28 08:51:18', 0, 'active'),
(144, 1, 'load-url-task', 'WP_Optimize_Load_Url_Task', 0, 'Preload - https://doubleblackstudio.de/tapeten/', '2025-01-28 08:51:18', 0, 'active'),
(145, 1, 'load-url-task', 'WP_Optimize_Load_Url_Task', 0, 'Preload - https://doubleblackstudio.de', '2025-01-28 08:54:00', 0, 'active'),
(146, 1, 'load-url-task', 'WP_Optimize_Load_Url_Task', 0, 'Preload - https://doubleblackstudio.de/tapeten/', '2025-01-28 08:54:00', 0, 'active'),
(147, 1, 'load-url-task', 'WP_Optimize_Load_Url_Task', 0, 'Preload - https://doubleblackstudio.de', '2025-01-28 08:54:09', 0, 'active'),
(148, 1, 'load-url-task', 'WP_Optimize_Load_Url_Task', 0, 'Preload - https://doubleblackstudio.de/', '2025-01-28 08:54:09', 0, 'active'),
(149, 1, 'load-url-task', 'WP_Optimize_Load_Url_Task', 0, 'Preload - https://doubleblackstudio.de', '2025-01-28 08:55:02', 0, 'active'),
(150, 1, 'load-url-task', 'WP_Optimize_Load_Url_Task', 0, 'Preload - https://doubleblackstudio.de/fassade/', '2025-01-28 08:55:02', 0, 'active'),
(151, 1, 'load-url-task', 'WP_Optimize_Load_Url_Task', 0, 'Preload - https://doubleblackstudio.de', '2025-01-28 08:55:03', 0, 'active'),
(152, 1, 'load-url-task', 'WP_Optimize_Load_Url_Task', 0, 'Preload - https://doubleblackstudio.de/fassade/', '2025-01-28 08:55:03', 0, 'active'),
(153, 1, 'load-url-task', 'WP_Optimize_Load_Url_Task', 0, 'Preload - https://doubleblackstudio.de', '2025-01-28 08:55:34', 0, 'active'),
(154, 1, 'load-url-task', 'WP_Optimize_Load_Url_Task', 0, 'Preload - https://doubleblackstudio.de/fassade/', '2025-01-28 08:55:34', 0, 'active'),
(155, 1, 'load-url-task', 'WP_Optimize_Load_Url_Task', 0, 'Preload - https://doubleblackstudio.de', '2025-01-28 08:55:56', 0, 'active'),
(156, 1, 'load-url-task', 'WP_Optimize_Load_Url_Task', 0, 'Preload - https://doubleblackstudio.de/', '2025-01-28 08:55:56', 0, 'active'),
(157, 1, 'load-url-task', 'WP_Optimize_Load_Url_Task', 0, 'Preload - https://doubleblackstudio.de', '2025-01-28 08:59:14', 0, 'active'),
(158, 1, 'load-url-task', 'WP_Optimize_Load_Url_Task', 0, 'Preload - https://doubleblackstudio.de/geruestbau/', '2025-01-28 08:59:14', 0, 'active'),
(159, 1, 'load-url-task', 'WP_Optimize_Load_Url_Task', 0, 'Preload - https://doubleblackstudio.de', '2025-01-28 08:59:15', 0, 'active'),
(160, 1, 'load-url-task', 'WP_Optimize_Load_Url_Task', 0, 'Preload - https://doubleblackstudio.de/geruestbau/', '2025-01-28 08:59:15', 0, 'active'),
(161, 1, 'load-url-task', 'WP_Optimize_Load_Url_Task', 0, 'Preload - https://doubleblackstudio.de', '2025-01-28 09:00:06', 0, 'active'),
(162, 1, 'load-url-task', 'WP_Optimize_Load_Url_Task', 0, 'Preload - https://doubleblackstudio.de/geruestbau/', '2025-01-28 09:00:06', 0, 'active'),
(163, 1, 'load-url-task', 'WP_Optimize_Load_Url_Task', 0, 'Preload - https://doubleblackstudio.de', '2025-01-28 09:00:22', 0, 'active'),
(164, 1, 'load-url-task', 'WP_Optimize_Load_Url_Task', 0, 'Preload - https://doubleblackstudio.de/', '2025-01-28 09:00:22', 0, 'active'),
(165, 1, 'load-url-task', 'WP_Optimize_Load_Url_Task', 0, 'Preload - https://doubleblackstudio.de', '2025-01-28 09:04:13', 0, 'active'),
(166, 1, 'load-url-task', 'WP_Optimize_Load_Url_Task', 0, 'Preload - https://doubleblackstudio.de/balkonsanierung/', '2025-01-28 09:04:13', 0, 'active'),
(167, 1, 'load-url-task', 'WP_Optimize_Load_Url_Task', 0, 'Preload - https://doubleblackstudio.de', '2025-01-28 09:04:14', 0, 'active'),
(168, 1, 'load-url-task', 'WP_Optimize_Load_Url_Task', 0, 'Preload - https://doubleblackstudio.de/balkonsanierung/', '2025-01-28 09:04:14', 0, 'active'),
(169, 1, 'load-url-task', 'WP_Optimize_Load_Url_Task', 0, 'Preload - https://doubleblackstudio.de', '2025-01-28 09:04:46', 0, 'active'),
(170, 1, 'load-url-task', 'WP_Optimize_Load_Url_Task', 0, 'Preload - https://doubleblackstudio.de/balkonsanierung/', '2025-01-28 09:04:46', 0, 'active'),
(171, 1, 'load-url-task', 'WP_Optimize_Load_Url_Task', 0, 'Preload - https://doubleblackstudio.de', '2025-01-28 09:05:05', 0, 'active'),
(172, 1, 'load-url-task', 'WP_Optimize_Load_Url_Task', 0, 'Preload - https://doubleblackstudio.de/', '2025-01-28 09:05:05', 0, 'active'),
(173, 1, 'load-url-task', 'WP_Optimize_Load_Url_Task', 0, 'Preload - https://doubleblackstudio.de', '2025-01-28 09:06:44', 0, 'active'),
(174, 1, 'load-url-task', 'WP_Optimize_Load_Url_Task', 0, 'Preload - https://doubleblackstudio.de/waermedaemmung/', '2025-01-28 09:06:44', 0, 'active'),
(175, 1, 'load-url-task', 'WP_Optimize_Load_Url_Task', 0, 'Preload - https://doubleblackstudio.de', '2025-01-28 09:06:45', 0, 'active'),
(176, 1, 'load-url-task', 'WP_Optimize_Load_Url_Task', 0, 'Preload - https://doubleblackstudio.de/waermedaemmung/', '2025-01-28 09:06:45', 0, 'active'),
(177, 1, 'load-url-task', 'WP_Optimize_Load_Url_Task', 0, 'Preload - https://doubleblackstudio.de', '2025-01-28 09:07:35', 0, 'active'),
(178, 1, 'load-url-task', 'WP_Optimize_Load_Url_Task', 0, 'Preload - https://doubleblackstudio.de/waermedaemmung/', '2025-01-28 09:07:35', 0, 'active'),
(179, 1, 'load-url-task', 'WP_Optimize_Load_Url_Task', 0, 'Preload - https://doubleblackstudio.de', '2025-01-28 16:09:34', 0, 'active'),
(180, 1, 'load-url-task', 'WP_Optimize_Load_Url_Task', 0, 'Preload - https://doubleblackstudio.de/', '2025-01-28 16:09:34', 0, 'active'),
(181, 1, 'load-url-task', 'WP_Optimize_Load_Url_Task', 0, 'Preload - https://doubleblackstudio.de/2025/', '2025-01-28 16:09:34', 0, 'active'),
(182, 1, 'load-url-task', 'WP_Optimize_Load_Url_Task', 0, 'Preload - https://doubleblackstudio.de/2025/01/', '2025-01-28 16:09:34', 0, 'active'),
(183, 1, 'load-url-task', 'WP_Optimize_Load_Url_Task', 0, 'Preload - https://doubleblackstudio.de/2025/01/28/', '2025-01-28 16:09:34', 0, 'active'),
(184, 1, 'load-url-task', 'WP_Optimize_Load_Url_Task', 0, 'Preload - https://doubleblackstudio.de', '2025-01-29 07:44:35', 0, 'active'),
(185, 1, 'load-url-task', 'WP_Optimize_Load_Url_Task', 0, 'Preload - https://doubleblackstudio.de/', '2025-01-29 07:44:35', 0, 'active'),
(186, 1, 'load-url-task', 'WP_Optimize_Load_Url_Task', 0, 'Preload - https://doubleblackstudio.de', '2025-01-29 07:47:46', 0, 'active'),
(187, 1, 'load-url-task', 'WP_Optimize_Load_Url_Task', 0, 'Preload - https://doubleblackstudio.de/fassade/', '2025-01-29 07:47:46', 0, 'active'),
(188, 1, 'load-url-task', 'WP_Optimize_Load_Url_Task', 0, 'Preload - https://doubleblackstudio.de/', '2025-01-29 07:47:46', 0, 'active'),
(189, 1, 'load-url-task', 'WP_Optimize_Load_Url_Task', 0, 'Preload - https://doubleblackstudio.de/fussboden/', '2025-01-29 07:47:46', 0, 'active'),
(190, 1, 'load-url-task', 'WP_Optimize_Load_Url_Task', 0, 'Preload - https://doubleblackstudio.de/geruestbau/', '2025-01-29 07:47:46', 0, 'active'),
(191, 1, 'load-url-task', 'WP_Optimize_Load_Url_Task', 0, 'Preload - https://doubleblackstudio.de/lackierarbeiten/', '2025-01-29 07:47:46', 0, 'active'),
(192, 1, 'load-url-task', 'WP_Optimize_Load_Url_Task', 0, 'Preload - https://doubleblackstudio.de/malerarbeiten/', '2025-01-29 07:47:46', 0, 'active'),
(193, 1, 'load-url-task', 'WP_Optimize_Load_Url_Task', 0, 'Preload - https://doubleblackstudio.de/malerbetrieb-kreis-pinneberg/', '2025-01-29 07:47:46', 0, 'active'),
(194, 1, 'load-url-task', 'WP_Optimize_Load_Url_Task', 0, 'Preload - https://doubleblackstudio.de/tapeten/', '2025-01-29 07:47:46', 0, 'active'),
(195, 1, 'load-url-task', 'WP_Optimize_Load_Url_Task', 0, 'Preload - https://doubleblackstudio.de/trockenbau/', '2025-01-29 07:47:46', 0, 'active'),
(196, 1, 'load-url-task', 'WP_Optimize_Load_Url_Task', 0, 'Preload - https://doubleblackstudio.de/waermedaemmung/', '2025-01-29 07:47:46', 0, 'active'),
(197, 1, 'load-url-task', 'WP_Optimize_Load_Url_Task', 0, 'Preload - https://doubleblackstudio.de', '2025-01-29 07:49:55', 0, 'active'),
(198, 1, 'load-url-task', 'WP_Optimize_Load_Url_Task', 0, 'Preload - https://doubleblackstudio.de/', '2025-01-29 07:49:55', 0, 'active'),
(199, 1, 'load-url-task', 'WP_Optimize_Load_Url_Task', 0, 'Preload - https://doubleblackstudio.de', '2025-01-29 07:49:56', 0, 'active'),
(200, 1, 'load-url-task', 'WP_Optimize_Load_Url_Task', 0, 'Preload - https://doubleblackstudio.de/', '2025-01-29 07:49:56', 0, 'active'),
(201, 1, 'load-url-task', 'WP_Optimize_Load_Url_Task', 0, 'Preload - https://doubleblackstudio.de', '2025-01-29 07:52:28', 0, 'active'),
(202, 1, 'load-url-task', 'WP_Optimize_Load_Url_Task', 0, 'Preload - https://doubleblackstudio.de/', '2025-01-29 07:52:28', 0, 'active'),
(203, 1, 'load-url-task', 'WP_Optimize_Load_Url_Task', 0, 'Preload - https://doubleblackstudio.de', '2025-01-29 07:53:52', 0, 'active'),
(204, 1, 'load-url-task', 'WP_Optimize_Load_Url_Task', 0, 'Preload - https://doubleblackstudio.de/elementor-hf/546/', '2025-01-29 07:53:52', 0, 'active'),
(205, 1, 'load-url-task', 'WP_Optimize_Load_Url_Task', 0, 'Preload - https://doubleblackstudio.de', '2025-01-29 07:54:36', 0, 'active'),
(206, 1, 'load-url-task', 'WP_Optimize_Load_Url_Task', 0, 'Preload - https://doubleblackstudio.de/', '2025-01-29 07:54:36', 0, 'active'),
(207, 1, 'load-url-task', 'WP_Optimize_Load_Url_Task', 0, 'Preload - https://doubleblackstudio.de', '2025-01-29 08:15:14', 0, 'active'),
(208, 1, 'load-url-task', 'WP_Optimize_Load_Url_Task', 0, 'Preload - https://doubleblackstudio.de/', '2025-01-29 08:15:14', 0, 'active'),
(209, 1, 'load-url-task', 'WP_Optimize_Load_Url_Task', 0, 'Preload - https://doubleblackstudio.de', '2025-01-29 08:17:59', 0, 'active'),
(210, 1, 'load-url-task', 'WP_Optimize_Load_Url_Task', 0, 'Preload - https://doubleblackstudio.de/elementor-hf/546/', '2025-01-29 08:17:59', 0, 'active'),
(211, 1, 'load-url-task', 'WP_Optimize_Load_Url_Task', 0, 'Preload - https://doubleblackstudio.de', '2025-01-29 08:18:18', 0, 'active'),
(212, 1, 'load-url-task', 'WP_Optimize_Load_Url_Task', 0, 'Preload - https://doubleblackstudio.de/', '2025-01-29 08:18:18', 0, 'active'),
(213, 1, 'load-url-task', 'WP_Optimize_Load_Url_Task', 0, 'Preload - https://doubleblackstudio.de', '2025-01-29 09:10:04', 0, 'active'),
(214, 1, 'load-url-task', 'WP_Optimize_Load_Url_Task', 0, 'Preload - https://doubleblackstudio.de/', '2025-01-29 09:10:04', 0, 'active'),
(215, 1, 'load-url-task', 'WP_Optimize_Load_Url_Task', 0, 'Preload - https://doubleblackstudio.de', '2025-01-29 09:35:17', 0, 'active'),
(216, 1, 'load-url-task', 'WP_Optimize_Load_Url_Task', 0, 'Preload - https://doubleblackstudio.de/', '2025-01-29 09:35:17', 0, 'active'),
(217, 1, 'load-url-task', 'WP_Optimize_Load_Url_Task', 0, 'Preload - https://doubleblackstudio.de', '2025-01-29 09:39:35', 0, 'active'),
(218, 1, 'load-url-task', 'WP_Optimize_Load_Url_Task', 0, 'Preload - https://doubleblackstudio.de/', '2025-01-29 09:39:35', 0, 'active'),
(219, 1, 'load-url-task', 'WP_Optimize_Load_Url_Task', 0, 'Preload - https://doubleblackstudio.de', '2025-01-29 09:40:14', 0, 'active'),
(220, 1, 'load-url-task', 'WP_Optimize_Load_Url_Task', 0, 'Preload - https://doubleblackstudio.de/', '2025-01-29 09:40:14', 0, 'active'),
(221, 1, 'load-url-task', 'WP_Optimize_Load_Url_Task', 0, 'Preload - https://doubleblackstudio.de', '2025-01-29 09:40:53', 0, 'active'),
(222, 1, 'load-url-task', 'WP_Optimize_Load_Url_Task', 0, 'Preload - https://doubleblackstudio.de/', '2025-01-29 09:40:53', 0, 'active'),
(223, 1, 'load-url-task', 'WP_Optimize_Load_Url_Task', 0, 'Preload - https://doubleblackstudio.de', '2025-01-29 09:54:57', 0, 'active'),
(224, 1, 'load-url-task', 'WP_Optimize_Load_Url_Task', 0, 'Preload - https://doubleblackstudio.de/', '2025-01-29 09:54:57', 0, 'active'),
(225, 1, 'load-url-task', 'WP_Optimize_Load_Url_Task', 0, 'Preload - https://doubleblackstudio.de', '2025-01-29 09:55:13', 0, 'active'),
(226, 1, 'load-url-task', 'WP_Optimize_Load_Url_Task', 0, 'Preload - https://doubleblackstudio.de/', '2025-01-29 09:55:13', 0, 'active'),
(227, 1, 'load-url-task', 'WP_Optimize_Load_Url_Task', 0, 'Preload - https://doubleblackstudio.de', '2025-01-29 11:29:16', 0, 'active'),
(228, 1, 'load-url-task', 'WP_Optimize_Load_Url_Task', 0, 'Preload - https://doubleblackstudio.de/', '2025-01-29 11:29:16', 0, 'active'),
(229, 1, 'load-url-task', 'WP_Optimize_Load_Url_Task', 0, 'Preload - https://doubleblackstudio.de', '2025-01-29 11:39:08', 0, 'active'),
(230, 1, 'load-url-task', 'WP_Optimize_Load_Url_Task', 0, 'Preload - https://doubleblackstudio.de/', '2025-01-29 11:39:08', 0, 'active'),
(231, 1, 'load-url-task', 'WP_Optimize_Load_Url_Task', 0, 'Preload - https://doubleblackstudio.de', '2025-01-29 11:52:22', 0, 'active'),
(232, 1, 'load-url-task', 'WP_Optimize_Load_Url_Task', 0, 'Preload - https://doubleblackstudio.de/', '2025-01-29 11:52:22', 0, 'active'),
(233, 1, 'load-url-task', 'WP_Optimize_Load_Url_Task', 0, 'Preload - https://doubleblackstudio.de', '2025-01-29 11:57:05', 0, 'active'),
(234, 1, 'load-url-task', 'WP_Optimize_Load_Url_Task', 0, 'Preload - https://doubleblackstudio.de/', '2025-01-29 11:57:05', 0, 'active'),
(235, 1, 'load-url-task', 'WP_Optimize_Load_Url_Task', 0, 'Preload - https://doubleblackstudio.de', '2025-01-29 12:44:59', 0, 'active'),
(236, 1, 'load-url-task', 'WP_Optimize_Load_Url_Task', 0, 'Preload - https://doubleblackstudio.de/elementor-hf/ftt/', '2025-01-29 12:44:59', 0, 'active'),
(237, 1, 'load-url-task', 'WP_Optimize_Load_Url_Task', 0, 'Preload - https://doubleblackstudio.de', '2025-01-29 13:09:48', 0, 'active'),
(238, 1, 'load-url-task', 'WP_Optimize_Load_Url_Task', 0, 'Preload - https://doubleblackstudio.de/metform-form/anfrage/', '2025-01-29 13:09:48', 0, 'active'),
(239, 1, 'load-url-task', 'WP_Optimize_Load_Url_Task', 0, 'Preload - https://doubleblackstudio.de', '2025-01-29 13:10:48', 0, 'active'),
(240, 1, 'load-url-task', 'WP_Optimize_Load_Url_Task', 0, 'Preload - https://doubleblackstudio.de/elementor-hf/ftt/', '2025-01-29 13:10:49', 0, 'active'),
(241, 1, 'load-url-task', 'WP_Optimize_Load_Url_Task', 0, 'Preload - https://doubleblackstudio.de', '2025-01-29 13:14:29', 0, 'active'),
(242, 1, 'load-url-task', 'WP_Optimize_Load_Url_Task', 0, 'Preload - https://doubleblackstudio.de/impressum/', '2025-01-29 13:14:29', 0, 'active'),
(243, 1, 'load-url-task', 'WP_Optimize_Load_Url_Task', 0, 'Preload - https://doubleblackstudio.de', '2025-01-29 13:16:12', 0, 'active'),
(244, 1, 'load-url-task', 'WP_Optimize_Load_Url_Task', 0, 'Preload - https://doubleblackstudio.de/datenschutz/', '2025-01-29 13:16:12', 0, 'active'),
(245, 1, 'load-url-task', 'WP_Optimize_Load_Url_Task', 0, 'Preload - https://doubleblackstudio.de', '2025-01-29 13:23:58', 0, 'active'),
(246, 1, 'load-url-task', 'WP_Optimize_Load_Url_Task', 0, 'Preload - https://doubleblackstudio.de/handy-reparatur-osnabrueck/', '2025-01-29 13:23:58', 0, 'active'),
(247, 1, 'load-url-task', 'WP_Optimize_Load_Url_Task', 0, 'Preload - https://doubleblackstudio.de', '2025-01-29 13:23:59', 0, 'active'),
(248, 1, 'load-url-task', 'WP_Optimize_Load_Url_Task', 0, 'Preload - https://doubleblackstudio.de/handy-reparatur-osnabrueck/', '2025-01-29 13:23:59', 0, 'active'),
(249, 1, 'load-url-task', 'WP_Optimize_Load_Url_Task', 0, 'Preload - https://doubleblackstudio.de', '2025-01-29 13:24:32', 0, 'active'),
(250, 1, 'load-url-task', 'WP_Optimize_Load_Url_Task', 0, 'Preload - https://doubleblackstudio.de/handy-reparatur-osnabrueck/', '2025-01-29 13:24:32', 0, 'active'),
(251, 1, 'load-url-task', 'WP_Optimize_Load_Url_Task', 0, 'Preload - https://doubleblackstudio.de', '2025-01-29 13:24:40', 0, 'active'),
(252, 1, 'load-url-task', 'WP_Optimize_Load_Url_Task', 0, 'Preload - https://doubleblackstudio.de/', '2025-01-29 13:24:40', 0, 'active'),
(253, 1, 'load-url-task', 'WP_Optimize_Load_Url_Task', 0, 'Preload - https://doubleblackstudio.de', '2025-01-29 13:25:55', 0, 'active'),
(254, 1, 'load-url-task', 'WP_Optimize_Load_Url_Task', 0, 'Preload - https://doubleblackstudio.de/smartphone-reparatur/', '2025-01-29 13:25:55', 0, 'active'),
(255, 1, 'load-url-task', 'WP_Optimize_Load_Url_Task', 0, 'Preload - https://doubleblackstudio.de', '2025-01-29 13:25:56', 0, 'active'),
(256, 1, 'load-url-task', 'WP_Optimize_Load_Url_Task', 0, 'Preload - https://doubleblackstudio.de/smartphone-reparatur/', '2025-01-29 13:25:56', 0, 'active'),
(257, 1, 'load-url-task', 'WP_Optimize_Load_Url_Task', 0, 'Preload - https://doubleblackstudio.de', '2025-01-29 13:26:20', 0, 'active'),
(258, 1, 'load-url-task', 'WP_Optimize_Load_Url_Task', 0, 'Preload - https://doubleblackstudio.de/smartphone-reparatur/', '2025-01-29 13:26:20', 0, 'active'),
(259, 1, 'load-url-task', 'WP_Optimize_Load_Url_Task', 0, 'Preload - https://doubleblackstudio.de', '2025-01-29 13:26:35', 0, 'active'),
(260, 1, 'load-url-task', 'WP_Optimize_Load_Url_Task', 0, 'Preload - https://doubleblackstudio.de/', '2025-01-29 13:26:35', 0, 'active'),
(261, 1, 'load-url-task', 'WP_Optimize_Load_Url_Task', 0, 'Preload - https://doubleblackstudio.de', '2025-01-29 13:27:49', 0, 'active'),
(262, 1, 'load-url-task', 'WP_Optimize_Load_Url_Task', 0, 'Preload - https://doubleblackstudio.de/handyhuellen-kaufen/', '2025-01-29 13:27:49', 0, 'active'),
(263, 1, 'load-url-task', 'WP_Optimize_Load_Url_Task', 0, 'Preload - https://doubleblackstudio.de', '2025-01-29 13:27:50', 0, 'active'),
(264, 1, 'load-url-task', 'WP_Optimize_Load_Url_Task', 0, 'Preload - https://doubleblackstudio.de/handyhuellen-kaufen/', '2025-01-29 13:27:50', 0, 'active'),
(265, 1, 'load-url-task', 'WP_Optimize_Load_Url_Task', 0, 'Preload - https://doubleblackstudio.de', '2025-01-29 13:28:18', 0, 'active'),
(266, 1, 'load-url-task', 'WP_Optimize_Load_Url_Task', 0, 'Preload - https://doubleblackstudio.de/handyhuellen-kaufen/', '2025-01-29 13:28:18', 0, 'active'),
(267, 1, 'load-url-task', 'WP_Optimize_Load_Url_Task', 0, 'Preload - https://doubleblackstudio.de', '2025-01-29 13:28:24', 0, 'active'),
(268, 1, 'load-url-task', 'WP_Optimize_Load_Url_Task', 0, 'Preload - https://doubleblackstudio.de/', '2025-01-29 13:28:24', 0, 'active'),
(269, 1, 'load-url-task', 'WP_Optimize_Load_Url_Task', 0, 'Preload - https://doubleblackstudio.de', '2025-01-29 13:29:26', 0, 'active'),
(270, 1, 'load-url-task', 'WP_Optimize_Load_Url_Task', 0, 'Preload - https://doubleblackstudio.de/display-reparatur/', '2025-01-29 13:29:26', 0, 'active'),
(271, 1, 'load-url-task', 'WP_Optimize_Load_Url_Task', 0, 'Preload - https://doubleblackstudio.de', '2025-01-29 13:29:27', 0, 'active'),
(272, 1, 'load-url-task', 'WP_Optimize_Load_Url_Task', 0, 'Preload - https://doubleblackstudio.de/display-reparatur/', '2025-01-29 13:29:27', 0, 'active'),
(273, 1, 'load-url-task', 'WP_Optimize_Load_Url_Task', 0, 'Preload - https://doubleblackstudio.de', '2025-01-29 13:29:56', 0, 'active'),
(274, 1, 'load-url-task', 'WP_Optimize_Load_Url_Task', 0, 'Preload - https://doubleblackstudio.de/display-reparatur/', '2025-01-29 13:29:56', 0, 'active'),
(275, 1, 'load-url-task', 'WP_Optimize_Load_Url_Task', 0, 'Preload - https://doubleblackstudio.de', '2025-01-29 13:30:05', 0, 'active'),
(276, 1, 'load-url-task', 'WP_Optimize_Load_Url_Task', 0, 'Preload - https://doubleblackstudio.de/', '2025-01-29 13:30:05', 0, 'active'),
(277, 1, 'load-url-task', 'WP_Optimize_Load_Url_Task', 0, 'Preload - https://doubleblackstudio.de', '2025-01-29 13:31:26', 0, 'active'),
(278, 1, 'load-url-task', 'WP_Optimize_Load_Url_Task', 0, 'Preload - https://doubleblackstudio.de/handyhalterung-fuers-auto/', '2025-01-29 13:31:26', 0, 'active'),
(279, 1, 'load-url-task', 'WP_Optimize_Load_Url_Task', 0, 'Preload - https://doubleblackstudio.de', '2025-01-29 13:31:27', 0, 'active'),
(280, 1, 'load-url-task', 'WP_Optimize_Load_Url_Task', 0, 'Preload - https://doubleblackstudio.de/handyhalterung-fuers-auto/', '2025-01-29 13:31:27', 0, 'active'),
(281, 1, 'load-url-task', 'WP_Optimize_Load_Url_Task', 0, 'Preload - https://doubleblackstudio.de', '2025-01-29 13:31:52', 0, 'active'),
(282, 1, 'load-url-task', 'WP_Optimize_Load_Url_Task', 0, 'Preload - https://doubleblackstudio.de/handyhalterung-fuers-auto/', '2025-01-29 13:31:52', 0, 'active'),
(283, 1, 'load-url-task', 'WP_Optimize_Load_Url_Task', 0, 'Preload - https://doubleblackstudio.de', '2025-01-29 13:32:13', 0, 'active'),
(284, 1, 'load-url-task', 'WP_Optimize_Load_Url_Task', 0, 'Preload - https://doubleblackstudio.de/', '2025-01-29 13:32:13', 0, 'active'),
(285, 1, 'load-url-task', 'WP_Optimize_Load_Url_Task', 0, 'Preload - https://doubleblackstudio.de', '2025-01-29 13:33:16', 0, 'active'),
(286, 1, 'load-url-task', 'WP_Optimize_Load_Url_Task', 0, 'Preload - https://doubleblackstudio.de/iphone-reparatur/', '2025-01-29 13:33:16', 0, 'active'),
(287, 1, 'load-url-task', 'WP_Optimize_Load_Url_Task', 0, 'Preload - https://doubleblackstudio.de', '2025-01-29 13:33:17', 0, 'active'),
(288, 1, 'load-url-task', 'WP_Optimize_Load_Url_Task', 0, 'Preload - https://doubleblackstudio.de/iphone-reparatur/', '2025-01-29 13:33:17', 0, 'active'),
(289, 1, 'load-url-task', 'WP_Optimize_Load_Url_Task', 0, 'Preload - https://doubleblackstudio.de', '2025-01-29 13:33:42', 0, 'active'),
(290, 1, 'load-url-task', 'WP_Optimize_Load_Url_Task', 0, 'Preload - https://doubleblackstudio.de/iphone-reparatur/', '2025-01-29 13:33:42', 0, 'active'),
(291, 1, 'load-url-task', 'WP_Optimize_Load_Url_Task', 0, 'Preload - https://doubleblackstudio.de', '2025-01-29 13:33:55', 0, 'active'),
(292, 1, 'load-url-task', 'WP_Optimize_Load_Url_Task', 0, 'Preload - https://doubleblackstudio.de/', '2025-01-29 13:33:55', 0, 'active'),
(293, 1, 'load-url-task', 'WP_Optimize_Load_Url_Task', 0, 'Preload - https://doubleblackstudio.de', '2025-01-29 13:35:06', 0, 'active'),
(294, 1, 'load-url-task', 'WP_Optimize_Load_Url_Task', 0, 'Preload - https://doubleblackstudio.de/handy-ladekabel/', '2025-01-29 13:35:06', 0, 'active'),
(295, 1, 'load-url-task', 'WP_Optimize_Load_Url_Task', 0, 'Preload - https://doubleblackstudio.de', '2025-01-29 13:35:07', 0, 'active'),
(296, 1, 'load-url-task', 'WP_Optimize_Load_Url_Task', 0, 'Preload - https://doubleblackstudio.de/handy-ladekabel/', '2025-01-29 13:35:07', 0, 'active'),
(297, 1, 'load-url-task', 'WP_Optimize_Load_Url_Task', 0, 'Preload - https://doubleblackstudio.de', '2025-01-29 13:35:29', 0, 'active'),
(298, 1, 'load-url-task', 'WP_Optimize_Load_Url_Task', 0, 'Preload - https://doubleblackstudio.de/handy-ladekabel/', '2025-01-29 13:35:29', 0, 'active'),
(299, 1, 'load-url-task', 'WP_Optimize_Load_Url_Task', 0, 'Preload - https://doubleblackstudio.de', '2025-01-29 13:35:37', 0, 'active'),
(300, 1, 'load-url-task', 'WP_Optimize_Load_Url_Task', 0, 'Preload - https://doubleblackstudio.de/', '2025-01-29 13:35:37', 0, 'active'),
(301, 1, 'load-url-task', 'WP_Optimize_Load_Url_Task', 0, 'Preload - https://doubleblackstudio.de', '2025-01-29 13:36:37', 0, 'active'),
(302, 1, 'load-url-task', 'WP_Optimize_Load_Url_Task', 0, 'Preload - https://doubleblackstudio.de/handyshop-osnabrueck/', '2025-01-29 13:36:37', 0, 'active'),
(303, 1, 'load-url-task', 'WP_Optimize_Load_Url_Task', 0, 'Preload - https://doubleblackstudio.de', '2025-01-29 13:36:38', 0, 'active'),
(304, 1, 'load-url-task', 'WP_Optimize_Load_Url_Task', 0, 'Preload - https://doubleblackstudio.de/handyshop-osnabrueck/', '2025-01-29 13:36:38', 0, 'active'),
(305, 1, 'load-url-task', 'WP_Optimize_Load_Url_Task', 0, 'Preload - https://doubleblackstudio.de', '2025-01-29 13:37:10', 0, 'active'),
(306, 1, 'load-url-task', 'WP_Optimize_Load_Url_Task', 0, 'Preload - https://doubleblackstudio.de/handyshop-osnabrueck/', '2025-01-29 13:37:10', 0, 'active'),
(307, 1, 'load-url-task', 'WP_Optimize_Load_Url_Task', 0, 'Preload - https://doubleblackstudio.de', '2025-01-29 13:37:16', 0, 'active'),
(308, 1, 'load-url-task', 'WP_Optimize_Load_Url_Task', 0, 'Preload - https://doubleblackstudio.de/', '2025-01-29 13:37:16', 0, 'active'),
(309, 1, 'load-url-task', 'WP_Optimize_Load_Url_Task', 0, 'Preload - https://doubleblackstudio.de', '2025-01-29 13:38:36', 0, 'active'),
(310, 1, 'load-url-task', 'WP_Optimize_Load_Url_Task', 0, 'Preload - https://doubleblackstudio.de/handy-ladegeraet/', '2025-01-29 13:38:36', 0, 'active'),
(311, 1, 'load-url-task', 'WP_Optimize_Load_Url_Task', 0, 'Preload - https://doubleblackstudio.de', '2025-01-29 13:38:37', 0, 'active'),
(312, 1, 'load-url-task', 'WP_Optimize_Load_Url_Task', 0, 'Preload - https://doubleblackstudio.de/handy-ladegeraet/', '2025-01-29 13:38:37', 0, 'active'),
(313, 1, 'load-url-task', 'WP_Optimize_Load_Url_Task', 0, 'Preload - https://doubleblackstudio.de', '2025-01-29 13:39:01', 0, 'active'),
(314, 1, 'load-url-task', 'WP_Optimize_Load_Url_Task', 0, 'Preload - https://doubleblackstudio.de/handy-ladegeraet/', '2025-01-29 13:39:01', 0, 'active'),
(315, 1, 'load-url-task', 'WP_Optimize_Load_Url_Task', 0, 'Preload - https://doubleblackstudio.de', '2025-01-29 13:39:10', 0, 'active'),
(316, 1, 'load-url-task', 'WP_Optimize_Load_Url_Task', 0, 'Preload - https://doubleblackstudio.de/', '2025-01-29 13:39:10', 0, 'active'),
(317, 1, 'load-url-task', 'WP_Optimize_Load_Url_Task', 0, 'Preload - https://doubleblackstudio.de', '2025-01-29 13:41:02', 0, 'active'),
(318, 1, 'load-url-task', 'WP_Optimize_Load_Url_Task', 0, 'Preload - https://doubleblackstudio.de/schutzfolie-fuer-handy/', '2025-01-29 13:41:02', 0, 'active'),
(319, 1, 'load-url-task', 'WP_Optimize_Load_Url_Task', 0, 'Preload - https://doubleblackstudio.de', '2025-01-29 13:41:03', 0, 'active'),
(320, 1, 'load-url-task', 'WP_Optimize_Load_Url_Task', 0, 'Preload - https://doubleblackstudio.de/schutzfolie-fuer-handy/', '2025-01-29 13:41:03', 0, 'active'),
(321, 1, 'load-url-task', 'WP_Optimize_Load_Url_Task', 0, 'Preload - https://doubleblackstudio.de', '2025-01-29 13:41:44', 0, 'active'),
(322, 1, 'load-url-task', 'WP_Optimize_Load_Url_Task', 0, 'Preload - https://doubleblackstudio.de/schutzfolie-fuer-handy/', '2025-01-29 13:41:44', 0, 'active'),
(323, 1, 'load-url-task', 'WP_Optimize_Load_Url_Task', 0, 'Preload - https://doubleblackstudio.de', '2025-01-29 13:46:59', 0, 'active'),
(324, 1, 'load-url-task', 'WP_Optimize_Load_Url_Task', 0, 'Preload - https://doubleblackstudio.de/', '2025-01-29 13:46:59', 0, 'active'),
(325, 1, 'load-url-task', 'WP_Optimize_Load_Url_Task', 0, 'Preload - https://doubleblackstudio.de', '2025-01-29 15:42:16', 0, 'active'),
(326, 1, 'load-url-task', 'WP_Optimize_Load_Url_Task', 0, 'Preload - https://doubleblackstudio.de/', '2025-01-29 15:42:16', 0, 'active'),
(327, 1, 'load-url-task', 'WP_Optimize_Load_Url_Task', 0, 'Preload - https://doubleblackstudio.de/2025/', '2025-01-29 15:42:16', 0, 'active'),
(328, 1, 'load-url-task', 'WP_Optimize_Load_Url_Task', 0, 'Preload - https://doubleblackstudio.de/2025/01/', '2025-01-29 15:42:16', 0, 'active'),
(329, 1, 'load-url-task', 'WP_Optimize_Load_Url_Task', 0, 'Preload - https://doubleblackstudio.de/2025/01/29/', '2025-01-29 15:42:16', 0, 'active'),
(330, 1, 'load-url-task', 'WP_Optimize_Load_Url_Task', 0, 'Preload - https://doubleblackstudio.de', '2025-01-30 08:35:57', 0, 'active'),
(331, 1, 'load-url-task', 'WP_Optimize_Load_Url_Task', 0, 'Preload - https://doubleblackstudio.de/', '2025-01-30 08:35:57', 0, 'active'),
(332, 1, 'load-url-task', 'WP_Optimize_Load_Url_Task', 0, 'Preload - https://doubleblackstudio.de', '2025-01-30 08:49:21', 0, 'active'),
(333, 1, 'load-url-task', 'WP_Optimize_Load_Url_Task', 0, 'Preload - https://doubleblackstudio.de/handy-ladegeraet/', '2025-01-30 08:49:21', 0, 'active'),
(334, 1, 'load-url-task', 'WP_Optimize_Load_Url_Task', 0, 'Preload - https://doubleblackstudio.de/', '2025-01-30 08:49:21', 0, 'active'),
(335, 1, 'load-url-task', 'WP_Optimize_Load_Url_Task', 0, 'Preload - https://doubleblackstudio.de/handy-ladekabel/', '2025-01-30 08:49:21', 0, 'active'),
(336, 1, 'load-url-task', 'WP_Optimize_Load_Url_Task', 0, 'Preload - https://doubleblackstudio.de/handy-reparatur-osnabrueck/', '2025-01-30 08:49:21', 0, 'active'),
(337, 1, 'load-url-task', 'WP_Optimize_Load_Url_Task', 0, 'Preload - https://doubleblackstudio.de/handyhalterung-fuers-auto/', '2025-01-30 08:49:21', 0, 'active'),
(338, 1, 'load-url-task', 'WP_Optimize_Load_Url_Task', 0, 'Preload - https://doubleblackstudio.de/handyhuellen-kaufen/', '2025-01-30 08:49:21', 0, 'active'),
(339, 1, 'load-url-task', 'WP_Optimize_Load_Url_Task', 0, 'Preload - https://doubleblackstudio.de/handyshop-osnabrueck/', '2025-01-30 08:49:21', 0, 'active'),
(340, 1, 'load-url-task', 'WP_Optimize_Load_Url_Task', 0, 'Preload - https://doubleblackstudio.de/iphone-reparatur/', '2025-01-30 08:49:21', 0, 'active'),
(341, 1, 'load-url-task', 'WP_Optimize_Load_Url_Task', 0, 'Preload - https://doubleblackstudio.de/schutzfolie-fuer-handy/', '2025-01-30 08:49:21', 0, 'active'),
(342, 1, 'load-url-task', 'WP_Optimize_Load_Url_Task', 0, 'Preload - https://doubleblackstudio.de/smartphone-reparatur/', '2025-01-30 08:49:21', 0, 'active'),
(343, 1, 'load-url-task', 'WP_Optimize_Load_Url_Task', 0, 'Preload - https://doubleblackstudio.de', '2025-01-30 08:57:18', 0, 'active'),
(344, 1, 'load-url-task', 'WP_Optimize_Load_Url_Task', 0, 'Preload - https://doubleblackstudio.de/', '2025-01-30 08:57:18', 0, 'active'),
(345, 1, 'load-url-task', 'WP_Optimize_Load_Url_Task', 0, 'Preload - https://doubleblackstudio.de', '2025-01-30 08:57:20', 0, 'active'),
(346, 1, 'load-url-task', 'WP_Optimize_Load_Url_Task', 0, 'Preload - https://doubleblackstudio.de/', '2025-01-30 08:57:20', 0, 'active'),
(347, 1, 'load-url-task', 'WP_Optimize_Load_Url_Task', 0, 'Preload - https://doubleblackstudio.de', '2025-01-30 08:57:32', 0, 'active'),
(348, 1, 'load-url-task', 'WP_Optimize_Load_Url_Task', 0, 'Preload - https://doubleblackstudio.de/', '2025-01-30 08:57:32', 0, 'active'),
(349, 1, 'load-url-task', 'WP_Optimize_Load_Url_Task', 0, 'Preload - https://doubleblackstudio.de', '2025-01-30 08:57:33', 0, 'active'),
(350, 1, 'load-url-task', 'WP_Optimize_Load_Url_Task', 0, 'Preload - https://doubleblackstudio.de/', '2025-01-30 08:57:33', 0, 'active'),
(351, 1, 'load-url-task', 'WP_Optimize_Load_Url_Task', 0, 'Preload - https://doubleblackstudio.de', '2025-01-30 09:19:20', 0, 'active'),
(352, 1, 'load-url-task', 'WP_Optimize_Load_Url_Task', 0, 'Preload - https://doubleblackstudio.de/', '2025-01-30 09:19:20', 0, 'active');
INSERT INTO `uV6mXZATtm_tasks` (`id`, `user_id`, `type`, `class_identifier`, `attempts`, `description`, `time_created`, `last_locked_at`, `status`) VALUES
(353, 1, 'load-url-task', 'WP_Optimize_Load_Url_Task', 0, 'Preload - https://doubleblackstudio.de', '2025-01-30 09:22:02', 0, 'active'),
(354, 1, 'load-url-task', 'WP_Optimize_Load_Url_Task', 0, 'Preload - https://doubleblackstudio.de/elementor-hf/546/', '2025-01-30 09:22:02', 0, 'active'),
(355, 1, 'load-url-task', 'WP_Optimize_Load_Url_Task', 0, 'Preload - https://doubleblackstudio.de', '2025-01-30 13:33:41', 0, 'active'),
(356, 1, 'load-url-task', 'WP_Optimize_Load_Url_Task', 0, 'Preload - https://doubleblackstudio.de/', '2025-01-30 13:33:41', 0, 'active'),
(357, 1, 'load-url-task', 'WP_Optimize_Load_Url_Task', 0, 'Preload - https://doubleblackstudio.de', '2025-01-30 13:35:11', 0, 'active'),
(358, 1, 'load-url-task', 'WP_Optimize_Load_Url_Task', 0, 'Preload - https://doubleblackstudio.de/elementor-hf/546/', '2025-01-30 13:35:11', 0, 'active'),
(359, 1, 'load-url-task', 'WP_Optimize_Load_Url_Task', 0, 'Preload - https://doubleblackstudio.de', '2025-01-30 13:36:12', 0, 'active'),
(360, 1, 'load-url-task', 'WP_Optimize_Load_Url_Task', 0, 'Preload - https://doubleblackstudio.de/elementor-hf/546/', '2025-01-30 13:36:12', 0, 'active'),
(361, 1, 'load-url-task', 'WP_Optimize_Load_Url_Task', 0, 'Preload - https://doubleblackstudio.de', '2025-01-30 13:36:49', 0, 'active'),
(362, 1, 'load-url-task', 'WP_Optimize_Load_Url_Task', 0, 'Preload - https://doubleblackstudio.de/elementor-hf/546/', '2025-01-30 13:36:49', 0, 'active'),
(363, 1, 'load-url-task', 'WP_Optimize_Load_Url_Task', 0, 'Preload - https://doubleblackstudio.de', '2025-01-30 13:46:14', 0, 'active'),
(364, 1, 'load-url-task', 'WP_Optimize_Load_Url_Task', 0, 'Preload - https://doubleblackstudio.de/', '2025-01-30 13:46:14', 0, 'active'),
(365, 1, 'load-url-task', 'WP_Optimize_Load_Url_Task', 0, 'Preload - https://doubleblackstudio.de', '2025-01-30 14:00:45', 0, 'active'),
(366, 1, 'load-url-task', 'WP_Optimize_Load_Url_Task', 0, 'Preload - https://doubleblackstudio.de/', '2025-01-30 14:00:45', 0, 'active'),
(367, 1, 'load-url-task', 'WP_Optimize_Load_Url_Task', 0, 'Preload - https://doubleblackstudio.de', '2025-01-30 14:02:09', 0, 'active'),
(368, 1, 'load-url-task', 'WP_Optimize_Load_Url_Task', 0, 'Preload - https://doubleblackstudio.de/', '2025-01-30 14:02:09', 0, 'active'),
(369, 1, 'load-url-task', 'WP_Optimize_Load_Url_Task', 0, 'Preload - https://doubleblackstudio.de', '2025-01-30 14:16:57', 0, 'active'),
(370, 1, 'load-url-task', 'WP_Optimize_Load_Url_Task', 0, 'Preload - https://doubleblackstudio.de/', '2025-01-30 14:16:57', 0, 'active'),
(371, 1, 'load-url-task', 'WP_Optimize_Load_Url_Task', 0, 'Preload - https://doubleblackstudio.de', '2025-01-30 15:11:38', 0, 'active'),
(372, 1, 'load-url-task', 'WP_Optimize_Load_Url_Task', 0, 'Preload - https://doubleblackstudio.de/', '2025-01-30 15:11:38', 0, 'active'),
(373, 1, 'load-url-task', 'WP_Optimize_Load_Url_Task', 0, 'Preload - https://doubleblackstudio.de', '2025-01-30 15:41:39', 0, 'active'),
(374, 1, 'load-url-task', 'WP_Optimize_Load_Url_Task', 0, 'Preload - https://doubleblackstudio.de/', '2025-01-30 15:41:39', 0, 'active'),
(375, 1, 'load-url-task', 'WP_Optimize_Load_Url_Task', 0, 'Preload - https://doubleblackstudio.de', '2025-01-30 15:44:39', 0, 'active'),
(376, 1, 'load-url-task', 'WP_Optimize_Load_Url_Task', 0, 'Preload - https://doubleblackstudio.de/', '2025-01-30 15:44:39', 0, 'active'),
(377, 1, 'load-url-task', 'WP_Optimize_Load_Url_Task', 0, 'Preload - https://doubleblackstudio.de', '2025-01-30 15:44:55', 0, 'active'),
(378, 1, 'load-url-task', 'WP_Optimize_Load_Url_Task', 0, 'Preload - https://doubleblackstudio.de/', '2025-01-30 15:44:55', 0, 'active'),
(379, 1, 'load-url-task', 'WP_Optimize_Load_Url_Task', 0, 'Preload - https://doubleblackstudio.de', '2025-01-30 15:51:16', 0, 'active'),
(380, 1, 'load-url-task', 'WP_Optimize_Load_Url_Task', 0, 'Preload - https://doubleblackstudio.de/', '2025-01-30 15:51:16', 0, 'active'),
(381, 1, 'load-url-task', 'WP_Optimize_Load_Url_Task', 0, 'Preload - https://doubleblackstudio.de', '2025-01-30 15:56:48', 0, 'active'),
(382, 1, 'load-url-task', 'WP_Optimize_Load_Url_Task', 0, 'Preload - https://doubleblackstudio.de/elementor-hf/ftt/', '2025-01-30 15:56:48', 0, 'active'),
(383, 1, 'load-url-task', 'WP_Optimize_Load_Url_Task', 0, 'Preload - https://doubleblackstudio.de', '2025-01-30 16:01:50', 0, 'active'),
(384, 1, 'load-url-task', 'WP_Optimize_Load_Url_Task', 0, 'Preload - https://doubleblackstudio.de/', '2025-01-30 16:01:50', 0, 'active'),
(385, 1, 'load-url-task', 'WP_Optimize_Load_Url_Task', 0, 'Preload - https://doubleblackstudio.de', '2025-01-30 16:04:20', 0, 'active'),
(386, 1, 'load-url-task', 'WP_Optimize_Load_Url_Task', 0, 'Preload - https://doubleblackstudio.de/metform-form/anfrage/', '2025-01-30 16:04:20', 0, 'active'),
(387, 1, 'load-url-task', 'WP_Optimize_Load_Url_Task', 0, 'Preload - https://doubleblackstudio.de', '2025-01-30 16:04:32', 0, 'active'),
(388, 1, 'load-url-task', 'WP_Optimize_Load_Url_Task', 0, 'Preload - https://doubleblackstudio.de/elementor-hf/ftt/', '2025-01-30 16:04:32', 0, 'active'),
(389, 1, 'load-url-task', 'WP_Optimize_Load_Url_Task', 0, 'Preload - https://doubleblackstudio.de', '2025-01-31 08:23:24', 0, 'active'),
(390, 1, 'load-url-task', 'WP_Optimize_Load_Url_Task', 0, 'Preload - https://doubleblackstudio.de/', '2025-01-31 08:23:24', 0, 'active'),
(391, 1, 'load-url-task', 'WP_Optimize_Load_Url_Task', 0, 'Preload - https://doubleblackstudio.de', '2025-01-31 08:26:06', 0, 'active'),
(392, 1, 'load-url-task', 'WP_Optimize_Load_Url_Task', 0, 'Preload - https://doubleblackstudio.de/elementor-hf/ftt/', '2025-01-31 08:26:06', 0, 'active'),
(393, 1, 'load-url-task', 'WP_Optimize_Load_Url_Task', 0, 'Preload - https://doubleblackstudio.de', '2025-01-31 08:32:38', 0, 'active'),
(394, 1, 'load-url-task', 'WP_Optimize_Load_Url_Task', 0, 'Preload - https://doubleblackstudio.de/impressum/', '2025-01-31 08:32:38', 0, 'active'),
(395, 1, 'load-url-task', 'WP_Optimize_Load_Url_Task', 0, 'Preload - https://doubleblackstudio.de', '2025-01-31 08:39:09', 0, 'active'),
(396, 1, 'load-url-task', 'WP_Optimize_Load_Url_Task', 0, 'Preload - https://doubleblackstudio.de/individuelle-tattoo-beratung-design/', '2025-01-31 08:39:09', 0, 'active'),
(397, 1, 'load-url-task', 'WP_Optimize_Load_Url_Task', 0, 'Preload - https://doubleblackstudio.de', '2025-01-31 08:39:10', 0, 'active'),
(398, 1, 'load-url-task', 'WP_Optimize_Load_Url_Task', 0, 'Preload - https://doubleblackstudio.de/individuelle-tattoo-beratung-design/', '2025-01-31 08:39:10', 0, 'active'),
(399, 1, 'load-url-task', 'WP_Optimize_Load_Url_Task', 0, 'Preload - https://doubleblackstudio.de', '2025-01-31 08:40:02', 0, 'active'),
(400, 1, 'load-url-task', 'WP_Optimize_Load_Url_Task', 0, 'Preload - https://doubleblackstudio.de/individuelle-tattoo-beratung-design/', '2025-01-31 08:40:02', 0, 'active'),
(401, 1, 'load-url-task', 'WP_Optimize_Load_Url_Task', 0, 'Preload - https://doubleblackstudio.de', '2025-01-31 08:40:03', 0, 'active'),
(402, 1, 'load-url-task', 'WP_Optimize_Load_Url_Task', 0, 'Preload - https://doubleblackstudio.de/individuelle-tattoo-beratung-design/', '2025-01-31 08:40:03', 0, 'active'),
(403, 1, 'load-url-task', 'WP_Optimize_Load_Url_Task', 0, 'Preload - https://doubleblackstudio.de', '2025-01-31 08:55:10', 0, 'active'),
(404, 1, 'load-url-task', 'WP_Optimize_Load_Url_Task', 0, 'Preload - https://doubleblackstudio.de/individuelle-tattoo-beratung-design/', '2025-01-31 08:55:10', 0, 'active'),
(405, 1, 'load-url-task', 'WP_Optimize_Load_Url_Task', 0, 'Preload - https://doubleblackstudio.de', '2025-01-31 08:57:23', 0, 'active'),
(406, 1, 'load-url-task', 'WP_Optimize_Load_Url_Task', 0, 'Preload - https://doubleblackstudio.de/individuelle-tattoo-beratung-design/', '2025-01-31 08:57:23', 0, 'active'),
(407, 1, 'load-url-task', 'WP_Optimize_Load_Url_Task', 0, 'Preload - https://doubleblackstudio.de', '2025-01-31 08:57:51', 0, 'active'),
(408, 1, 'load-url-task', 'WP_Optimize_Load_Url_Task', 0, 'Preload - https://doubleblackstudio.de/', '2025-01-31 08:57:51', 0, 'active'),
(409, 1, 'load-url-task', 'WP_Optimize_Load_Url_Task', 0, 'Preload - https://doubleblackstudio.de', '2025-01-31 08:58:55', 0, 'active'),
(410, 1, 'load-url-task', 'WP_Optimize_Load_Url_Task', 0, 'Preload - https://doubleblackstudio.de/black-grey-tattoos/', '2025-01-31 08:58:55', 0, 'active'),
(411, 1, 'load-url-task', 'WP_Optimize_Load_Url_Task', 0, 'Preload - https://doubleblackstudio.de', '2025-01-31 08:58:56', 0, 'active'),
(412, 1, 'load-url-task', 'WP_Optimize_Load_Url_Task', 0, 'Preload - https://doubleblackstudio.de/black-grey-tattoos/', '2025-01-31 08:58:56', 0, 'active'),
(413, 1, 'load-url-task', 'WP_Optimize_Load_Url_Task', 0, 'Preload - https://doubleblackstudio.de', '2025-01-31 08:59:40', 0, 'active'),
(414, 1, 'load-url-task', 'WP_Optimize_Load_Url_Task', 0, 'Preload - https://doubleblackstudio.de/black-grey-tattoos/', '2025-01-31 08:59:40', 0, 'active'),
(415, 1, 'load-url-task', 'WP_Optimize_Load_Url_Task', 0, 'Preload - https://doubleblackstudio.de', '2025-01-31 08:59:56', 0, 'active'),
(416, 1, 'load-url-task', 'WP_Optimize_Load_Url_Task', 0, 'Preload - https://doubleblackstudio.de/', '2025-01-31 08:59:56', 0, 'active'),
(417, 1, 'load-url-task', 'WP_Optimize_Load_Url_Task', 0, 'Preload - https://doubleblackstudio.de', '2025-01-31 09:01:39', 0, 'active'),
(418, 1, 'load-url-task', 'WP_Optimize_Load_Url_Task', 0, 'Preload - https://doubleblackstudio.de/fineline-minimalistische-tattoos/', '2025-01-31 09:01:39', 0, 'active'),
(419, 1, 'load-url-task', 'WP_Optimize_Load_Url_Task', 0, 'Preload - https://doubleblackstudio.de', '2025-01-31 09:01:40', 0, 'active'),
(420, 1, 'load-url-task', 'WP_Optimize_Load_Url_Task', 0, 'Preload - https://doubleblackstudio.de/fineline-minimalistische-tattoos/', '2025-01-31 09:01:40', 0, 'active'),
(421, 1, 'load-url-task', 'WP_Optimize_Load_Url_Task', 0, 'Preload - https://doubleblackstudio.de', '2025-01-31 09:03:43', 0, 'active'),
(422, 1, 'load-url-task', 'WP_Optimize_Load_Url_Task', 0, 'Preload - https://doubleblackstudio.de/fineline-minimalistische-tattoos/', '2025-01-31 09:03:43', 0, 'active'),
(423, 1, 'load-url-task', 'WP_Optimize_Load_Url_Task', 0, 'Preload - https://doubleblackstudio.de', '2025-01-31 09:04:12', 0, 'active'),
(424, 1, 'load-url-task', 'WP_Optimize_Load_Url_Task', 0, 'Preload - https://doubleblackstudio.de/fineline-minimalistische-tattoos/', '2025-01-31 09:04:12', 0, 'active'),
(425, 1, 'load-url-task', 'WP_Optimize_Load_Url_Task', 0, 'Preload - https://doubleblackstudio.de', '2025-01-31 09:04:24', 0, 'active'),
(426, 1, 'load-url-task', 'WP_Optimize_Load_Url_Task', 0, 'Preload - https://doubleblackstudio.de/', '2025-01-31 09:04:24', 0, 'active'),
(427, 1, 'load-url-task', 'WP_Optimize_Load_Url_Task', 0, 'Preload - https://doubleblackstudio.de', '2025-01-31 09:05:44', 0, 'active'),
(428, 1, 'load-url-task', 'WP_Optimize_Load_Url_Task', 0, 'Preload - https://doubleblackstudio.de/cover-ups-tattoo-ueberarbeitung/', '2025-01-31 09:05:44', 0, 'active'),
(429, 1, 'load-url-task', 'WP_Optimize_Load_Url_Task', 0, 'Preload - https://doubleblackstudio.de', '2025-01-31 09:05:45', 0, 'active'),
(430, 1, 'load-url-task', 'WP_Optimize_Load_Url_Task', 0, 'Preload - https://doubleblackstudio.de/cover-ups-tattoo-ueberarbeitung/', '2025-01-31 09:05:45', 0, 'active'),
(431, 1, 'load-url-task', 'WP_Optimize_Load_Url_Task', 0, 'Preload - https://doubleblackstudio.de', '2025-01-31 09:06:18', 0, 'active'),
(432, 1, 'load-url-task', 'WP_Optimize_Load_Url_Task', 0, 'Preload - https://doubleblackstudio.de/cover-ups-tattoo-ueberarbeitung/', '2025-01-31 09:06:18', 0, 'active'),
(433, 1, 'load-url-task', 'WP_Optimize_Load_Url_Task', 0, 'Preload - https://doubleblackstudio.de', '2025-01-31 09:11:23', 0, 'active'),
(434, 1, 'load-url-task', 'WP_Optimize_Load_Url_Task', 0, 'Preload - https://doubleblackstudio.de/', '2025-01-31 09:11:23', 0, 'active'),
(435, 1, 'load-url-task', 'WP_Optimize_Load_Url_Task', 0, 'Preload - https://doubleblackstudio.de', '2025-01-31 09:14:23', 0, 'active'),
(436, 1, 'load-url-task', 'WP_Optimize_Load_Url_Task', 0, 'Preload - https://doubleblackstudio.de/', '2025-01-31 09:14:23', 0, 'active'),
(437, 1, 'load-url-task', 'WP_Optimize_Load_Url_Task', 0, 'Preload - https://doubleblackstudio.de', '2025-01-31 09:17:35', 0, 'active'),
(438, 1, 'load-url-task', 'WP_Optimize_Load_Url_Task', 0, 'Preload - https://doubleblackstudio.de/datenschutz/', '2025-01-31 09:17:35', 0, 'active'),
(439, 1, 'load-url-task', 'WP_Optimize_Load_Url_Task', 0, 'Preload - https://doubleblackstudio.de', '2025-01-31 09:18:06', 0, 'active'),
(440, 1, 'load-url-task', 'WP_Optimize_Load_Url_Task', 0, 'Preload - https://doubleblackstudio.de/cookie-richtlinie-eu/', '2025-01-31 09:18:06', 0, 'active'),
(441, 1, 'load-url-task', 'WP_Optimize_Load_Url_Task', 0, 'Preload - https://doubleblackstudio.de', '2025-02-05 08:58:55', 0, 'active'),
(442, 1, 'load-url-task', 'WP_Optimize_Load_Url_Task', 0, 'Preload - https://doubleblackstudio.de/', '2025-02-05 08:58:55', 0, 'active'),
(443, 1, 'load-url-task', 'WP_Optimize_Load_Url_Task', 0, 'Preload - https://doubleblackstudio.de', '2025-02-05 09:04:04', 0, 'active'),
(444, 1, 'load-url-task', 'WP_Optimize_Load_Url_Task', 0, 'Preload - https://doubleblackstudio.de/cover-ups-tattoo-ueberarbeitung/', '2025-02-05 09:04:04', 0, 'active'),
(445, 1, 'load-url-task', 'WP_Optimize_Load_Url_Task', 0, 'Preload - https://doubleblackstudio.de/', '2025-02-05 09:04:04', 0, 'active'),
(446, 1, 'load-url-task', 'WP_Optimize_Load_Url_Task', 0, 'Preload - https://doubleblackstudio.de/fineline-minimalistische-tattoos/', '2025-02-05 09:04:04', 0, 'active'),
(447, 1, 'load-url-task', 'WP_Optimize_Load_Url_Task', 0, 'Preload - https://doubleblackstudio.de/individuelle-tattoo-beratung-design/', '2025-02-05 09:04:04', 0, 'active'),
(448, 1, 'load-url-task', 'WP_Optimize_Load_Url_Task', 0, 'Preload - https://doubleblackstudio.de', '2025-02-05 09:10:39', 0, 'active'),
(449, 1, 'load-url-task', 'WP_Optimize_Load_Url_Task', 0, 'Preload - https://doubleblackstudio.de/', '2025-02-05 09:10:39', 0, 'active'),
(450, 1, 'load-url-task', 'WP_Optimize_Load_Url_Task', 0, 'Preload - https://doubleblackstudio.de', '2025-02-05 09:10:40', 0, 'active'),
(451, 1, 'load-url-task', 'WP_Optimize_Load_Url_Task', 0, 'Preload - https://doubleblackstudio.de/', '2025-02-05 09:10:40', 0, 'active'),
(452, 1, 'load-url-task', 'WP_Optimize_Load_Url_Task', 0, 'Preload - https://doubleblackstudio.de', '2025-02-05 09:12:52', 0, 'active'),
(453, 1, 'load-url-task', 'WP_Optimize_Load_Url_Task', 0, 'Preload - https://doubleblackstudio.de/', '2025-02-05 09:12:52', 0, 'active'),
(454, 1, 'load-url-task', 'WP_Optimize_Load_Url_Task', 0, 'Preload - https://doubleblackstudio.de', '2025-02-05 09:13:43', 0, 'active'),
(455, 1, 'load-url-task', 'WP_Optimize_Load_Url_Task', 0, 'Preload - https://doubleblackstudio.de/', '2025-02-05 09:13:43', 0, 'active'),
(456, 1, 'load-url-task', 'WP_Optimize_Load_Url_Task', 0, 'Preload - https://doubleblackstudio.de', '2025-02-05 09:16:26', 0, 'active'),
(457, 1, 'load-url-task', 'WP_Optimize_Load_Url_Task', 0, 'Preload - https://doubleblackstudio.de/elementor-hf/546/', '2025-02-05 09:16:26', 0, 'active'),
(458, 1, 'load-url-task', 'WP_Optimize_Load_Url_Task', 0, 'Preload - https://doubleblackstudio.de', '2025-02-05 09:50:53', 0, 'active'),
(459, 1, 'load-url-task', 'WP_Optimize_Load_Url_Task', 0, 'Preload - https://doubleblackstudio.de/', '2025-02-05 09:50:53', 0, 'active'),
(460, 1, 'load-url-task', 'WP_Optimize_Load_Url_Task', 0, 'Preload - https://doubleblackstudio.de', '2025-02-05 09:51:20', 0, 'active'),
(461, 1, 'load-url-task', 'WP_Optimize_Load_Url_Task', 0, 'Preload - https://doubleblackstudio.de/', '2025-02-05 09:51:20', 0, 'active'),
(462, 1, 'load-url-task', 'WP_Optimize_Load_Url_Task', 0, 'Preload - https://doubleblackstudio.de', '2025-02-05 09:52:09', 0, 'active'),
(463, 1, 'load-url-task', 'WP_Optimize_Load_Url_Task', 0, 'Preload - https://doubleblackstudio.de/', '2025-02-05 09:52:09', 0, 'active'),
(464, 1, 'load-url-task', 'WP_Optimize_Load_Url_Task', 0, 'Preload - https://doubleblackstudio.de', '2025-02-05 09:52:49', 0, 'active'),
(465, 1, 'load-url-task', 'WP_Optimize_Load_Url_Task', 0, 'Preload - https://doubleblackstudio.de/', '2025-02-05 09:52:49', 0, 'active'),
(466, 1, 'load-url-task', 'WP_Optimize_Load_Url_Task', 0, 'Preload - https://doubleblackstudio.de', '2025-02-05 10:01:18', 0, 'active'),
(467, 1, 'load-url-task', 'WP_Optimize_Load_Url_Task', 0, 'Preload - https://doubleblackstudio.de/', '2025-02-05 10:01:18', 0, 'active'),
(468, 1, 'load-url-task', 'WP_Optimize_Load_Url_Task', 0, 'Preload - https://doubleblackstudio.de', '2025-02-05 10:46:49', 0, 'active'),
(469, 1, 'load-url-task', 'WP_Optimize_Load_Url_Task', 0, 'Preload - https://doubleblackstudio.de/', '2025-02-05 10:46:49', 0, 'active'),
(470, 1, 'load-url-task', 'WP_Optimize_Load_Url_Task', 0, 'Preload - https://doubleblackstudio.de', '2025-02-05 11:08:47', 0, 'active'),
(471, 1, 'load-url-task', 'WP_Optimize_Load_Url_Task', 0, 'Preload - https://doubleblackstudio.de/', '2025-02-05 11:08:47', 0, 'active'),
(472, 1, 'load-url-task', 'WP_Optimize_Load_Url_Task', 0, 'Preload - https://doubleblackstudio.de', '2025-02-05 12:00:35', 0, 'active'),
(473, 1, 'load-url-task', 'WP_Optimize_Load_Url_Task', 0, 'Preload - https://doubleblackstudio.de/', '2025-02-05 12:00:35', 0, 'active'),
(474, 1, 'load-url-task', 'WP_Optimize_Load_Url_Task', 0, 'Preload - https://doubleblackstudio.de', '2025-02-05 12:43:50', 0, 'active'),
(475, 1, 'load-url-task', 'WP_Optimize_Load_Url_Task', 0, 'Preload - https://doubleblackstudio.de/', '2025-02-05 12:43:50', 0, 'active'),
(476, 1, 'load-url-task', 'WP_Optimize_Load_Url_Task', 0, 'Preload - https://doubleblackstudio.de', '2025-02-05 12:58:03', 0, 'active'),
(477, 1, 'load-url-task', 'WP_Optimize_Load_Url_Task', 0, 'Preload - https://doubleblackstudio.de/metform-form/anfrage/', '2025-02-05 12:58:03', 0, 'active'),
(478, 1, 'load-url-task', 'WP_Optimize_Load_Url_Task', 0, 'Preload - https://doubleblackstudio.de', '2025-02-05 12:58:37', 0, 'active'),
(479, 1, 'load-url-task', 'WP_Optimize_Load_Url_Task', 0, 'Preload - https://doubleblackstudio.de/elementor-hf/ftt/', '2025-02-05 12:58:37', 0, 'active'),
(480, 1, 'load-url-task', 'WP_Optimize_Load_Url_Task', 0, 'Preload - https://doubleblackstudio.de', '2025-02-05 13:01:50', 0, 'active'),
(481, 1, 'load-url-task', 'WP_Optimize_Load_Url_Task', 0, 'Preload - https://doubleblackstudio.de/elementor-hf/ftt/', '2025-02-05 13:01:50', 0, 'active'),
(482, 1, 'load-url-task', 'WP_Optimize_Load_Url_Task', 0, 'Preload - https://doubleblackstudio.de', '2025-02-05 13:15:03', 0, 'active'),
(483, 1, 'load-url-task', 'WP_Optimize_Load_Url_Task', 0, 'Preload - https://doubleblackstudio.de/impressum/', '2025-02-05 13:15:03', 0, 'active'),
(484, 1, 'load-url-task', 'WP_Optimize_Load_Url_Task', 0, 'Preload - https://doubleblackstudio.de', '2025-02-05 13:21:20', 0, 'active'),
(485, 1, 'load-url-task', 'WP_Optimize_Load_Url_Task', 0, 'Preload - https://doubleblackstudio.de/immobilienbewertung/', '2025-02-05 13:21:20', 0, 'active'),
(486, 1, 'load-url-task', 'WP_Optimize_Load_Url_Task', 0, 'Preload - https://doubleblackstudio.de', '2025-02-05 13:21:21', 0, 'active'),
(487, 1, 'load-url-task', 'WP_Optimize_Load_Url_Task', 0, 'Preload - https://doubleblackstudio.de/immobilienbewertung/', '2025-02-05 13:21:21', 0, 'active'),
(488, 1, 'load-url-task', 'WP_Optimize_Load_Url_Task', 0, 'Preload - https://doubleblackstudio.de', '2025-02-05 13:28:38', 0, 'active'),
(489, 1, 'load-url-task', 'WP_Optimize_Load_Url_Task', 0, 'Preload - https://doubleblackstudio.de/immobilienbewertung/', '2025-02-05 13:28:38', 0, 'active'),
(490, 1, 'load-url-task', 'WP_Optimize_Load_Url_Task', 0, 'Preload - https://doubleblackstudio.de', '2025-02-05 13:30:04', 0, 'active'),
(491, 1, 'load-url-task', 'WP_Optimize_Load_Url_Task', 0, 'Preload - https://doubleblackstudio.de/immobilienbewertung/', '2025-02-05 13:30:04', 0, 'active'),
(492, 1, 'load-url-task', 'WP_Optimize_Load_Url_Task', 0, 'Preload - https://doubleblackstudio.de', '2025-02-05 13:30:10', 0, 'active'),
(493, 1, 'load-url-task', 'WP_Optimize_Load_Url_Task', 0, 'Preload - https://doubleblackstudio.de/', '2025-02-05 13:30:10', 0, 'active'),
(494, 1, 'load-url-task', 'WP_Optimize_Load_Url_Task', 0, 'Preload - https://doubleblackstudio.de', '2025-02-05 13:31:34', 0, 'active'),
(495, 1, 'load-url-task', 'WP_Optimize_Load_Url_Task', 0, 'Preload - https://doubleblackstudio.de/immobilienmakler/', '2025-02-05 13:31:34', 0, 'active'),
(496, 1, 'load-url-task', 'WP_Optimize_Load_Url_Task', 0, 'Preload - https://doubleblackstudio.de', '2025-02-05 13:31:35', 0, 'active'),
(497, 1, 'load-url-task', 'WP_Optimize_Load_Url_Task', 0, 'Preload - https://doubleblackstudio.de/immobilienmakler/', '2025-02-05 13:31:35', 0, 'active'),
(498, 1, 'load-url-task', 'WP_Optimize_Load_Url_Task', 0, 'Preload - https://doubleblackstudio.de', '2025-02-05 13:32:10', 0, 'active'),
(499, 1, 'load-url-task', 'WP_Optimize_Load_Url_Task', 0, 'Preload - https://doubleblackstudio.de/immobilienmakler/', '2025-02-05 13:32:10', 0, 'active'),
(500, 1, 'load-url-task', 'WP_Optimize_Load_Url_Task', 0, 'Preload - https://doubleblackstudio.de', '2025-02-05 13:33:26', 0, 'active'),
(501, 1, 'load-url-task', 'WP_Optimize_Load_Url_Task', 0, 'Preload - https://doubleblackstudio.de/', '2025-02-05 13:33:26', 0, 'active'),
(502, 1, 'load-url-task', 'WP_Optimize_Load_Url_Task', 0, 'Preload - https://doubleblackstudio.de', '2025-02-05 13:34:33', 0, 'active'),
(503, 1, 'load-url-task', 'WP_Optimize_Load_Url_Task', 0, 'Preload - https://doubleblackstudio.de/haus-bewerten/', '2025-02-05 13:34:33', 0, 'active'),
(504, 1, 'load-url-task', 'WP_Optimize_Load_Url_Task', 0, 'Preload - https://doubleblackstudio.de', '2025-02-05 13:34:34', 0, 'active'),
(505, 1, 'load-url-task', 'WP_Optimize_Load_Url_Task', 0, 'Preload - https://doubleblackstudio.de/haus-bewerten/', '2025-02-05 13:34:34', 0, 'active'),
(506, 1, 'load-url-task', 'WP_Optimize_Load_Url_Task', 0, 'Preload - https://doubleblackstudio.de', '2025-02-05 13:35:10', 0, 'active'),
(507, 1, 'load-url-task', 'WP_Optimize_Load_Url_Task', 0, 'Preload - https://doubleblackstudio.de/haus-bewerten/', '2025-02-05 13:35:10', 0, 'active'),
(508, 1, 'load-url-task', 'WP_Optimize_Load_Url_Task', 0, 'Preload - https://doubleblackstudio.de', '2025-02-05 13:35:36', 0, 'active'),
(509, 1, 'load-url-task', 'WP_Optimize_Load_Url_Task', 0, 'Preload - https://doubleblackstudio.de/', '2025-02-05 13:35:36', 0, 'active'),
(510, 1, 'load-url-task', 'WP_Optimize_Load_Url_Task', 0, 'Preload - https://doubleblackstudio.de', '2025-02-05 13:36:35', 0, 'active'),
(511, 1, 'load-url-task', 'WP_Optimize_Load_Url_Task', 0, 'Preload - https://doubleblackstudio.de/wohnung-bewerten/', '2025-02-05 13:36:35', 0, 'active'),
(512, 1, 'load-url-task', 'WP_Optimize_Load_Url_Task', 0, 'Preload - https://doubleblackstudio.de', '2025-02-05 13:36:36', 0, 'active'),
(513, 1, 'load-url-task', 'WP_Optimize_Load_Url_Task', 0, 'Preload - https://doubleblackstudio.de/wohnung-bewerten/', '2025-02-05 13:36:36', 0, 'active'),
(514, 1, 'load-url-task', 'WP_Optimize_Load_Url_Task', 0, 'Preload - https://doubleblackstudio.de', '2025-02-05 13:36:59', 0, 'active'),
(515, 1, 'load-url-task', 'WP_Optimize_Load_Url_Task', 0, 'Preload - https://doubleblackstudio.de/wohnung-bewerten/', '2025-02-05 13:36:59', 0, 'active'),
(516, 1, 'load-url-task', 'WP_Optimize_Load_Url_Task', 0, 'Preload - https://doubleblackstudio.de', '2025-02-05 13:37:09', 0, 'active'),
(517, 1, 'load-url-task', 'WP_Optimize_Load_Url_Task', 0, 'Preload - https://doubleblackstudio.de/', '2025-02-05 13:37:09', 0, 'active'),
(518, 1, 'load-url-task', 'WP_Optimize_Load_Url_Task', 0, 'Preload - https://doubleblackstudio.de', '2025-02-05 13:38:14', 0, 'active'),
(519, 1, 'load-url-task', 'WP_Optimize_Load_Url_Task', 0, 'Preload - https://doubleblackstudio.de/haus-verkaufen/', '2025-02-05 13:38:14', 0, 'active'),
(520, 1, 'load-url-task', 'WP_Optimize_Load_Url_Task', 0, 'Preload - https://doubleblackstudio.de', '2025-02-05 13:38:15', 0, 'active'),
(521, 1, 'load-url-task', 'WP_Optimize_Load_Url_Task', 0, 'Preload - https://doubleblackstudio.de/haus-verkaufen/', '2025-02-05 13:38:15', 0, 'active'),
(522, 1, 'load-url-task', 'WP_Optimize_Load_Url_Task', 0, 'Preload - https://doubleblackstudio.de', '2025-02-05 13:38:41', 0, 'active'),
(523, 1, 'load-url-task', 'WP_Optimize_Load_Url_Task', 0, 'Preload - https://doubleblackstudio.de/haus-verkaufen/', '2025-02-05 13:38:41', 0, 'active'),
(524, 1, 'load-url-task', 'WP_Optimize_Load_Url_Task', 0, 'Preload - https://doubleblackstudio.de', '2025-02-05 13:38:51', 0, 'active'),
(525, 1, 'load-url-task', 'WP_Optimize_Load_Url_Task', 0, 'Preload - https://doubleblackstudio.de/', '2025-02-05 13:38:51', 0, 'active'),
(526, 1, 'load-url-task', 'WP_Optimize_Load_Url_Task', 0, 'Preload - https://doubleblackstudio.de', '2025-02-05 13:39:48', 0, 'active'),
(527, 1, 'load-url-task', 'WP_Optimize_Load_Url_Task', 0, 'Preload - https://doubleblackstudio.de/wohnung-verkaufen-berlin/', '2025-02-05 13:39:48', 0, 'active'),
(528, 1, 'load-url-task', 'WP_Optimize_Load_Url_Task', 0, 'Preload - https://doubleblackstudio.de', '2025-02-05 13:39:49', 0, 'active'),
(529, 1, 'load-url-task', 'WP_Optimize_Load_Url_Task', 0, 'Preload - https://doubleblackstudio.de/wohnung-verkaufen-berlin/', '2025-02-05 13:39:49', 0, 'active'),
(530, 1, 'load-url-task', 'WP_Optimize_Load_Url_Task', 0, 'Preload - https://doubleblackstudio.de', '2025-02-05 13:40:22', 0, 'active'),
(531, 1, 'load-url-task', 'WP_Optimize_Load_Url_Task', 0, 'Preload - https://doubleblackstudio.de/wohnung-verkaufen-berlin/', '2025-02-05 13:40:22', 0, 'active'),
(532, 1, 'load-url-task', 'WP_Optimize_Load_Url_Task', 0, 'Preload - https://doubleblackstudio.de', '2025-02-05 13:40:41', 0, 'active'),
(533, 1, 'load-url-task', 'WP_Optimize_Load_Url_Task', 0, 'Preload - https://doubleblackstudio.de/', '2025-02-05 13:40:41', 0, 'active'),
(534, 1, 'load-url-task', 'WP_Optimize_Load_Url_Task', 0, 'Preload - https://doubleblackstudio.de', '2025-02-05 13:42:07', 0, 'active'),
(535, 1, 'load-url-task', 'WP_Optimize_Load_Url_Task', 0, 'Preload - https://doubleblackstudio.de/wohnung-verkaufen-brandenburg/', '2025-02-05 13:42:07', 0, 'active'),
(536, 1, 'load-url-task', 'WP_Optimize_Load_Url_Task', 0, 'Preload - https://doubleblackstudio.de', '2025-02-05 13:42:08', 0, 'active'),
(537, 1, 'load-url-task', 'WP_Optimize_Load_Url_Task', 0, 'Preload - https://doubleblackstudio.de/wohnung-verkaufen-brandenburg/', '2025-02-05 13:42:08', 0, 'active'),
(538, 1, 'load-url-task', 'WP_Optimize_Load_Url_Task', 0, 'Preload - https://doubleblackstudio.de', '2025-02-05 13:42:35', 0, 'active'),
(539, 1, 'load-url-task', 'WP_Optimize_Load_Url_Task', 0, 'Preload - https://doubleblackstudio.de/wohnung-verkaufen-brandenburg/', '2025-02-05 13:42:35', 0, 'active'),
(540, 1, 'load-url-task', 'WP_Optimize_Load_Url_Task', 0, 'Preload - https://doubleblackstudio.de', '2025-02-05 13:42:53', 0, 'active'),
(541, 1, 'load-url-task', 'WP_Optimize_Load_Url_Task', 0, 'Preload - https://doubleblackstudio.de/', '2025-02-05 13:42:53', 0, 'active'),
(542, 1, 'load-url-task', 'WP_Optimize_Load_Url_Task', 0, 'Preload - https://doubleblackstudio.de', '2025-02-05 13:43:32', 0, 'active'),
(543, 1, 'load-url-task', 'WP_Optimize_Load_Url_Task', 0, 'Preload - https://doubleblackstudio.de/sachverstaendige-fuer-immobilienbewertung/', '2025-02-05 13:43:32', 0, 'active'),
(544, 1, 'load-url-task', 'WP_Optimize_Load_Url_Task', 0, 'Preload - https://doubleblackstudio.de', '2025-02-05 13:43:33', 0, 'active'),
(545, 1, 'load-url-task', 'WP_Optimize_Load_Url_Task', 0, 'Preload - https://doubleblackstudio.de/sachverstaendige-fuer-immobilienbewertung/', '2025-02-05 13:43:33', 0, 'active'),
(546, 1, 'load-url-task', 'WP_Optimize_Load_Url_Task', 0, 'Preload - https://doubleblackstudio.de', '2025-02-05 13:43:59', 0, 'active'),
(547, 1, 'load-url-task', 'WP_Optimize_Load_Url_Task', 0, 'Preload - https://doubleblackstudio.de/sachverstaendige-fuer-immobilienbewertung/', '2025-02-05 13:43:59', 0, 'active'),
(548, 1, 'load-url-task', 'WP_Optimize_Load_Url_Task', 0, 'Preload - https://doubleblackstudio.de', '2025-02-05 13:44:13', 0, 'active'),
(549, 1, 'load-url-task', 'WP_Optimize_Load_Url_Task', 0, 'Preload - https://doubleblackstudio.de/', '2025-02-05 13:44:13', 0, 'active'),
(550, 1, 'load-url-task', 'WP_Optimize_Load_Url_Task', 0, 'Preload - https://doubleblackstudio.de', '2025-02-05 13:45:20', 0, 'active'),
(551, 1, 'load-url-task', 'WP_Optimize_Load_Url_Task', 0, 'Preload - https://doubleblackstudio.de/verkehrswertgutachten/', '2025-02-05 13:45:20', 0, 'active'),
(552, 1, 'load-url-task', 'WP_Optimize_Load_Url_Task', 0, 'Preload - https://doubleblackstudio.de', '2025-02-05 13:45:21', 0, 'active'),
(553, 1, 'load-url-task', 'WP_Optimize_Load_Url_Task', 0, 'Preload - https://doubleblackstudio.de/verkehrswertgutachten/', '2025-02-05 13:45:21', 0, 'active'),
(554, 1, 'load-url-task', 'WP_Optimize_Load_Url_Task', 0, 'Preload - https://doubleblackstudio.de', '2025-02-05 13:45:48', 0, 'active'),
(555, 1, 'load-url-task', 'WP_Optimize_Load_Url_Task', 0, 'Preload - https://doubleblackstudio.de/verkehrswertgutachten/', '2025-02-05 13:45:48', 0, 'active'),
(556, 1, 'load-url-task', 'WP_Optimize_Load_Url_Task', 0, 'Preload - https://doubleblackstudio.de', '2025-02-05 13:45:54', 0, 'active'),
(557, 1, 'load-url-task', 'WP_Optimize_Load_Url_Task', 0, 'Preload - https://doubleblackstudio.de/', '2025-02-05 13:45:54', 0, 'active'),
(558, 1, 'load-url-task', 'WP_Optimize_Load_Url_Task', 0, 'Preload - https://doubleblackstudio.de', '2025-02-05 13:46:57', 0, 'active'),
(559, 1, 'load-url-task', 'WP_Optimize_Load_Url_Task', 0, 'Preload - https://doubleblackstudio.de/marktwerteinschaetzung/', '2025-02-05 13:46:57', 0, 'active'),
(560, 1, 'load-url-task', 'WP_Optimize_Load_Url_Task', 0, 'Preload - https://doubleblackstudio.de', '2025-02-05 13:46:58', 0, 'active'),
(561, 1, 'load-url-task', 'WP_Optimize_Load_Url_Task', 0, 'Preload - https://doubleblackstudio.de/marktwerteinschaetzung/', '2025-02-05 13:46:58', 0, 'active'),
(562, 1, 'load-url-task', 'WP_Optimize_Load_Url_Task', 0, 'Preload - https://doubleblackstudio.de', '2025-02-05 13:47:26', 0, 'active'),
(563, 1, 'load-url-task', 'WP_Optimize_Load_Url_Task', 0, 'Preload - https://doubleblackstudio.de/marktwerteinschaetzung/', '2025-02-05 13:47:26', 0, 'active'),
(564, 1, 'load-url-task', 'WP_Optimize_Load_Url_Task', 0, 'Preload - https://doubleblackstudio.de', '2025-02-05 13:47:55', 0, 'active'),
(565, 1, 'load-url-task', 'WP_Optimize_Load_Url_Task', 0, 'Preload - https://doubleblackstudio.de/marktwerteinschaetzung/', '2025-02-05 13:47:55', 0, 'active'),
(566, 1, 'load-url-task', 'WP_Optimize_Load_Url_Task', 0, 'Preload - https://doubleblackstudio.de', '2025-02-05 13:53:33', 0, 'active'),
(567, 1, 'load-url-task', 'WP_Optimize_Load_Url_Task', 0, 'Preload - https://doubleblackstudio.de/', '2025-02-05 13:53:33', 0, 'active'),
(568, 1, 'load-url-task', 'WP_Optimize_Load_Url_Task', 0, 'Preload - https://doubleblackstudio.de', '2025-02-14 08:24:09', 0, 'active'),
(569, 1, 'load-url-task', 'WP_Optimize_Load_Url_Task', 0, 'Preload - https://doubleblackstudio.de/', '2025-02-14 08:24:09', 0, 'active'),
(570, 1, 'load-url-task', 'WP_Optimize_Load_Url_Task', 0, 'Preload - https://doubleblackstudio.de/2025/', '2025-02-14 08:24:09', 0, 'active'),
(571, 1, 'load-url-task', 'WP_Optimize_Load_Url_Task', 0, 'Preload - https://doubleblackstudio.de/2025/02/', '2025-02-14 08:24:09', 0, 'active'),
(572, 1, 'load-url-task', 'WP_Optimize_Load_Url_Task', 0, 'Preload - https://doubleblackstudio.de/2025/02/14/', '2025-02-14 08:24:09', 0, 'active'),
(573, 1, 'load-url-task', 'WP_Optimize_Load_Url_Task', 0, 'Preload - https://doubleblackstudio.de', '2025-02-14 08:39:37', 0, 'active'),
(574, 1, 'load-url-task', 'WP_Optimize_Load_Url_Task', 0, 'Preload - https://doubleblackstudio.de/', '2025-02-14 08:39:37', 0, 'active'),
(575, 1, 'load-url-task', 'WP_Optimize_Load_Url_Task', 0, 'Preload - https://doubleblackstudio.de', '2025-02-14 08:42:55', 0, 'active'),
(576, 1, 'load-url-task', 'WP_Optimize_Load_Url_Task', 0, 'Preload - https://doubleblackstudio.de/haus-verkaufen/', '2025-02-14 08:42:55', 0, 'active'),
(577, 1, 'load-url-task', 'WP_Optimize_Load_Url_Task', 0, 'Preload - https://doubleblackstudio.de/', '2025-02-14 08:42:55', 0, 'active'),
(578, 1, 'load-url-task', 'WP_Optimize_Load_Url_Task', 0, 'Preload - https://doubleblackstudio.de/immobilienbewertung/', '2025-02-14 08:42:55', 0, 'active'),
(579, 1, 'load-url-task', 'WP_Optimize_Load_Url_Task', 0, 'Preload - https://doubleblackstudio.de/immobilienmakler/', '2025-02-14 08:42:55', 0, 'active'),
(580, 1, 'load-url-task', 'WP_Optimize_Load_Url_Task', 0, 'Preload - https://doubleblackstudio.de/marktwerteinschaetzung/', '2025-02-14 08:42:55', 0, 'active'),
(581, 1, 'load-url-task', 'WP_Optimize_Load_Url_Task', 0, 'Preload - https://doubleblackstudio.de/sachverstaendige-fuer-immobilienbewertung/', '2025-02-14 08:42:55', 0, 'active'),
(582, 1, 'load-url-task', 'WP_Optimize_Load_Url_Task', 0, 'Preload - https://doubleblackstudio.de/verkehrswertgutachten/', '2025-02-14 08:42:55', 0, 'active'),
(583, 1, 'load-url-task', 'WP_Optimize_Load_Url_Task', 0, 'Preload - https://doubleblackstudio.de/wohnung-bewerten/', '2025-02-14 08:42:55', 0, 'active'),
(584, 1, 'load-url-task', 'WP_Optimize_Load_Url_Task', 0, 'Preload - https://doubleblackstudio.de/wohnung-verkaufen-berlin/', '2025-02-14 08:42:55', 0, 'active'),
(585, 1, 'load-url-task', 'WP_Optimize_Load_Url_Task', 0, 'Preload - https://doubleblackstudio.de/wohnung-verkaufen-brandenburg/', '2025-02-14 08:42:55', 0, 'active'),
(586, 1, 'load-url-task', 'WP_Optimize_Load_Url_Task', 0, 'Preload - https://doubleblackstudio.de', '2025-02-14 09:22:22', 0, 'active'),
(587, 1, 'load-url-task', 'WP_Optimize_Load_Url_Task', 0, 'Preload - https://doubleblackstudio.de/', '2025-02-14 09:22:22', 0, 'active'),
(588, 1, 'load-url-task', 'WP_Optimize_Load_Url_Task', 0, 'Preload - https://doubleblackstudio.de', '2025-02-14 09:22:23', 0, 'active'),
(589, 1, 'load-url-task', 'WP_Optimize_Load_Url_Task', 0, 'Preload - https://doubleblackstudio.de/', '2025-02-14 09:22:23', 0, 'active'),
(590, 1, 'load-url-task', 'WP_Optimize_Load_Url_Task', 0, 'Preload - https://doubleblackstudio.de', '2025-02-14 09:28:00', 0, 'active'),
(591, 1, 'load-url-task', 'WP_Optimize_Load_Url_Task', 0, 'Preload - https://doubleblackstudio.de/', '2025-02-14 09:28:00', 0, 'active'),
(592, 1, 'load-url-task', 'WP_Optimize_Load_Url_Task', 0, 'Preload - https://doubleblackstudio.de', '2025-02-14 09:29:03', 0, 'active'),
(593, 1, 'load-url-task', 'WP_Optimize_Load_Url_Task', 0, 'Preload - https://doubleblackstudio.de/', '2025-02-14 09:29:03', 0, 'active'),
(594, 1, 'load-url-task', 'WP_Optimize_Load_Url_Task', 0, 'Preload - https://doubleblackstudio.de', '2025-02-14 09:29:47', 0, 'active'),
(595, 1, 'load-url-task', 'WP_Optimize_Load_Url_Task', 0, 'Preload - https://doubleblackstudio.de/elementor-hf/546/', '2025-02-14 09:29:47', 0, 'active'),
(596, 1, 'load-url-task', 'WP_Optimize_Load_Url_Task', 0, 'Preload - https://doubleblackstudio.de', '2025-02-14 10:20:19', 0, 'active'),
(597, 1, 'load-url-task', 'WP_Optimize_Load_Url_Task', 0, 'Preload - https://doubleblackstudio.de/', '2025-02-14 10:20:19', 0, 'active'),
(598, 1, 'load-url-task', 'WP_Optimize_Load_Url_Task', 0, 'Preload - https://doubleblackstudio.de', '2025-02-14 10:23:48', 0, 'active'),
(599, 1, 'load-url-task', 'WP_Optimize_Load_Url_Task', 0, 'Preload - https://doubleblackstudio.de/', '2025-02-14 10:23:48', 0, 'active'),
(600, 1, 'load-url-task', 'WP_Optimize_Load_Url_Task', 0, 'Preload - https://doubleblackstudio.de', '2025-02-14 10:28:23', 0, 'active'),
(601, 1, 'load-url-task', 'WP_Optimize_Load_Url_Task', 0, 'Preload - https://doubleblackstudio.de/elementor-hf/ftt/', '2025-02-14 10:28:23', 0, 'active'),
(602, 1, 'load-url-task', 'WP_Optimize_Load_Url_Task', 0, 'Preload - https://doubleblackstudio.de', '2025-02-14 10:31:45', 0, 'active'),
(603, 1, 'load-url-task', 'WP_Optimize_Load_Url_Task', 0, 'Preload - https://doubleblackstudio.de/metform-form/anfrage/', '2025-02-14 10:31:45', 0, 'active'),
(604, 1, 'load-url-task', 'WP_Optimize_Load_Url_Task', 0, 'Preload - https://doubleblackstudio.de', '2025-02-14 10:31:56', 0, 'active'),
(605, 1, 'load-url-task', 'WP_Optimize_Load_Url_Task', 0, 'Preload - https://doubleblackstudio.de/elementor-hf/ftt/', '2025-02-14 10:31:56', 0, 'active'),
(606, 1, 'load-url-task', 'WP_Optimize_Load_Url_Task', 0, 'Preload - https://doubleblackstudio.de', '2025-02-14 10:36:49', 0, 'active'),
(607, 1, 'load-url-task', 'WP_Optimize_Load_Url_Task', 0, 'Preload - https://doubleblackstudio.de/impressum/', '2025-02-14 10:36:49', 0, 'active'),
(608, 1, 'load-url-task', 'WP_Optimize_Load_Url_Task', 0, 'Preload - https://doubleblackstudio.de', '2025-02-14 10:37:35', 0, 'active'),
(609, 1, 'load-url-task', 'WP_Optimize_Load_Url_Task', 0, 'Preload - https://doubleblackstudio.de/datenschutz/', '2025-02-14 10:37:35', 0, 'active'),
(610, 1, 'load-url-task', 'WP_Optimize_Load_Url_Task', 0, 'Preload - https://doubleblackstudio.de', '2025-02-14 10:43:20', 0, 'active'),
(611, 1, 'load-url-task', 'WP_Optimize_Load_Url_Task', 0, 'Preload - https://doubleblackstudio.de/immobilienmakler/', '2025-02-14 10:43:20', 0, 'active'),
(612, 1, 'load-url-task', 'WP_Optimize_Load_Url_Task', 0, 'Preload - https://doubleblackstudio.de', '2025-02-14 10:43:21', 0, 'active'),
(613, 1, 'load-url-task', 'WP_Optimize_Load_Url_Task', 0, 'Preload - https://doubleblackstudio.de/immobilienmakler/', '2025-02-14 10:43:21', 0, 'active'),
(614, 1, 'load-url-task', 'WP_Optimize_Load_Url_Task', 0, 'Preload - https://doubleblackstudio.de', '2025-02-14 10:44:45', 0, 'active'),
(615, 1, 'load-url-task', 'WP_Optimize_Load_Url_Task', 0, 'Preload - https://doubleblackstudio.de/immobilienmakler/', '2025-02-14 10:44:45', 0, 'active'),
(616, 1, 'load-url-task', 'WP_Optimize_Load_Url_Task', 0, 'Preload - https://doubleblackstudio.de', '2025-02-14 10:44:51', 0, 'active'),
(617, 1, 'load-url-task', 'WP_Optimize_Load_Url_Task', 0, 'Preload - https://doubleblackstudio.de/', '2025-02-14 10:44:51', 0, 'active'),
(618, 1, 'load-url-task', 'WP_Optimize_Load_Url_Task', 0, 'Preload - https://doubleblackstudio.de', '2025-02-14 10:46:05', 0, 'active'),
(619, 1, 'load-url-task', 'WP_Optimize_Load_Url_Task', 0, 'Preload - https://doubleblackstudio.de/einfamilienhaus-verkauf/', '2025-02-14 10:46:05', 0, 'active'),
(620, 1, 'load-url-task', 'WP_Optimize_Load_Url_Task', 0, 'Preload - https://doubleblackstudio.de', '2025-02-14 10:46:06', 0, 'active'),
(621, 1, 'load-url-task', 'WP_Optimize_Load_Url_Task', 0, 'Preload - https://doubleblackstudio.de/einfamilienhaus-verkauf/', '2025-02-14 10:46:06', 0, 'active'),
(622, 1, 'load-url-task', 'WP_Optimize_Load_Url_Task', 0, 'Preload - https://doubleblackstudio.de', '2025-02-14 10:46:41', 0, 'active'),
(623, 1, 'load-url-task', 'WP_Optimize_Load_Url_Task', 0, 'Preload - https://doubleblackstudio.de/einfamilienhaus-verkauf/', '2025-02-14 10:46:41', 0, 'active'),
(624, 1, 'load-url-task', 'WP_Optimize_Load_Url_Task', 0, 'Preload - https://doubleblackstudio.de', '2025-02-14 10:46:51', 0, 'active'),
(625, 1, 'load-url-task', 'WP_Optimize_Load_Url_Task', 0, 'Preload - https://doubleblackstudio.de/', '2025-02-14 10:46:51', 0, 'active'),
(626, 1, 'load-url-task', 'WP_Optimize_Load_Url_Task', 0, 'Preload - https://doubleblackstudio.de', '2025-02-14 10:48:39', 0, 'active'),
(627, 1, 'load-url-task', 'WP_Optimize_Load_Url_Task', 0, 'Preload - https://doubleblackstudio.de/grundstueck-kaufen/', '2025-02-14 10:48:39', 0, 'active'),
(628, 1, 'load-url-task', 'WP_Optimize_Load_Url_Task', 0, 'Preload - https://doubleblackstudio.de', '2025-02-14 10:48:40', 0, 'active'),
(629, 1, 'load-url-task', 'WP_Optimize_Load_Url_Task', 0, 'Preload - https://doubleblackstudio.de/grundstueck-kaufen/', '2025-02-14 10:48:40', 0, 'active'),
(630, 1, 'load-url-task', 'WP_Optimize_Load_Url_Task', 0, 'Preload - https://doubleblackstudio.de', '2025-02-14 10:49:10', 0, 'active'),
(631, 1, 'load-url-task', 'WP_Optimize_Load_Url_Task', 0, 'Preload - https://doubleblackstudio.de/grundstueck-kaufen/', '2025-02-14 10:49:10', 0, 'active'),
(632, 1, 'load-url-task', 'WP_Optimize_Load_Url_Task', 0, 'Preload - https://doubleblackstudio.de', '2025-02-14 10:49:27', 0, 'active'),
(633, 1, 'load-url-task', 'WP_Optimize_Load_Url_Task', 0, 'Preload - https://doubleblackstudio.de/', '2025-02-14 10:49:27', 0, 'active'),
(634, 1, 'load-url-task', 'WP_Optimize_Load_Url_Task', 0, 'Preload - https://doubleblackstudio.de', '2025-02-14 10:52:46', 0, 'active'),
(635, 1, 'load-url-task', 'WP_Optimize_Load_Url_Task', 0, 'Preload - https://doubleblackstudio.de/einfamilienhaus-vermietung/', '2025-02-14 10:52:46', 0, 'active'),
(636, 1, 'load-url-task', 'WP_Optimize_Load_Url_Task', 0, 'Preload - https://doubleblackstudio.de', '2025-02-14 10:52:47', 0, 'active'),
(637, 1, 'load-url-task', 'WP_Optimize_Load_Url_Task', 0, 'Preload - https://doubleblackstudio.de/einfamilienhaus-vermietung/', '2025-02-14 10:52:47', 0, 'active'),
(638, 1, 'load-url-task', 'WP_Optimize_Load_Url_Task', 0, 'Preload - https://doubleblackstudio.de', '2025-02-14 10:54:14', 0, 'active'),
(639, 1, 'load-url-task', 'WP_Optimize_Load_Url_Task', 0, 'Preload - https://doubleblackstudio.de/einfamilienhaus-vermietung/', '2025-02-14 10:54:14', 0, 'active'),
(640, 1, 'load-url-task', 'WP_Optimize_Load_Url_Task', 0, 'Preload - https://doubleblackstudio.de', '2025-02-14 10:55:37', 0, 'active'),
(641, 1, 'load-url-task', 'WP_Optimize_Load_Url_Task', 0, 'Preload - https://doubleblackstudio.de/', '2025-02-14 10:55:37', 0, 'active'),
(642, 1, 'load-url-task', 'WP_Optimize_Load_Url_Task', 0, 'Preload - https://doubleblackstudio.de', '2025-02-14 10:56:15', 0, 'active'),
(643, 1, 'load-url-task', 'WP_Optimize_Load_Url_Task', 0, 'Preload - https://doubleblackstudio.de/haus-mieten-in-der-naehe/', '2025-02-14 10:56:15', 0, 'active'),
(644, 1, 'load-url-task', 'WP_Optimize_Load_Url_Task', 0, 'Preload - https://doubleblackstudio.de', '2025-02-14 10:56:16', 0, 'active'),
(645, 1, 'load-url-task', 'WP_Optimize_Load_Url_Task', 0, 'Preload - https://doubleblackstudio.de/haus-mieten-in-der-naehe/', '2025-02-14 10:56:16', 0, 'active'),
(646, 1, 'load-url-task', 'WP_Optimize_Load_Url_Task', 0, 'Preload - https://doubleblackstudio.de', '2025-02-14 10:57:53', 0, 'active'),
(647, 1, 'load-url-task', 'WP_Optimize_Load_Url_Task', 0, 'Preload - https://doubleblackstudio.de/haus-mieten-in-der-naehe/', '2025-02-14 10:57:53', 0, 'active'),
(648, 1, 'load-url-task', 'WP_Optimize_Load_Url_Task', 0, 'Preload - https://doubleblackstudio.de', '2025-02-14 10:58:02', 0, 'active'),
(649, 1, 'load-url-task', 'WP_Optimize_Load_Url_Task', 0, 'Preload - https://doubleblackstudio.de/', '2025-02-14 10:58:02', 0, 'active'),
(650, 1, 'load-url-task', 'WP_Optimize_Load_Url_Task', 0, 'Preload - https://doubleblackstudio.de', '2025-02-14 10:59:01', 0, 'active'),
(651, 1, 'load-url-task', 'WP_Optimize_Load_Url_Task', 0, 'Preload - https://doubleblackstudio.de/haus-bewerten/', '2025-02-14 10:59:01', 0, 'active'),
(652, 1, 'load-url-task', 'WP_Optimize_Load_Url_Task', 0, 'Preload - https://doubleblackstudio.de', '2025-02-14 10:59:02', 0, 'active'),
(653, 1, 'load-url-task', 'WP_Optimize_Load_Url_Task', 0, 'Preload - https://doubleblackstudio.de/haus-bewerten/', '2025-02-14 10:59:02', 0, 'active'),
(654, 1, 'load-url-task', 'WP_Optimize_Load_Url_Task', 0, 'Preload - https://doubleblackstudio.de', '2025-02-14 10:59:30', 0, 'active'),
(655, 1, 'load-url-task', 'WP_Optimize_Load_Url_Task', 0, 'Preload - https://doubleblackstudio.de/haus-bewerten/', '2025-02-14 10:59:30', 0, 'active'),
(656, 1, 'load-url-task', 'WP_Optimize_Load_Url_Task', 0, 'Preload - https://doubleblackstudio.de', '2025-02-14 11:05:33', 0, 'active'),
(657, 1, 'load-url-task', 'WP_Optimize_Load_Url_Task', 0, 'Preload - https://doubleblackstudio.de/', '2025-02-14 11:05:33', 0, 'active'),
(658, 1, 'load-url-task', 'WP_Optimize_Load_Url_Task', 0, 'Preload - https://doubleblackstudio.de', '2025-02-14 11:06:31', 0, 'active'),
(659, 1, 'load-url-task', 'WP_Optimize_Load_Url_Task', 0, 'Preload - https://doubleblackstudio.de/guenstiges-haus-mieten/', '2025-02-14 11:06:31', 0, 'active'),
(660, 1, 'load-url-task', 'WP_Optimize_Load_Url_Task', 0, 'Preload - https://doubleblackstudio.de', '2025-02-14 11:06:32', 0, 'active'),
(661, 1, 'load-url-task', 'WP_Optimize_Load_Url_Task', 0, 'Preload - https://doubleblackstudio.de/guenstiges-haus-mieten/', '2025-02-14 11:06:32', 0, 'active'),
(662, 1, 'load-url-task', 'WP_Optimize_Load_Url_Task', 0, 'Preload - https://doubleblackstudio.de', '2025-02-14 11:06:54', 0, 'active'),
(663, 1, 'load-url-task', 'WP_Optimize_Load_Url_Task', 0, 'Preload - https://doubleblackstudio.de/guenstiges-haus-mieten/', '2025-02-14 11:06:54', 0, 'active'),
(664, 1, 'load-url-task', 'WP_Optimize_Load_Url_Task', 0, 'Preload - https://doubleblackstudio.de', '2025-02-14 11:07:02', 0, 'active'),
(665, 1, 'load-url-task', 'WP_Optimize_Load_Url_Task', 0, 'Preload - https://doubleblackstudio.de/', '2025-02-14 11:07:02', 0, 'active'),
(666, 1, 'load-url-task', 'WP_Optimize_Load_Url_Task', 0, 'Preload - https://doubleblackstudio.de', '2025-02-14 11:09:18', 0, 'active'),
(667, 1, 'load-url-task', 'WP_Optimize_Load_Url_Task', 0, 'Preload - https://doubleblackstudio.de/immobilien-verkauf/', '2025-02-14 11:09:18', 0, 'active'),
(668, 1, 'load-url-task', 'WP_Optimize_Load_Url_Task', 0, 'Preload - https://doubleblackstudio.de', '2025-02-14 11:09:19', 0, 'active'),
(669, 1, 'load-url-task', 'WP_Optimize_Load_Url_Task', 0, 'Preload - https://doubleblackstudio.de/immobilien-verkauf/', '2025-02-14 11:09:19', 0, 'active'),
(670, 1, 'load-url-task', 'WP_Optimize_Load_Url_Task', 0, 'Preload - https://doubleblackstudio.de', '2025-02-14 11:09:40', 0, 'active'),
(671, 1, 'load-url-task', 'WP_Optimize_Load_Url_Task', 0, 'Preload - https://doubleblackstudio.de/immobilien-verkauf/', '2025-02-14 11:09:40', 0, 'active'),
(672, 1, 'load-url-task', 'WP_Optimize_Load_Url_Task', 0, 'Preload - https://doubleblackstudio.de', '2025-02-14 11:09:49', 0, 'active'),
(673, 1, 'load-url-task', 'WP_Optimize_Load_Url_Task', 0, 'Preload - https://doubleblackstudio.de/', '2025-02-14 11:09:49', 0, 'active'),
(674, 1, 'load-url-task', 'WP_Optimize_Load_Url_Task', 0, 'Preload - https://doubleblackstudio.de', '2025-02-14 11:10:33', 0, 'active'),
(675, 1, 'load-url-task', 'WP_Optimize_Load_Url_Task', 0, 'Preload - https://doubleblackstudio.de/immobilienbewertung/', '2025-02-14 11:10:33', 0, 'active'),
(676, 1, 'load-url-task', 'WP_Optimize_Load_Url_Task', 0, 'Preload - https://doubleblackstudio.de', '2025-02-14 11:10:34', 0, 'active'),
(677, 1, 'load-url-task', 'WP_Optimize_Load_Url_Task', 0, 'Preload - https://doubleblackstudio.de/immobilienbewertung/', '2025-02-14 11:10:34', 0, 'active'),
(678, 1, 'load-url-task', 'WP_Optimize_Load_Url_Task', 0, 'Preload - https://doubleblackstudio.de', '2025-02-14 11:10:55', 0, 'active'),
(679, 1, 'load-url-task', 'WP_Optimize_Load_Url_Task', 0, 'Preload - https://doubleblackstudio.de/immobilienbewertung/', '2025-02-14 11:10:55', 0, 'active'),
(680, 1, 'load-url-task', 'WP_Optimize_Load_Url_Task', 0, 'Preload - https://doubleblackstudio.de', '2025-02-14 11:11:06', 0, 'active'),
(681, 1, 'load-url-task', 'WP_Optimize_Load_Url_Task', 0, 'Preload - https://doubleblackstudio.de/', '2025-02-14 11:11:06', 0, 'active'),
(682, 1, 'load-url-task', 'WP_Optimize_Load_Url_Task', 0, 'Preload - https://doubleblackstudio.de', '2025-02-14 11:12:06', 0, 'active'),
(683, 1, 'load-url-task', 'WP_Optimize_Load_Url_Task', 0, 'Preload - https://doubleblackstudio.de/haus-verkaufen/', '2025-02-14 11:12:06', 0, 'active'),
(684, 1, 'load-url-task', 'WP_Optimize_Load_Url_Task', 0, 'Preload - https://doubleblackstudio.de', '2025-02-14 11:12:07', 0, 'active'),
(685, 1, 'load-url-task', 'WP_Optimize_Load_Url_Task', 0, 'Preload - https://doubleblackstudio.de/haus-verkaufen/', '2025-02-14 11:12:07', 0, 'active'),
(686, 1, 'load-url-task', 'WP_Optimize_Load_Url_Task', 0, 'Preload - https://doubleblackstudio.de', '2025-02-14 11:12:44', 0, 'active'),
(687, 1, 'load-url-task', 'WP_Optimize_Load_Url_Task', 0, 'Preload - https://doubleblackstudio.de/haus-verkaufen/', '2025-02-14 11:12:44', 0, 'active'),
(688, 1, 'load-url-task', 'WP_Optimize_Load_Url_Task', 0, 'Preload - https://doubleblackstudio.de', '2025-02-14 11:31:20', 0, 'active'),
(689, 1, 'load-url-task', 'WP_Optimize_Load_Url_Task', 0, 'Preload - https://doubleblackstudio.de/', '2025-02-14 11:31:20', 0, 'active'),
(690, 1, 'load-url-task', 'WP_Optimize_Load_Url_Task', 0, 'Preload - https://doubleblackstudio.de', '2025-02-14 11:47:03', 0, 'active'),
(691, 1, 'load-url-task', 'WP_Optimize_Load_Url_Task', 0, 'Preload - https://doubleblackstudio.de/', '2025-02-14 11:47:03', 0, 'active'),
(692, 1, 'load-url-task', 'WP_Optimize_Load_Url_Task', 0, 'Preload - https://doubleblackstudio.de', '2025-02-17 14:33:42', 0, 'active'),
(693, 1, 'load-url-task', 'WP_Optimize_Load_Url_Task', 0, 'Preload - https://doubleblackstudio.de/', '2025-02-17 14:33:42', 0, 'active'),
(694, 1, 'load-url-task', 'WP_Optimize_Load_Url_Task', 0, 'Preload - https://doubleblackstudio.de/2025/', '2025-02-17 14:33:42', 0, 'active'),
(695, 1, 'load-url-task', 'WP_Optimize_Load_Url_Task', 0, 'Preload - https://doubleblackstudio.de/2025/02/', '2025-02-17 14:33:42', 0, 'active'),
(696, 1, 'load-url-task', 'WP_Optimize_Load_Url_Task', 0, 'Preload - https://doubleblackstudio.de/2025/02/17/', '2025-02-17 14:33:42', 0, 'active'),
(697, 1, 'load-url-task', 'WP_Optimize_Load_Url_Task', 0, 'Preload - https://doubleblackstudio.de', '2025-02-17 14:57:31', 0, 'active'),
(698, 1, 'load-url-task', 'WP_Optimize_Load_Url_Task', 0, 'Preload - https://doubleblackstudio.de/', '2025-02-17 14:57:31', 0, 'active'),
(699, 1, 'load-url-task', 'WP_Optimize_Load_Url_Task', 0, 'Preload - https://doubleblackstudio.de', '2025-02-17 15:18:47', 0, 'active'),
(700, 1, 'load-url-task', 'WP_Optimize_Load_Url_Task', 0, 'Preload - https://doubleblackstudio.de/einfamilienhaus-vermietung/', '2025-02-17 15:18:47', 0, 'active');
INSERT INTO `uV6mXZATtm_tasks` (`id`, `user_id`, `type`, `class_identifier`, `attempts`, `description`, `time_created`, `last_locked_at`, `status`) VALUES
(701, 1, 'load-url-task', 'WP_Optimize_Load_Url_Task', 0, 'Preload - https://doubleblackstudio.de/', '2025-02-17 15:18:47', 0, 'active'),
(702, 1, 'load-url-task', 'WP_Optimize_Load_Url_Task', 0, 'Preload - https://doubleblackstudio.de/grundstueck-kaufen/', '2025-02-17 15:18:47', 0, 'active'),
(703, 1, 'load-url-task', 'WP_Optimize_Load_Url_Task', 0, 'Preload - https://doubleblackstudio.de/guenstiges-haus-mieten/', '2025-02-17 15:18:47', 0, 'active'),
(704, 1, 'load-url-task', 'WP_Optimize_Load_Url_Task', 0, 'Preload - https://doubleblackstudio.de/haus-bewerten/', '2025-02-17 15:18:47', 0, 'active'),
(705, 1, 'load-url-task', 'WP_Optimize_Load_Url_Task', 0, 'Preload - https://doubleblackstudio.de/haus-mieten-in-der-naehe/', '2025-02-17 15:18:47', 0, 'active'),
(706, 1, 'load-url-task', 'WP_Optimize_Load_Url_Task', 0, 'Preload - https://doubleblackstudio.de/haus-verkaufen/', '2025-02-17 15:18:47', 0, 'active'),
(707, 1, 'load-url-task', 'WP_Optimize_Load_Url_Task', 0, 'Preload - https://doubleblackstudio.de/immobilien-verkauf/', '2025-02-17 15:18:47', 0, 'active'),
(708, 1, 'load-url-task', 'WP_Optimize_Load_Url_Task', 0, 'Preload - https://doubleblackstudio.de/immobilienbewertung/', '2025-02-17 15:18:47', 0, 'active'),
(709, 1, 'load-url-task', 'WP_Optimize_Load_Url_Task', 0, 'Preload - https://doubleblackstudio.de/immobilienmakler/', '2025-02-17 15:18:47', 0, 'active'),
(710, 1, 'load-url-task', 'WP_Optimize_Load_Url_Task', 0, 'Preload - https://doubleblackstudio.de', '2025-02-17 15:23:55', 0, 'active'),
(711, 1, 'load-url-task', 'WP_Optimize_Load_Url_Task', 0, 'Preload - https://doubleblackstudio.de/', '2025-02-17 15:23:55', 0, 'active'),
(712, 1, 'load-url-task', 'WP_Optimize_Load_Url_Task', 0, 'Preload - https://doubleblackstudio.de', '2025-02-17 15:23:56', 0, 'active'),
(713, 1, 'load-url-task', 'WP_Optimize_Load_Url_Task', 0, 'Preload - https://doubleblackstudio.de/', '2025-02-17 15:23:56', 0, 'active'),
(714, 1, 'load-url-task', 'WP_Optimize_Load_Url_Task', 0, 'Preload - https://doubleblackstudio.de', '2025-02-17 15:24:55', 0, 'active'),
(715, 1, 'load-url-task', 'WP_Optimize_Load_Url_Task', 0, 'Preload - https://doubleblackstudio.de/', '2025-02-17 15:24:55', 0, 'active'),
(716, 1, 'load-url-task', 'WP_Optimize_Load_Url_Task', 0, 'Preload - https://doubleblackstudio.de', '2025-02-17 15:24:56', 0, 'active'),
(717, 1, 'load-url-task', 'WP_Optimize_Load_Url_Task', 0, 'Preload - https://doubleblackstudio.de/', '2025-02-17 15:24:56', 0, 'active'),
(718, 1, 'load-url-task', 'WP_Optimize_Load_Url_Task', 0, 'Preload - https://doubleblackstudio.de', '2025-02-17 15:27:55', 0, 'active'),
(719, 1, 'load-url-task', 'WP_Optimize_Load_Url_Task', 0, 'Preload - https://doubleblackstudio.de/', '2025-02-17 15:27:55', 0, 'active'),
(720, 1, 'load-url-task', 'WP_Optimize_Load_Url_Task', 0, 'Preload - https://doubleblackstudio.de', '2025-02-17 15:33:40', 0, 'active'),
(721, 1, 'load-url-task', 'WP_Optimize_Load_Url_Task', 0, 'Preload - https://doubleblackstudio.de/elementor-hf/546/', '2025-02-17 15:33:40', 0, 'active'),
(722, 1, 'load-url-task', 'WP_Optimize_Load_Url_Task', 0, 'Preload - https://doubleblackstudio.de', '2025-02-17 16:07:46', 0, 'active'),
(723, 1, 'load-url-task', 'WP_Optimize_Load_Url_Task', 0, 'Preload - https://doubleblackstudio.de/', '2025-02-17 16:07:46', 0, 'active'),
(724, 1, 'load-url-task', 'WP_Optimize_Load_Url_Task', 0, 'Preload - https://doubleblackstudio.de', '2025-02-17 16:27:08', 0, 'active'),
(725, 1, 'load-url-task', 'WP_Optimize_Load_Url_Task', 0, 'Preload - https://doubleblackstudio.de/', '2025-02-17 16:27:08', 0, 'active'),
(726, 1, 'load-url-task', 'WP_Optimize_Load_Url_Task', 0, 'Preload - https://doubleblackstudio.de', '2025-02-18 10:49:14', 0, 'active'),
(727, 1, 'load-url-task', 'WP_Optimize_Load_Url_Task', 0, 'Preload - https://doubleblackstudio.de/', '2025-02-18 10:49:14', 0, 'active'),
(728, 1, 'load-url-task', 'WP_Optimize_Load_Url_Task', 0, 'Preload - https://doubleblackstudio.de', '2025-02-18 11:13:57', 0, 'active'),
(729, 1, 'load-url-task', 'WP_Optimize_Load_Url_Task', 0, 'Preload - https://doubleblackstudio.de/', '2025-02-18 11:13:57', 0, 'active'),
(730, 1, 'load-url-task', 'WP_Optimize_Load_Url_Task', 0, 'Preload - https://doubleblackstudio.de', '2025-02-18 11:28:08', 0, 'active'),
(731, 1, 'load-url-task', 'WP_Optimize_Load_Url_Task', 0, 'Preload - https://doubleblackstudio.de/', '2025-02-18 11:28:08', 0, 'active'),
(732, 1, 'load-url-task', 'WP_Optimize_Load_Url_Task', 0, 'Preload - https://doubleblackstudio.de', '2025-02-18 11:36:40', 0, 'active'),
(733, 1, 'load-url-task', 'WP_Optimize_Load_Url_Task', 0, 'Preload - https://doubleblackstudio.de/elementor-hf/ftt/', '2025-02-18 11:36:40', 0, 'active'),
(734, 1, 'load-url-task', 'WP_Optimize_Load_Url_Task', 0, 'Preload - https://doubleblackstudio.de', '2025-02-18 11:38:29', 0, 'active'),
(735, 1, 'load-url-task', 'WP_Optimize_Load_Url_Task', 0, 'Preload - https://doubleblackstudio.de/metform-form/anfrage/', '2025-02-18 11:38:29', 0, 'active'),
(736, 1, 'load-url-task', 'WP_Optimize_Load_Url_Task', 0, 'Preload - https://doubleblackstudio.de', '2025-02-18 11:39:14', 0, 'active'),
(737, 1, 'load-url-task', 'WP_Optimize_Load_Url_Task', 0, 'Preload - https://doubleblackstudio.de/elementor-hf/ftt/', '2025-02-18 11:39:14', 0, 'active'),
(738, 1, 'load-url-task', 'WP_Optimize_Load_Url_Task', 0, 'Preload - https://doubleblackstudio.de', '2025-02-18 11:47:16', 0, 'active'),
(739, 1, 'load-url-task', 'WP_Optimize_Load_Url_Task', 0, 'Preload - https://doubleblackstudio.de/', '2025-02-18 11:47:16', 0, 'active'),
(740, 1, 'load-url-task', 'WP_Optimize_Load_Url_Task', 0, 'Preload - https://doubleblackstudio.de', '2025-02-18 11:48:01', 0, 'active'),
(741, 1, 'load-url-task', 'WP_Optimize_Load_Url_Task', 0, 'Preload - https://doubleblackstudio.de/', '2025-02-18 11:48:01', 0, 'active'),
(742, 1, 'load-url-task', 'WP_Optimize_Load_Url_Task', 0, 'Preload - https://doubleblackstudio.de', '2025-02-18 12:54:21', 0, 'active'),
(743, 1, 'load-url-task', 'WP_Optimize_Load_Url_Task', 0, 'Preload - https://doubleblackstudio.de/datenschutz/', '2025-02-18 12:54:21', 0, 'active'),
(744, 1, 'load-url-task', 'WP_Optimize_Load_Url_Task', 0, 'Preload - https://doubleblackstudio.de/', '2025-02-18 12:54:21', 0, 'active'),
(745, 1, 'load-url-task', 'WP_Optimize_Load_Url_Task', 0, 'Preload - https://doubleblackstudio.de/impressum/', '2025-02-18 12:54:21', 0, 'active'),
(746, 1, 'load-url-task', 'WP_Optimize_Load_Url_Task', 0, 'Preload - https://doubleblackstudio.de', '2025-02-18 12:58:10', 0, 'active'),
(747, 1, 'load-url-task', 'WP_Optimize_Load_Url_Task', 0, 'Preload - https://doubleblackstudio.de/impressum/', '2025-02-18 12:58:10', 0, 'active'),
(748, 1, 'load-url-task', 'WP_Optimize_Load_Url_Task', 0, 'Preload - https://doubleblackstudio.de/datenschutz/', '2025-02-18 12:58:10', 0, 'active'),
(749, 1, 'load-url-task', 'WP_Optimize_Load_Url_Task', 0, 'Preload - https://doubleblackstudio.de', '2025-02-18 12:58:58', 0, 'active'),
(750, 1, 'load-url-task', 'WP_Optimize_Load_Url_Task', 0, 'Preload - https://doubleblackstudio.de/datenschutz/', '2025-02-18 12:58:58', 0, 'active'),
(751, 1, 'load-url-task', 'WP_Optimize_Load_Url_Task', 0, 'Preload - https://doubleblackstudio.de', '2025-02-18 12:58:59', 0, 'active'),
(752, 1, 'load-url-task', 'WP_Optimize_Load_Url_Task', 0, 'Preload - https://doubleblackstudio.de/datenschutz/', '2025-02-18 12:58:59', 0, 'active'),
(753, 1, 'load-url-task', 'WP_Optimize_Load_Url_Task', 0, 'Preload - https://doubleblackstudio.de', '2025-02-18 12:59:02', 0, 'active'),
(754, 1, 'load-url-task', 'WP_Optimize_Load_Url_Task', 0, 'Preload - https://doubleblackstudio.de/impressum/', '2025-02-18 12:59:02', 0, 'active'),
(755, 1, 'load-url-task', 'WP_Optimize_Load_Url_Task', 0, 'Preload - https://doubleblackstudio.de', '2025-02-18 12:59:04', 0, 'active'),
(756, 1, 'load-url-task', 'WP_Optimize_Load_Url_Task', 0, 'Preload - https://doubleblackstudio.de/impressum/', '2025-02-18 12:59:04', 0, 'active'),
(757, 1, 'load-url-task', 'WP_Optimize_Load_Url_Task', 0, 'Preload - https://doubleblackstudio.de', '2025-02-18 12:59:29', 0, 'active'),
(758, 1, 'load-url-task', 'WP_Optimize_Load_Url_Task', 0, 'Preload - https://doubleblackstudio.de/datenschutz/', '2025-02-18 12:59:29', 0, 'active'),
(759, 1, 'load-url-task', 'WP_Optimize_Load_Url_Task', 0, 'Preload - https://doubleblackstudio.de', '2025-02-18 13:00:09', 0, 'active'),
(760, 1, 'load-url-task', 'WP_Optimize_Load_Url_Task', 0, 'Preload - https://doubleblackstudio.de/impressum/', '2025-02-18 13:00:09', 0, 'active'),
(761, 1, 'load-url-task', 'WP_Optimize_Load_Url_Task', 0, 'Preload - https://doubleblackstudio.de', '2025-02-18 13:37:20', 0, 'active'),
(762, 1, 'load-url-task', 'WP_Optimize_Load_Url_Task', 0, 'Preload - https://doubleblackstudio.de/limousinenservice/', '2025-02-18 13:37:20', 0, 'active'),
(763, 1, 'load-url-task', 'WP_Optimize_Load_Url_Task', 0, 'Preload - https://doubleblackstudio.de', '2025-02-18 13:37:21', 0, 'active'),
(764, 1, 'load-url-task', 'WP_Optimize_Load_Url_Task', 0, 'Preload - https://doubleblackstudio.de/limousinenservice/', '2025-02-18 13:37:21', 0, 'active'),
(765, 1, 'load-url-task', 'WP_Optimize_Load_Url_Task', 0, 'Preload - https://doubleblackstudio.de', '2025-02-18 13:42:10', 0, 'active'),
(766, 1, 'load-url-task', 'WP_Optimize_Load_Url_Task', 0, 'Preload - https://doubleblackstudio.de/limousinenservice/', '2025-02-18 13:42:10', 0, 'active'),
(767, 1, 'load-url-task', 'WP_Optimize_Load_Url_Task', 0, 'Preload - https://doubleblackstudio.de', '2025-02-18 13:43:27', 0, 'active'),
(768, 1, 'load-url-task', 'WP_Optimize_Load_Url_Task', 0, 'Preload - https://doubleblackstudio.de/limousinenservice/', '2025-02-18 13:43:27', 0, 'active'),
(769, 1, 'load-url-task', 'WP_Optimize_Load_Url_Task', 0, 'Preload - https://doubleblackstudio.de', '2025-02-18 13:43:47', 0, 'active'),
(770, 1, 'load-url-task', 'WP_Optimize_Load_Url_Task', 0, 'Preload - https://doubleblackstudio.de/', '2025-02-18 13:43:47', 0, 'active'),
(771, 1, 'load-url-task', 'WP_Optimize_Load_Url_Task', 0, 'Preload - https://doubleblackstudio.de', '2025-02-18 13:44:58', 0, 'active'),
(772, 1, 'load-url-task', 'WP_Optimize_Load_Url_Task', 0, 'Preload - https://doubleblackstudio.de/flughafentransfer/', '2025-02-18 13:44:58', 0, 'active'),
(773, 1, 'load-url-task', 'WP_Optimize_Load_Url_Task', 0, 'Preload - https://doubleblackstudio.de', '2025-02-18 13:44:59', 0, 'active'),
(774, 1, 'load-url-task', 'WP_Optimize_Load_Url_Task', 0, 'Preload - https://doubleblackstudio.de/flughafentransfer/', '2025-02-18 13:44:59', 0, 'active'),
(775, 1, 'load-url-task', 'WP_Optimize_Load_Url_Task', 0, 'Preload - https://doubleblackstudio.de', '2025-02-18 13:45:33', 0, 'active'),
(776, 1, 'load-url-task', 'WP_Optimize_Load_Url_Task', 0, 'Preload - https://doubleblackstudio.de/flughafentransfer/', '2025-02-18 13:45:33', 0, 'active'),
(777, 1, 'load-url-task', 'WP_Optimize_Load_Url_Task', 0, 'Preload - https://doubleblackstudio.de', '2025-02-18 13:46:22', 0, 'active'),
(778, 1, 'load-url-task', 'WP_Optimize_Load_Url_Task', 0, 'Preload - https://doubleblackstudio.de/', '2025-02-18 13:46:22', 0, 'active'),
(779, 1, 'load-url-task', 'WP_Optimize_Load_Url_Task', 0, 'Preload - https://doubleblackstudio.de', '2025-02-18 13:47:48', 0, 'active'),
(780, 1, 'load-url-task', 'WP_Optimize_Load_Url_Task', 0, 'Preload - https://doubleblackstudio.de/chauffeurservice/', '2025-02-18 13:47:48', 0, 'active'),
(781, 1, 'load-url-task', 'WP_Optimize_Load_Url_Task', 0, 'Preload - https://doubleblackstudio.de', '2025-02-18 13:47:49', 0, 'active'),
(782, 1, 'load-url-task', 'WP_Optimize_Load_Url_Task', 0, 'Preload - https://doubleblackstudio.de/chauffeurservice/', '2025-02-18 13:47:49', 0, 'active'),
(783, 1, 'load-url-task', 'WP_Optimize_Load_Url_Task', 0, 'Preload - https://doubleblackstudio.de', '2025-02-18 13:48:37', 0, 'active'),
(784, 1, 'load-url-task', 'WP_Optimize_Load_Url_Task', 0, 'Preload - https://doubleblackstudio.de/chauffeurservice/', '2025-02-18 13:48:37', 0, 'active'),
(785, 1, 'load-url-task', 'WP_Optimize_Load_Url_Task', 0, 'Preload - https://doubleblackstudio.de', '2025-02-18 13:48:52', 0, 'active'),
(786, 1, 'load-url-task', 'WP_Optimize_Load_Url_Task', 0, 'Preload - https://doubleblackstudio.de/', '2025-02-18 13:48:52', 0, 'active'),
(787, 1, 'load-url-task', 'WP_Optimize_Load_Url_Task', 0, 'Preload - https://doubleblackstudio.de', '2025-02-18 13:49:51', 0, 'active'),
(788, 1, 'load-url-task', 'WP_Optimize_Load_Url_Task', 0, 'Preload - https://doubleblackstudio.de/stretch-limousinenservice/', '2025-02-18 13:49:51', 0, 'active'),
(789, 1, 'load-url-task', 'WP_Optimize_Load_Url_Task', 0, 'Preload - https://doubleblackstudio.de', '2025-02-18 13:49:52', 0, 'active'),
(790, 1, 'load-url-task', 'WP_Optimize_Load_Url_Task', 0, 'Preload - https://doubleblackstudio.de/stretch-limousinenservice/', '2025-02-18 13:49:52', 0, 'active'),
(791, 1, 'load-url-task', 'WP_Optimize_Load_Url_Task', 0, 'Preload - https://doubleblackstudio.de', '2025-02-18 13:50:29', 0, 'active'),
(792, 1, 'load-url-task', 'WP_Optimize_Load_Url_Task', 0, 'Preload - https://doubleblackstudio.de/stretch-limousinenservice/', '2025-02-18 13:50:29', 0, 'active'),
(793, 1, 'load-url-task', 'WP_Optimize_Load_Url_Task', 0, 'Preload - https://doubleblackstudio.de', '2025-02-18 13:51:03', 0, 'active'),
(794, 1, 'load-url-task', 'WP_Optimize_Load_Url_Task', 0, 'Preload - https://doubleblackstudio.de/', '2025-02-18 13:51:03', 0, 'active'),
(795, 1, 'load-url-task', 'WP_Optimize_Load_Url_Task', 0, 'Preload - https://doubleblackstudio.de', '2025-02-18 13:56:22', 0, 'active'),
(796, 1, 'load-url-task', 'WP_Optimize_Load_Url_Task', 0, 'Preload - https://doubleblackstudio.de/airporttransfer/', '2025-02-18 13:56:22', 0, 'active'),
(797, 1, 'load-url-task', 'WP_Optimize_Load_Url_Task', 0, 'Preload - https://doubleblackstudio.de', '2025-02-18 13:56:23', 0, 'active'),
(798, 1, 'load-url-task', 'WP_Optimize_Load_Url_Task', 0, 'Preload - https://doubleblackstudio.de/airporttransfer/', '2025-02-18 13:56:23', 0, 'active'),
(799, 1, 'load-url-task', 'WP_Optimize_Load_Url_Task', 0, 'Preload - https://doubleblackstudio.de', '2025-02-18 13:56:43', 0, 'active'),
(800, 1, 'load-url-task', 'WP_Optimize_Load_Url_Task', 0, 'Preload - https://doubleblackstudio.de/airporttransfer/', '2025-02-18 13:56:43', 0, 'active'),
(801, 1, 'load-url-task', 'WP_Optimize_Load_Url_Task', 0, 'Preload - https://doubleblackstudio.de', '2025-02-18 13:56:54', 0, 'active'),
(802, 1, 'load-url-task', 'WP_Optimize_Load_Url_Task', 0, 'Preload - https://doubleblackstudio.de/', '2025-02-18 13:56:54', 0, 'active'),
(803, 1, 'load-url-task', 'WP_Optimize_Load_Url_Task', 0, 'Preload - https://doubleblackstudio.de', '2025-02-18 13:58:10', 0, 'active'),
(804, 1, 'load-url-task', 'WP_Optimize_Load_Url_Task', 0, 'Preload - https://doubleblackstudio.de/airport-taxi/', '2025-02-18 13:58:10', 0, 'active'),
(805, 1, 'load-url-task', 'WP_Optimize_Load_Url_Task', 0, 'Preload - https://doubleblackstudio.de', '2025-02-18 13:58:11', 0, 'active'),
(806, 1, 'load-url-task', 'WP_Optimize_Load_Url_Task', 0, 'Preload - https://doubleblackstudio.de/airport-taxi/', '2025-02-18 13:58:11', 0, 'active'),
(807, 1, 'load-url-task', 'WP_Optimize_Load_Url_Task', 0, 'Preload - https://doubleblackstudio.de', '2025-02-18 13:58:33', 0, 'active'),
(808, 1, 'load-url-task', 'WP_Optimize_Load_Url_Task', 0, 'Preload - https://doubleblackstudio.de/airport-taxi/', '2025-02-18 13:58:33', 0, 'active'),
(809, 1, 'load-url-task', 'WP_Optimize_Load_Url_Task', 0, 'Preload - https://doubleblackstudio.de', '2025-02-18 13:58:40', 0, 'active'),
(810, 1, 'load-url-task', 'WP_Optimize_Load_Url_Task', 0, 'Preload - https://doubleblackstudio.de/', '2025-02-18 13:58:40', 0, 'active'),
(811, 1, 'load-url-task', 'WP_Optimize_Load_Url_Task', 0, 'Preload - https://doubleblackstudio.de', '2025-02-18 13:59:32', 0, 'active'),
(812, 1, 'load-url-task', 'WP_Optimize_Load_Url_Task', 0, 'Preload - https://doubleblackstudio.de/zurich-airport-taxi/', '2025-02-18 13:59:32', 0, 'active'),
(813, 1, 'load-url-task', 'WP_Optimize_Load_Url_Task', 0, 'Preload - https://doubleblackstudio.de', '2025-02-18 13:59:33', 0, 'active'),
(814, 1, 'load-url-task', 'WP_Optimize_Load_Url_Task', 0, 'Preload - https://doubleblackstudio.de/zurich-airport-taxi/', '2025-02-18 13:59:33', 0, 'active'),
(815, 1, 'load-url-task', 'WP_Optimize_Load_Url_Task', 0, 'Preload - https://doubleblackstudio.de', '2025-02-18 13:59:59', 0, 'active'),
(816, 1, 'load-url-task', 'WP_Optimize_Load_Url_Task', 0, 'Preload - https://doubleblackstudio.de/zurich-airport-taxi/', '2025-02-18 13:59:59', 0, 'active'),
(817, 1, 'load-url-task', 'WP_Optimize_Load_Url_Task', 0, 'Preload - https://doubleblackstudio.de', '2025-02-18 14:00:13', 0, 'active'),
(818, 1, 'load-url-task', 'WP_Optimize_Load_Url_Task', 0, 'Preload - https://doubleblackstudio.de/', '2025-02-18 14:00:13', 0, 'active'),
(819, 1, 'load-url-task', 'WP_Optimize_Load_Url_Task', 0, 'Preload - https://doubleblackstudio.de', '2025-02-18 14:01:33', 0, 'active'),
(820, 1, 'load-url-task', 'WP_Optimize_Load_Url_Task', 0, 'Preload - https://doubleblackstudio.de/airport-limousine/', '2025-02-18 14:01:33', 0, 'active'),
(821, 1, 'load-url-task', 'WP_Optimize_Load_Url_Task', 0, 'Preload - https://doubleblackstudio.de', '2025-02-18 14:01:34', 0, 'active'),
(822, 1, 'load-url-task', 'WP_Optimize_Load_Url_Task', 0, 'Preload - https://doubleblackstudio.de/airport-limousine/', '2025-02-18 14:01:34', 0, 'active'),
(823, 1, 'load-url-task', 'WP_Optimize_Load_Url_Task', 0, 'Preload - https://doubleblackstudio.de', '2025-02-18 14:01:53', 0, 'active'),
(824, 1, 'load-url-task', 'WP_Optimize_Load_Url_Task', 0, 'Preload - https://doubleblackstudio.de/airport-limousine/', '2025-02-18 14:01:53', 0, 'active'),
(825, 1, 'load-url-task', 'WP_Optimize_Load_Url_Task', 0, 'Preload - https://doubleblackstudio.de', '2025-02-18 14:01:59', 0, 'active'),
(826, 1, 'load-url-task', 'WP_Optimize_Load_Url_Task', 0, 'Preload - https://doubleblackstudio.de/', '2025-02-18 14:01:59', 0, 'active'),
(827, 1, 'load-url-task', 'WP_Optimize_Load_Url_Task', 0, 'Preload - https://doubleblackstudio.de', '2025-02-18 14:02:50', 0, 'active'),
(828, 1, 'load-url-task', 'WP_Optimize_Load_Url_Task', 0, 'Preload - https://doubleblackstudio.de/airport-shuttle/', '2025-02-18 14:02:50', 0, 'active'),
(829, 1, 'load-url-task', 'WP_Optimize_Load_Url_Task', 0, 'Preload - https://doubleblackstudio.de', '2025-02-18 14:02:51', 0, 'active'),
(830, 1, 'load-url-task', 'WP_Optimize_Load_Url_Task', 0, 'Preload - https://doubleblackstudio.de/airport-shuttle/', '2025-02-18 14:02:51', 0, 'active'),
(831, 1, 'load-url-task', 'WP_Optimize_Load_Url_Task', 0, 'Preload - https://doubleblackstudio.de', '2025-02-18 14:03:12', 0, 'active'),
(832, 1, 'load-url-task', 'WP_Optimize_Load_Url_Task', 0, 'Preload - https://doubleblackstudio.de/airport-shuttle/', '2025-02-18 14:03:12', 0, 'active'),
(833, 1, 'load-url-task', 'WP_Optimize_Load_Url_Task', 0, 'Preload - https://doubleblackstudio.de', '2025-02-18 14:03:18', 0, 'active'),
(834, 1, 'load-url-task', 'WP_Optimize_Load_Url_Task', 0, 'Preload - https://doubleblackstudio.de/', '2025-02-18 14:03:18', 0, 'active'),
(835, 1, 'load-url-task', 'WP_Optimize_Load_Url_Task', 0, 'Preload - https://doubleblackstudio.de', '2025-02-18 14:04:15', 0, 'active'),
(836, 1, 'load-url-task', 'WP_Optimize_Load_Url_Task', 0, 'Preload - https://doubleblackstudio.de/zuerich-limousine/', '2025-02-18 14:04:15', 0, 'active'),
(837, 1, 'load-url-task', 'WP_Optimize_Load_Url_Task', 0, 'Preload - https://doubleblackstudio.de', '2025-02-18 14:04:16', 0, 'active'),
(838, 1, 'load-url-task', 'WP_Optimize_Load_Url_Task', 0, 'Preload - https://doubleblackstudio.de/zuerich-limousine/', '2025-02-18 14:04:16', 0, 'active'),
(839, 1, 'load-url-task', 'WP_Optimize_Load_Url_Task', 0, 'Preload - https://doubleblackstudio.de', '2025-02-18 14:04:40', 0, 'active'),
(840, 1, 'load-url-task', 'WP_Optimize_Load_Url_Task', 0, 'Preload - https://doubleblackstudio.de/zuerich-limousine/', '2025-02-18 14:04:40', 0, 'active'),
(841, 1, 'load-url-task', 'WP_Optimize_Load_Url_Task', 0, 'Preload - https://doubleblackstudio.de', '2025-02-18 14:15:33', 0, 'active'),
(842, 1, 'load-url-task', 'WP_Optimize_Load_Url_Task', 0, 'Preload - https://doubleblackstudio.de/impressum/', '2025-02-18 14:15:33', 0, 'active'),
(843, 1, 'load-url-task', 'WP_Optimize_Load_Url_Task', 0, 'Preload - https://doubleblackstudio.de', '2025-03-07 09:33:52', 0, 'active'),
(844, 1, 'load-url-task', 'WP_Optimize_Load_Url_Task', 0, 'Preload - https://doubleblackstudio.de/', '2025-03-07 09:33:52', 0, 'active'),
(845, 1, 'load-url-task', 'WP_Optimize_Load_Url_Task', 0, 'Preload - https://doubleblackstudio.de', '2025-03-07 09:35:31', 0, 'active'),
(846, 1, 'load-url-task', 'WP_Optimize_Load_Url_Task', 0, 'Preload - https://doubleblackstudio.de/airport-shuttle/', '2025-03-07 09:35:31', 0, 'active'),
(847, 1, 'load-url-task', 'WP_Optimize_Load_Url_Task', 0, 'Preload - https://doubleblackstudio.de/', '2025-03-07 09:35:31', 0, 'active'),
(848, 1, 'load-url-task', 'WP_Optimize_Load_Url_Task', 0, 'Preload - https://doubleblackstudio.de/airport-taxi/', '2025-03-07 09:35:31', 0, 'active'),
(849, 1, 'load-url-task', 'WP_Optimize_Load_Url_Task', 0, 'Preload - https://doubleblackstudio.de/airporttransfer/', '2025-03-07 09:35:31', 0, 'active'),
(850, 1, 'load-url-task', 'WP_Optimize_Load_Url_Task', 0, 'Preload - https://doubleblackstudio.de/chauffeurservice/', '2025-03-07 09:35:31', 0, 'active'),
(851, 1, 'load-url-task', 'WP_Optimize_Load_Url_Task', 0, 'Preload - https://doubleblackstudio.de/flughafentransfer/', '2025-03-07 09:35:31', 0, 'active'),
(852, 1, 'load-url-task', 'WP_Optimize_Load_Url_Task', 0, 'Preload - https://doubleblackstudio.de/limousinenservice/', '2025-03-07 09:35:31', 0, 'active'),
(853, 1, 'load-url-task', 'WP_Optimize_Load_Url_Task', 0, 'Preload - https://doubleblackstudio.de/stretch-limousinenservice/', '2025-03-07 09:35:31', 0, 'active'),
(854, 1, 'load-url-task', 'WP_Optimize_Load_Url_Task', 0, 'Preload - https://doubleblackstudio.de/zurich-airport-taxi/', '2025-03-07 09:35:31', 0, 'active'),
(855, 1, 'load-url-task', 'WP_Optimize_Load_Url_Task', 0, 'Preload - https://doubleblackstudio.de/zuerich-limousine/', '2025-03-07 09:35:31', 0, 'active'),
(856, 1, 'load-url-task', 'WP_Optimize_Load_Url_Task', 0, 'Preload - https://doubleblackstudio.de', '2025-03-07 10:09:30', 0, 'active'),
(857, 1, 'load-url-task', 'WP_Optimize_Load_Url_Task', 0, 'Preload - https://doubleblackstudio.de/', '2025-03-07 10:09:30', 0, 'active'),
(858, 1, 'load-url-task', 'WP_Optimize_Load_Url_Task', 0, 'Preload - https://doubleblackstudio.de', '2025-03-07 10:09:30', 0, 'active'),
(859, 1, 'load-url-task', 'WP_Optimize_Load_Url_Task', 0, 'Preload - https://doubleblackstudio.de/', '2025-03-07 10:09:30', 0, 'active'),
(860, 1, 'load-url-task', 'WP_Optimize_Load_Url_Task', 0, 'Preload - https://doubleblackstudio.de', '2025-03-07 10:14:26', 0, 'active'),
(861, 1, 'load-url-task', 'WP_Optimize_Load_Url_Task', 0, 'Preload - https://doubleblackstudio.de/elementor-hf/546/', '2025-03-07 10:14:26', 0, 'active'),
(862, 1, 'load-url-task', 'WP_Optimize_Load_Url_Task', 0, 'Preload - https://doubleblackstudio.de', '2025-03-07 13:02:42', 0, 'active'),
(863, 1, 'load-url-task', 'WP_Optimize_Load_Url_Task', 0, 'Preload - https://doubleblackstudio.de/', '2025-03-07 13:02:42', 0, 'active'),
(864, 1, 'load-url-task', 'WP_Optimize_Load_Url_Task', 0, 'Preload - https://doubleblackstudio.de', '2025-03-07 13:29:29', 0, 'active'),
(865, 1, 'load-url-task', 'WP_Optimize_Load_Url_Task', 0, 'Preload - https://doubleblackstudio.de/', '2025-03-07 13:29:29', 0, 'active'),
(866, 1, 'load-url-task', 'WP_Optimize_Load_Url_Task', 0, 'Preload - https://doubleblackstudio.de', '2025-03-07 13:52:59', 0, 'active'),
(867, 1, 'load-url-task', 'WP_Optimize_Load_Url_Task', 0, 'Preload - https://doubleblackstudio.de/', '2025-03-07 13:52:59', 0, 'active'),
(868, 1, 'load-url-task', 'WP_Optimize_Load_Url_Task', 0, 'Preload - https://doubleblackstudio.de', '2025-03-07 14:34:21', 0, 'active'),
(869, 1, 'load-url-task', 'WP_Optimize_Load_Url_Task', 0, 'Preload - https://doubleblackstudio.de/', '2025-03-07 14:34:21', 0, 'active'),
(870, 1, 'load-url-task', 'WP_Optimize_Load_Url_Task', 0, 'Preload - https://doubleblackstudio.de', '2025-03-07 14:40:33', 0, 'active'),
(871, 1, 'load-url-task', 'WP_Optimize_Load_Url_Task', 0, 'Preload - https://doubleblackstudio.de/', '2025-03-07 14:40:33', 0, 'active'),
(872, 1, 'load-url-task', 'WP_Optimize_Load_Url_Task', 0, 'Preload - https://doubleblackstudio.de', '2025-03-07 14:59:33', 0, 'active'),
(873, 1, 'load-url-task', 'WP_Optimize_Load_Url_Task', 0, 'Preload - https://doubleblackstudio.de/', '2025-03-07 14:59:33', 0, 'active'),
(874, 1, 'load-url-task', 'WP_Optimize_Load_Url_Task', 0, 'Preload - https://doubleblackstudio.de', '2025-03-07 15:45:17', 0, 'active'),
(875, 1, 'load-url-task', 'WP_Optimize_Load_Url_Task', 0, 'Preload - https://doubleblackstudio.de/', '2025-03-07 15:45:17', 0, 'active'),
(876, 1, 'load-url-task', 'WP_Optimize_Load_Url_Task', 0, 'Preload - https://doubleblackstudio.de', '2025-03-11 07:50:48', 0, 'active'),
(877, 1, 'load-url-task', 'WP_Optimize_Load_Url_Task', 0, 'Preload - https://doubleblackstudio.de/', '2025-03-11 07:50:48', 0, 'active'),
(878, 1, 'load-url-task', 'WP_Optimize_Load_Url_Task', 0, 'Preload - https://doubleblackstudio.de/2025/', '2025-03-11 07:50:48', 0, 'active'),
(879, 1, 'load-url-task', 'WP_Optimize_Load_Url_Task', 0, 'Preload - https://doubleblackstudio.de/2025/03/', '2025-03-11 07:50:48', 0, 'active'),
(880, 1, 'load-url-task', 'WP_Optimize_Load_Url_Task', 0, 'Preload - https://doubleblackstudio.de/2025/03/11/', '2025-03-11 07:50:48', 0, 'active'),
(881, 1, 'load-url-task', 'WP_Optimize_Load_Url_Task', 0, 'Preload - https://doubleblackstudio.de', '2025-03-11 07:56:03', 0, 'active'),
(882, 1, 'load-url-task', 'WP_Optimize_Load_Url_Task', 0, 'Preload - https://doubleblackstudio.de/elementor-hf/ftt/', '2025-03-11 07:56:03', 0, 'active'),
(883, 1, 'load-url-task', 'WP_Optimize_Load_Url_Task', 0, 'Preload - https://doubleblackstudio.de', '2025-03-11 07:58:04', 0, 'active'),
(884, 1, 'load-url-task', 'WP_Optimize_Load_Url_Task', 0, 'Preload - https://doubleblackstudio.de/metform-form/anfrage/', '2025-03-11 07:58:04', 0, 'active'),
(885, 1, 'load-url-task', 'WP_Optimize_Load_Url_Task', 0, 'Preload - https://doubleblackstudio.de', '2025-03-11 07:58:54', 0, 'active'),
(886, 1, 'load-url-task', 'WP_Optimize_Load_Url_Task', 0, 'Preload - https://doubleblackstudio.de/elementor-hf/ftt/', '2025-03-11 07:58:54', 0, 'active'),
(887, 1, 'load-url-task', 'WP_Optimize_Load_Url_Task', 0, 'Preload - https://doubleblackstudio.de', '2025-03-11 08:07:32', 0, 'active'),
(888, 1, 'load-url-task', 'WP_Optimize_Load_Url_Task', 0, 'Preload - https://doubleblackstudio.de/impressum/', '2025-03-11 08:07:32', 0, 'active'),
(889, 1, 'load-url-task', 'WP_Optimize_Load_Url_Task', 0, 'Preload - https://doubleblackstudio.de', '2025-03-11 08:08:56', 0, 'active'),
(890, 1, 'load-url-task', 'WP_Optimize_Load_Url_Task', 0, 'Preload - https://doubleblackstudio.de/datenschutz/', '2025-03-11 08:08:56', 0, 'active'),
(891, 1, 'load-url-task', 'WP_Optimize_Load_Url_Task', 0, 'Preload - https://doubleblackstudio.de', '2025-03-11 08:18:05', 0, 'active'),
(892, 1, 'load-url-task', 'WP_Optimize_Load_Url_Task', 0, 'Preload - https://doubleblackstudio.de/exklusiver-chauffeurservice/', '2025-03-11 08:18:05', 0, 'active'),
(893, 1, 'load-url-task', 'WP_Optimize_Load_Url_Task', 0, 'Preload - https://doubleblackstudio.de', '2025-03-11 08:18:06', 0, 'active'),
(894, 1, 'load-url-task', 'WP_Optimize_Load_Url_Task', 0, 'Preload - https://doubleblackstudio.de/exklusiver-chauffeurservice/', '2025-03-11 08:18:06', 0, 'active'),
(895, 1, 'load-url-task', 'WP_Optimize_Load_Url_Task', 0, 'Preload - https://doubleblackstudio.de', '2025-03-11 08:18:50', 0, 'active'),
(896, 1, 'load-url-task', 'WP_Optimize_Load_Url_Task', 0, 'Preload - https://doubleblackstudio.de/exklusiver-chauffeurservice/', '2025-03-11 08:18:50', 0, 'active'),
(897, 1, 'load-url-task', 'WP_Optimize_Load_Url_Task', 0, 'Preload - https://doubleblackstudio.de', '2025-03-11 08:19:24', 0, 'active'),
(898, 1, 'load-url-task', 'WP_Optimize_Load_Url_Task', 0, 'Preload - https://doubleblackstudio.de/exklusiver-chauffeurservice/', '2025-03-11 08:19:24', 0, 'active'),
(899, 1, 'load-url-task', 'WP_Optimize_Load_Url_Task', 0, 'Preload - https://doubleblackstudio.de', '2025-03-11 08:19:25', 0, 'active'),
(900, 1, 'load-url-task', 'WP_Optimize_Load_Url_Task', 0, 'Preload - https://doubleblackstudio.de/exklusiver-chauffeurservice/', '2025-03-11 08:19:25', 0, 'active'),
(901, 1, 'load-url-task', 'WP_Optimize_Load_Url_Task', 0, 'Preload - https://doubleblackstudio.de', '2025-03-11 08:19:38', 0, 'active'),
(902, 1, 'load-url-task', 'WP_Optimize_Load_Url_Task', 0, 'Preload - https://doubleblackstudio.de/', '2025-03-11 08:19:38', 0, 'active'),
(903, 1, 'load-url-task', 'WP_Optimize_Load_Url_Task', 0, 'Preload - https://doubleblackstudio.de', '2025-03-11 08:22:52', 0, 'active'),
(904, 1, 'load-url-task', 'WP_Optimize_Load_Url_Task', 0, 'Preload - https://doubleblackstudio.de/flughafentransfers/', '2025-03-11 08:22:52', 0, 'active'),
(905, 1, 'load-url-task', 'WP_Optimize_Load_Url_Task', 0, 'Preload - https://doubleblackstudio.de', '2025-03-11 08:22:53', 0, 'active'),
(906, 1, 'load-url-task', 'WP_Optimize_Load_Url_Task', 0, 'Preload - https://doubleblackstudio.de/flughafentransfers/', '2025-03-11 08:22:53', 0, 'active'),
(907, 1, 'load-url-task', 'WP_Optimize_Load_Url_Task', 0, 'Preload - https://doubleblackstudio.de', '2025-03-11 08:24:06', 0, 'active'),
(908, 1, 'load-url-task', 'WP_Optimize_Load_Url_Task', 0, 'Preload - https://doubleblackstudio.de/flughafentransfers/', '2025-03-11 08:24:06', 0, 'active'),
(909, 1, 'load-url-task', 'WP_Optimize_Load_Url_Task', 0, 'Preload - https://doubleblackstudio.de', '2025-03-11 08:25:09', 0, 'active'),
(910, 1, 'load-url-task', 'WP_Optimize_Load_Url_Task', 0, 'Preload - https://doubleblackstudio.de/', '2025-03-11 08:25:09', 0, 'active'),
(911, 1, 'load-url-task', 'WP_Optimize_Load_Url_Task', 0, 'Preload - https://doubleblackstudio.de', '2025-03-11 08:27:00', 0, 'active'),
(912, 1, 'load-url-task', 'WP_Optimize_Load_Url_Task', 0, 'Preload - https://doubleblackstudio.de/vip-spezialtransporte/', '2025-03-11 08:27:00', 0, 'active'),
(913, 1, 'load-url-task', 'WP_Optimize_Load_Url_Task', 0, 'Preload - https://doubleblackstudio.de', '2025-03-11 08:27:01', 0, 'active'),
(914, 1, 'load-url-task', 'WP_Optimize_Load_Url_Task', 0, 'Preload - https://doubleblackstudio.de/vip-spezialtransporte/', '2025-03-11 08:27:01', 0, 'active'),
(915, 1, 'load-url-task', 'WP_Optimize_Load_Url_Task', 0, 'Preload - https://doubleblackstudio.de', '2025-03-11 08:27:50', 0, 'active'),
(916, 1, 'load-url-task', 'WP_Optimize_Load_Url_Task', 0, 'Preload - https://doubleblackstudio.de/vip-spezialtransporte/', '2025-03-11 08:27:50', 0, 'active'),
(917, 1, 'load-url-task', 'WP_Optimize_Load_Url_Task', 0, 'Preload - https://doubleblackstudio.de', '2025-03-11 08:29:15', 0, 'active'),
(918, 1, 'load-url-task', 'WP_Optimize_Load_Url_Task', 0, 'Preload - https://doubleblackstudio.de/', '2025-03-11 08:29:15', 0, 'active'),
(919, 1, 'load-url-task', 'WP_Optimize_Load_Url_Task', 0, 'Preload - https://doubleblackstudio.de', '2025-03-11 08:31:03', 0, 'active'),
(920, 1, 'load-url-task', 'WP_Optimize_Load_Url_Task', 0, 'Preload - https://doubleblackstudio.de/business-eventfahrten/', '2025-03-11 08:31:03', 0, 'active'),
(921, 1, 'load-url-task', 'WP_Optimize_Load_Url_Task', 0, 'Preload - https://doubleblackstudio.de', '2025-03-11 08:31:04', 0, 'active'),
(922, 1, 'load-url-task', 'WP_Optimize_Load_Url_Task', 0, 'Preload - https://doubleblackstudio.de/business-eventfahrten/', '2025-03-11 08:31:04', 0, 'active'),
(923, 1, 'load-url-task', 'WP_Optimize_Load_Url_Task', 0, 'Preload - https://doubleblackstudio.de', '2025-03-23 11:54:03', 0, 'active'),
(924, 1, 'load-url-task', 'WP_Optimize_Load_Url_Task', 0, 'Preload - https://doubleblackstudio.de/', '2025-03-23 11:54:03', 0, 'active'),
(925, 1, 'load-url-task', 'WP_Optimize_Load_Url_Task', 0, 'Preload - https://doubleblackstudio.de/2025/', '2025-03-23 11:54:03', 0, 'active'),
(926, 1, 'load-url-task', 'WP_Optimize_Load_Url_Task', 0, 'Preload - https://doubleblackstudio.de/2025/03/', '2025-03-23 11:54:03', 0, 'active'),
(927, 1, 'load-url-task', 'WP_Optimize_Load_Url_Task', 0, 'Preload - https://doubleblackstudio.de/2025/03/23/', '2025-03-23 11:54:03', 0, 'active'),
(928, 1, 'load-url-task', 'WP_Optimize_Load_Url_Task', 0, 'Preload - https://doubleblackstudio.de', '2025-03-23 12:22:27', 0, 'active'),
(929, 1, 'load-url-task', 'WP_Optimize_Load_Url_Task', 0, 'Preload - https://doubleblackstudio.de/', '2025-03-23 12:22:27', 0, 'active'),
(930, 1, 'load-url-task', 'WP_Optimize_Load_Url_Task', 0, 'Preload - https://doubleblackstudio.de', '2025-03-23 12:23:47', 0, 'active'),
(931, 1, 'load-url-task', 'WP_Optimize_Load_Url_Task', 0, 'Preload - https://doubleblackstudio.de/exklusiver-chauffeurservice/', '2025-03-23 12:23:47', 0, 'active'),
(932, 1, 'load-url-task', 'WP_Optimize_Load_Url_Task', 0, 'Preload - https://doubleblackstudio.de/', '2025-03-23 12:23:47', 0, 'active'),
(933, 1, 'load-url-task', 'WP_Optimize_Load_Url_Task', 0, 'Preload - https://doubleblackstudio.de/flughafentransfers/', '2025-03-23 12:23:47', 0, 'active'),
(934, 1, 'load-url-task', 'WP_Optimize_Load_Url_Task', 0, 'Preload - https://doubleblackstudio.de/vip-spezialtransporte/', '2025-03-23 12:23:47', 0, 'active'),
(935, 1, 'load-url-task', 'WP_Optimize_Load_Url_Task', 0, 'Preload - https://doubleblackstudio.de', '2025-03-23 12:29:25', 0, 'active'),
(936, 1, 'load-url-task', 'WP_Optimize_Load_Url_Task', 0, 'Preload - https://doubleblackstudio.de/', '2025-03-23 12:29:25', 0, 'active'),
(937, 1, 'load-url-task', 'WP_Optimize_Load_Url_Task', 0, 'Preload - https://doubleblackstudio.de', '2025-03-23 12:29:26', 0, 'active'),
(938, 1, 'load-url-task', 'WP_Optimize_Load_Url_Task', 0, 'Preload - https://doubleblackstudio.de/', '2025-03-23 12:29:26', 0, 'active'),
(939, 1, 'load-url-task', 'WP_Optimize_Load_Url_Task', 0, 'Preload - https://doubleblackstudio.de', '2025-03-23 12:32:49', 0, 'active'),
(940, 1, 'load-url-task', 'WP_Optimize_Load_Url_Task', 0, 'Preload - https://doubleblackstudio.de/', '2025-03-23 12:32:49', 0, 'active'),
(941, 1, 'load-url-task', 'WP_Optimize_Load_Url_Task', 0, 'Preload - https://doubleblackstudio.de', '2025-03-23 12:34:32', 0, 'active'),
(942, 1, 'load-url-task', 'WP_Optimize_Load_Url_Task', 0, 'Preload - https://doubleblackstudio.de/elementor-hf/546/', '2025-03-23 12:34:32', 0, 'active'),
(943, 1, 'load-url-task', 'WP_Optimize_Load_Url_Task', 0, 'Preload - https://doubleblackstudio.de', '2025-03-23 12:46:02', 0, 'active'),
(944, 1, 'load-url-task', 'WP_Optimize_Load_Url_Task', 0, 'Preload - https://doubleblackstudio.de/', '2025-03-23 12:46:02', 0, 'active'),
(945, 1, 'load-url-task', 'WP_Optimize_Load_Url_Task', 0, 'Preload - https://doubleblackstudio.de', '2025-03-23 13:12:20', 0, 'active'),
(946, 1, 'load-url-task', 'WP_Optimize_Load_Url_Task', 0, 'Preload - https://doubleblackstudio.de/', '2025-03-23 13:12:20', 0, 'active'),
(947, 1, 'load-url-task', 'WP_Optimize_Load_Url_Task', 0, 'Preload - https://doubleblackstudio.de', '2025-03-23 13:40:10', 0, 'active'),
(948, 1, 'load-url-task', 'WP_Optimize_Load_Url_Task', 0, 'Preload - https://doubleblackstudio.de/', '2025-03-23 13:40:10', 0, 'active'),
(949, 1, 'load-url-task', 'WP_Optimize_Load_Url_Task', 0, 'Preload - https://doubleblackstudio.de', '2025-03-23 13:41:37', 0, 'active'),
(950, 1, 'load-url-task', 'WP_Optimize_Load_Url_Task', 0, 'Preload - https://doubleblackstudio.de/', '2025-03-23 13:41:37', 0, 'active'),
(951, 1, 'load-url-task', 'WP_Optimize_Load_Url_Task', 0, 'Preload - https://doubleblackstudio.de', '2025-03-23 13:43:49', 0, 'active'),
(952, 1, 'load-url-task', 'WP_Optimize_Load_Url_Task', 0, 'Preload - https://doubleblackstudio.de/elementor-hf/546/', '2025-03-23 13:43:49', 0, 'active'),
(953, 1, 'load-url-task', 'WP_Optimize_Load_Url_Task', 0, 'Preload - https://doubleblackstudio.de', '2025-03-23 13:45:54', 0, 'active'),
(954, 1, 'load-url-task', 'WP_Optimize_Load_Url_Task', 0, 'Preload - https://doubleblackstudio.de/elementor-hf/ftt/', '2025-03-23 13:45:54', 0, 'active'),
(955, 1, 'load-url-task', 'WP_Optimize_Load_Url_Task', 0, 'Preload - https://doubleblackstudio.de', '2025-03-23 13:47:16', 0, 'active'),
(956, 1, 'load-url-task', 'WP_Optimize_Load_Url_Task', 0, 'Preload - https://doubleblackstudio.de/metform-form/anfrage/', '2025-03-23 13:47:16', 0, 'active'),
(957, 1, 'load-url-task', 'WP_Optimize_Load_Url_Task', 0, 'Preload - https://doubleblackstudio.de', '2025-03-23 13:47:25', 0, 'active'),
(958, 1, 'load-url-task', 'WP_Optimize_Load_Url_Task', 0, 'Preload - https://doubleblackstudio.de/elementor-hf/ftt/', '2025-03-23 13:47:25', 0, 'active'),
(959, 1, 'load-url-task', 'WP_Optimize_Load_Url_Task', 0, 'Preload - https://doubleblackstudio.de', '2025-03-23 13:49:52', 0, 'active'),
(960, 1, 'load-url-task', 'WP_Optimize_Load_Url_Task', 0, 'Preload - https://doubleblackstudio.de/professionelle-fahrzeugaufbereitung/', '2025-03-23 13:49:52', 0, 'active'),
(961, 1, 'load-url-task', 'WP_Optimize_Load_Url_Task', 0, 'Preload - https://doubleblackstudio.de', '2025-03-23 13:49:53', 0, 'active'),
(962, 1, 'load-url-task', 'WP_Optimize_Load_Url_Task', 0, 'Preload - https://doubleblackstudio.de/professionelle-fahrzeugaufbereitung/', '2025-03-23 13:49:53', 0, 'active'),
(963, 1, 'load-url-task', 'WP_Optimize_Load_Url_Task', 0, 'Preload - https://doubleblackstudio.de', '2025-03-23 13:50:30', 0, 'active'),
(964, 1, 'load-url-task', 'WP_Optimize_Load_Url_Task', 0, 'Preload - https://doubleblackstudio.de/professionelle-fahrzeugaufbereitung/', '2025-03-23 13:50:30', 0, 'active'),
(965, 1, 'load-url-task', 'WP_Optimize_Load_Url_Task', 0, 'Preload - https://doubleblackstudio.de', '2025-03-23 13:50:35', 0, 'active'),
(966, 1, 'load-url-task', 'WP_Optimize_Load_Url_Task', 0, 'Preload - https://doubleblackstudio.de/', '2025-03-23 13:50:35', 0, 'active'),
(967, 1, 'load-url-task', 'WP_Optimize_Load_Url_Task', 0, 'Preload - https://doubleblackstudio.de', '2025-03-23 13:51:41', 0, 'active'),
(968, 1, 'load-url-task', 'WP_Optimize_Load_Url_Task', 0, 'Preload - https://doubleblackstudio.de/lackierung-spot-repair/', '2025-03-23 13:51:41', 0, 'active'),
(969, 1, 'load-url-task', 'WP_Optimize_Load_Url_Task', 0, 'Preload - https://doubleblackstudio.de', '2025-03-23 13:51:42', 0, 'active'),
(970, 1, 'load-url-task', 'WP_Optimize_Load_Url_Task', 0, 'Preload - https://doubleblackstudio.de/lackierung-spot-repair/', '2025-03-23 13:51:42', 0, 'active'),
(971, 1, 'load-url-task', 'WP_Optimize_Load_Url_Task', 0, 'Preload - https://doubleblackstudio.de', '2025-03-23 13:52:16', 0, 'active'),
(972, 1, 'load-url-task', 'WP_Optimize_Load_Url_Task', 0, 'Preload - https://doubleblackstudio.de/lackierung-spot-repair/', '2025-03-23 13:52:16', 0, 'active'),
(973, 1, 'load-url-task', 'WP_Optimize_Load_Url_Task', 0, 'Preload - https://doubleblackstudio.de', '2025-03-23 13:52:31', 0, 'active'),
(974, 1, 'load-url-task', 'WP_Optimize_Load_Url_Task', 0, 'Preload - https://doubleblackstudio.de/', '2025-03-23 13:52:31', 0, 'active'),
(975, 1, 'load-url-task', 'WP_Optimize_Load_Url_Task', 0, 'Preload - https://doubleblackstudio.de', '2025-03-23 13:54:39', 0, 'active'),
(976, 1, 'load-url-task', 'WP_Optimize_Load_Url_Task', 0, 'Preload - https://doubleblackstudio.de/steinschlagschutzfolie-xpel-ppf/', '2025-03-23 13:54:39', 0, 'active'),
(977, 1, 'load-url-task', 'WP_Optimize_Load_Url_Task', 0, 'Preload - https://doubleblackstudio.de', '2025-03-23 13:54:40', 0, 'active'),
(978, 1, 'load-url-task', 'WP_Optimize_Load_Url_Task', 0, 'Preload - https://doubleblackstudio.de/steinschlagschutzfolie-xpel-ppf/', '2025-03-23 13:54:40', 0, 'active'),
(979, 1, 'load-url-task', 'WP_Optimize_Load_Url_Task', 0, 'Preload - https://doubleblackstudio.de', '2025-03-23 13:55:02', 0, 'active'),
(980, 1, 'load-url-task', 'WP_Optimize_Load_Url_Task', 0, 'Preload - https://doubleblackstudio.de/steinschlagschutzfolie-xpel-ppf/', '2025-03-23 13:55:02', 0, 'active'),
(981, 1, 'load-url-task', 'WP_Optimize_Load_Url_Task', 0, 'Preload - https://doubleblackstudio.de', '2025-03-23 13:55:07', 0, 'active'),
(982, 1, 'load-url-task', 'WP_Optimize_Load_Url_Task', 0, 'Preload - https://doubleblackstudio.de/', '2025-03-23 13:55:07', 0, 'active'),
(983, 1, 'load-url-task', 'WP_Optimize_Load_Url_Task', 0, 'Preload - https://doubleblackstudio.de', '2025-03-23 13:55:59', 0, 'active'),
(984, 1, 'load-url-task', 'WP_Optimize_Load_Url_Task', 0, 'Preload - https://doubleblackstudio.de/keramik-oberflaechenversiegelung/', '2025-03-23 13:55:59', 0, 'active'),
(985, 1, 'load-url-task', 'WP_Optimize_Load_Url_Task', 0, 'Preload - https://doubleblackstudio.de', '2025-03-23 13:56:00', 0, 'active'),
(986, 1, 'load-url-task', 'WP_Optimize_Load_Url_Task', 0, 'Preload - https://doubleblackstudio.de/keramik-oberflaechenversiegelung/', '2025-03-23 13:56:00', 0, 'active'),
(987, 1, 'load-url-task', 'WP_Optimize_Load_Url_Task', 0, 'Preload - https://doubleblackstudio.de', '2025-03-23 13:56:23', 0, 'active'),
(988, 1, 'load-url-task', 'WP_Optimize_Load_Url_Task', 0, 'Preload - https://doubleblackstudio.de/keramik-oberflaechenversiegelung/', '2025-03-23 13:56:23', 0, 'active'),
(989, 1, 'load-url-task', 'WP_Optimize_Load_Url_Task', 0, 'Preload - https://doubleblackstudio.de', '2025-03-23 13:56:33', 0, 'active'),
(990, 1, 'load-url-task', 'WP_Optimize_Load_Url_Task', 0, 'Preload - https://doubleblackstudio.de/', '2025-03-23 13:56:33', 0, 'active'),
(991, 1, 'load-url-task', 'WP_Optimize_Load_Url_Task', 0, 'Preload - https://doubleblackstudio.de', '2025-03-23 13:57:18', 0, 'active'),
(992, 1, 'load-url-task', 'WP_Optimize_Load_Url_Task', 0, 'Preload - https://doubleblackstudio.de/oldtimer-restauration/', '2025-03-23 13:57:18', 0, 'active'),
(993, 1, 'load-url-task', 'WP_Optimize_Load_Url_Task', 0, 'Preload - https://doubleblackstudio.de', '2025-03-23 13:57:19', 0, 'active'),
(994, 1, 'load-url-task', 'WP_Optimize_Load_Url_Task', 0, 'Preload - https://doubleblackstudio.de/oldtimer-restauration/', '2025-03-23 13:57:19', 0, 'active'),
(995, 1, 'load-url-task', 'WP_Optimize_Load_Url_Task', 0, 'Preload - https://doubleblackstudio.de', '2025-03-23 13:57:39', 0, 'active'),
(996, 1, 'load-url-task', 'WP_Optimize_Load_Url_Task', 0, 'Preload - https://doubleblackstudio.de/oldtimer-restauration/', '2025-03-23 13:57:39', 0, 'active'),
(997, 1, 'load-url-task', 'WP_Optimize_Load_Url_Task', 0, 'Preload - https://doubleblackstudio.de', '2025-03-23 13:57:47', 0, 'active'),
(998, 1, 'load-url-task', 'WP_Optimize_Load_Url_Task', 0, 'Preload - https://doubleblackstudio.de/', '2025-03-23 13:57:47', 0, 'active'),
(999, 1, 'load-url-task', 'WP_Optimize_Load_Url_Task', 0, 'Preload - https://doubleblackstudio.de', '2025-03-23 13:58:32', 0, 'active'),
(1000, 1, 'load-url-task', 'WP_Optimize_Load_Url_Task', 0, 'Preload - https://doubleblackstudio.de/detailing-finish/', '2025-03-23 13:58:32', 0, 'active'),
(1001, 1, 'load-url-task', 'WP_Optimize_Load_Url_Task', 0, 'Preload - https://doubleblackstudio.de', '2025-03-23 13:58:33', 0, 'active'),
(1002, 1, 'load-url-task', 'WP_Optimize_Load_Url_Task', 0, 'Preload - https://doubleblackstudio.de/detailing-finish/', '2025-03-23 13:58:33', 0, 'active'),
(1003, 1, 'load-url-task', 'WP_Optimize_Load_Url_Task', 0, 'Preload - https://doubleblackstudio.de', '2025-03-23 13:58:53', 0, 'active'),
(1004, 1, 'load-url-task', 'WP_Optimize_Load_Url_Task', 0, 'Preload - https://doubleblackstudio.de/detailing-finish/', '2025-03-23 13:58:53', 0, 'active'),
(1005, 1, 'load-url-task', 'WP_Optimize_Load_Url_Task', 0, 'Preload - https://doubleblackstudio.de', '2025-04-03 11:40:46', 0, 'active'),
(1006, 1, 'load-url-task', 'WP_Optimize_Load_Url_Task', 0, 'Preload - https://doubleblackstudio.de/', '2025-04-03 11:40:46', 0, 'active'),
(1007, 1, 'load-url-task', 'WP_Optimize_Load_Url_Task', 0, 'Preload - https://doubleblackstudio.de/2025/', '2025-04-03 11:40:46', 0, 'active'),
(1008, 1, 'load-url-task', 'WP_Optimize_Load_Url_Task', 0, 'Preload - https://doubleblackstudio.de/2025/04/', '2025-04-03 11:40:46', 0, 'active'),
(1009, 1, 'load-url-task', 'WP_Optimize_Load_Url_Task', 0, 'Preload - https://doubleblackstudio.de/2025/04/03/', '2025-04-03 11:40:46', 0, 'active'),
(1010, 1, 'load-url-task', 'WP_Optimize_Load_Url_Task', 0, 'Preload - https://doubleblackstudio.de', '2025-04-03 11:41:06', 0, 'active'),
(1011, 1, 'load-url-task', 'WP_Optimize_Load_Url_Task', 0, 'Preload - https://doubleblackstudio.de/', '2025-04-03 11:41:06', 0, 'active'),
(1012, 1, 'load-url-task', 'WP_Optimize_Load_Url_Task', 0, 'Preload - https://doubleblackstudio.de', '2025-04-03 11:41:18', 0, 'active'),
(1013, 1, 'load-url-task', 'WP_Optimize_Load_Url_Task', 0, 'Preload - https://doubleblackstudio.de/test/', '2025-04-03 11:41:18', 0, 'active'),
(1014, 1, 'load-url-task', 'WP_Optimize_Load_Url_Task', 0, 'Preload - https://doubleblackstudio.de', '2025-04-03 11:41:19', 0, 'active'),
(1015, 1, 'load-url-task', 'WP_Optimize_Load_Url_Task', 0, 'Preload - https://doubleblackstudio.de/test/', '2025-04-03 11:41:19', 0, 'active'),
(1016, 1, 'load-url-task', 'WP_Optimize_Load_Url_Task', 0, 'Preload - https://doubleblackstudio.de', '2025-04-03 11:41:51', 0, 'active'),
(1017, 1, 'load-url-task', 'WP_Optimize_Load_Url_Task', 0, 'Preload - https://doubleblackstudio.de/test/', '2025-04-03 11:41:51', 0, 'active'),
(1018, 1, 'load-url-task', 'WP_Optimize_Load_Url_Task', 0, 'Preload - https://doubleblackstudio.de', '2025-04-03 11:42:07', 0, 'active'),
(1019, 1, 'load-url-task', 'WP_Optimize_Load_Url_Task', 0, 'Preload - https://doubleblackstudio.de/test/', '2025-04-03 11:42:07', 0, 'active'),
(1020, 1, 'load-url-task', 'WP_Optimize_Load_Url_Task', 0, 'Preload - https://doubleblackstudio.de', '2025-04-03 11:55:32', 0, 'active'),
(1021, 1, 'load-url-task', 'WP_Optimize_Load_Url_Task', 0, 'Preload - https://doubleblackstudio.de/test/', '2025-04-03 11:55:32', 0, 'active'),
(1022, 1, 'load-url-task', 'WP_Optimize_Load_Url_Task', 0, 'Preload - https://doubleblackstudio.de', '2025-04-03 11:58:26', 0, 'active'),
(1023, 1, 'load-url-task', 'WP_Optimize_Load_Url_Task', 0, 'Preload - https://doubleblackstudio.de/test/', '2025-04-03 11:58:26', 0, 'active'),
(1024, 1, 'load-url-task', 'WP_Optimize_Load_Url_Task', 0, 'Preload - https://doubleblackstudio.de/gnp/', '2025-04-03 12:00:48', 0, 'active'),
(1025, 1, 'load-url-task', 'WP_Optimize_Load_Url_Task', 0, 'Preload - https://doubleblackstudio.de', '2025-04-03 12:00:48', 0, 'active'),
(1026, 1, 'load-url-task', 'WP_Optimize_Load_Url_Task', 0, 'Preload - https://doubleblackstudio.de/', '2025-04-03 12:00:48', 0, 'active'),
(1027, 1, 'load-url-task', 'WP_Optimize_Load_Url_Task', 0, 'Preload - https://doubleblackstudio.de/keramik-oberflaechenversiegelung/', '2025-04-03 12:00:48', 0, 'active'),
(1028, 1, 'load-url-task', 'WP_Optimize_Load_Url_Task', 0, 'Preload - https://doubleblackstudio.de/lackierung-spot-repair/', '2025-04-03 12:00:48', 0, 'active'),
(1029, 1, 'load-url-task', 'WP_Optimize_Load_Url_Task', 0, 'Preload - https://doubleblackstudio.de/oldtimer-restauration/', '2025-04-03 12:00:48', 0, 'active'),
(1030, 1, 'load-url-task', 'WP_Optimize_Load_Url_Task', 0, 'Preload - https://doubleblackstudio.de/professionelle-fahrzeugaufbereitung/', '2025-04-03 12:00:48', 0, 'active'),
(1031, 1, 'load-url-task', 'WP_Optimize_Load_Url_Task', 0, 'Preload - https://doubleblackstudio.de/steinschlagschutzfolie-xpel-ppf/', '2025-04-03 12:00:48', 0, 'active'),
(1032, 1, 'load-url-task', 'WP_Optimize_Load_Url_Task', 0, 'Preload - https://doubleblackstudio.de', '2025-04-03 12:14:34', 0, 'active'),
(1033, 1, 'load-url-task', 'WP_Optimize_Load_Url_Task', 0, 'Preload - https://doubleblackstudio.de/tattoo-studio-freiburg/', '2025-04-03 12:14:34', 0, 'active'),
(1034, 1, 'load-url-task', 'WP_Optimize_Load_Url_Task', 0, 'Preload - https://doubleblackstudio.de', '2025-04-03 12:14:35', 0, 'active'),
(1035, 1, 'load-url-task', 'WP_Optimize_Load_Url_Task', 0, 'Preload - https://doubleblackstudio.de/tattoo-studio-freiburg/', '2025-04-03 12:14:35', 0, 'active'),
(1036, 1, 'load-url-task', 'WP_Optimize_Load_Url_Task', 0, 'Preload - https://doubleblackstudio.de', '2025-04-03 12:16:18', 0, 'active'),
(1037, 1, 'load-url-task', 'WP_Optimize_Load_Url_Task', 0, 'Preload - https://doubleblackstudio.de/test/', '2025-04-03 12:16:18', 0, 'active'),
(1038, 1, 'load-url-task', 'WP_Optimize_Load_Url_Task', 0, 'Preload - https://doubleblackstudio.de', '2025-04-03 12:16:39', 0, 'active'),
(1039, 1, 'load-url-task', 'WP_Optimize_Load_Url_Task', 0, 'Preload - https://doubleblackstudio.de/tattoo-studio-freiburg/', '2025-04-03 12:16:39', 0, 'active'),
(1040, 1, 'load-url-task', 'WP_Optimize_Load_Url_Task', 0, 'Preload - https://doubleblackstudio.de', '2025-04-03 12:17:04', 0, 'active'),
(1041, 1, 'load-url-task', 'WP_Optimize_Load_Url_Task', 0, 'Preload - https://doubleblackstudio.de/test/', '2025-04-03 12:17:04', 0, 'active'),
(1042, 1, 'load-url-task', 'WP_Optimize_Load_Url_Task', 0, 'Preload - https://doubleblackstudio.de', '2025-04-03 12:34:07', 0, 'active'),
(1043, 1, 'load-url-task', 'WP_Optimize_Load_Url_Task', 0, 'Preload - https://doubleblackstudio.de/', '2025-04-03 12:34:07', 0, 'active'),
(1044, 1, 'load-url-task', 'WP_Optimize_Load_Url_Task', 0, 'Preload - https://doubleblackstudio.de', '2025-04-03 12:38:18', 0, 'active'),
(1045, 1, 'load-url-task', 'WP_Optimize_Load_Url_Task', 0, 'Preload - https://doubleblackstudio.de/cover-up-tattoo/', '2025-04-03 12:38:18', 0, 'active'),
(1046, 1, 'load-url-task', 'WP_Optimize_Load_Url_Task', 0, 'Preload - https://doubleblackstudio.de', '2025-04-03 12:38:19', 0, 'active'),
(1047, 1, 'load-url-task', 'WP_Optimize_Load_Url_Task', 0, 'Preload - https://doubleblackstudio.de/cover-up-tattoo/', '2025-04-03 12:38:19', 0, 'active'),
(1048, 1, 'load-url-task', 'WP_Optimize_Load_Url_Task', 0, 'Preload - https://doubleblackstudio.de', '2025-04-03 12:40:23', 0, 'active');
INSERT INTO `uV6mXZATtm_tasks` (`id`, `user_id`, `type`, `class_identifier`, `attempts`, `description`, `time_created`, `last_locked_at`, `status`) VALUES
(1049, 1, 'load-url-task', 'WP_Optimize_Load_Url_Task', 0, 'Preload - https://doubleblackstudio.de/cover-up-tattoo/', '2025-04-03 12:40:23', 0, 'active'),
(1050, 1, 'load-url-task', 'WP_Optimize_Load_Url_Task', 0, 'Preload - https://doubleblackstudio.de', '2025-04-03 12:41:59', 0, 'active'),
(1051, 1, 'load-url-task', 'WP_Optimize_Load_Url_Task', 0, 'Preload - https://doubleblackstudio.de/cover-up-tattoo/', '2025-04-03 12:41:59', 0, 'active'),
(1052, 1, 'load-url-task', 'WP_Optimize_Load_Url_Task', 0, 'Preload - https://doubleblackstudio.de', '2025-04-03 12:46:59', 0, 'active'),
(1053, 1, 'load-url-task', 'WP_Optimize_Load_Url_Task', 0, 'Preload - https://doubleblackstudio.de/', '2025-04-03 12:46:59', 0, 'active'),
(1054, 1, 'load-url-task', 'WP_Optimize_Load_Url_Task', 0, 'Preload - https://doubleblackstudio.de', '2025-04-03 12:49:35', 0, 'active'),
(1055, 1, 'load-url-task', 'WP_Optimize_Load_Url_Task', 0, 'Preload - https://doubleblackstudio.de/black-grey-tattoo/', '2025-04-03 12:49:35', 0, 'active'),
(1056, 1, 'load-url-task', 'WP_Optimize_Load_Url_Task', 0, 'Preload - https://doubleblackstudio.de', '2025-04-03 12:49:36', 0, 'active'),
(1057, 1, 'load-url-task', 'WP_Optimize_Load_Url_Task', 0, 'Preload - https://doubleblackstudio.de/black-grey-tattoo/', '2025-04-03 12:49:36', 0, 'active'),
(1058, 1, 'load-url-task', 'WP_Optimize_Load_Url_Task', 0, 'Preload - https://doubleblackstudio.de', '2025-04-03 12:50:40', 0, 'active'),
(1059, 1, 'load-url-task', 'WP_Optimize_Load_Url_Task', 0, 'Preload - https://doubleblackstudio.de/black-grey-tattoo/', '2025-04-03 12:50:40', 0, 'active'),
(1060, 1, 'load-url-task', 'WP_Optimize_Load_Url_Task', 0, 'Preload - https://doubleblackstudio.de', '2025-04-03 12:54:10', 0, 'active'),
(1061, 1, 'load-url-task', 'WP_Optimize_Load_Url_Task', 0, 'Preload - https://doubleblackstudio.de/', '2025-04-03 12:54:10', 0, 'active'),
(1062, 1, 'load-url-task', 'WP_Optimize_Load_Url_Task', 0, 'Preload - https://doubleblackstudio.de', '2025-04-03 12:55:27', 0, 'active'),
(1063, 1, 'load-url-task', 'WP_Optimize_Load_Url_Task', 0, 'Preload - https://doubleblackstudio.de/fine-line-tattoo/', '2025-04-03 12:55:27', 0, 'active'),
(1064, 1, 'load-url-task', 'WP_Optimize_Load_Url_Task', 0, 'Preload - https://doubleblackstudio.de', '2025-04-03 12:55:28', 0, 'active'),
(1065, 1, 'load-url-task', 'WP_Optimize_Load_Url_Task', 0, 'Preload - https://doubleblackstudio.de/fine-line-tattoo/', '2025-04-03 12:55:28', 0, 'active'),
(1066, 1, 'load-url-task', 'WP_Optimize_Load_Url_Task', 0, 'Preload - https://doubleblackstudio.de', '2025-04-03 12:56:43', 0, 'active'),
(1067, 1, 'load-url-task', 'WP_Optimize_Load_Url_Task', 0, 'Preload - https://doubleblackstudio.de/fine-line-tattoo/', '2025-04-03 12:56:43', 0, 'active'),
(1068, 1, 'load-url-task', 'WP_Optimize_Load_Url_Task', 0, 'Preload - https://doubleblackstudio.de', '2025-04-03 12:57:24', 0, 'active'),
(1069, 1, 'load-url-task', 'WP_Optimize_Load_Url_Task', 0, 'Preload - https://doubleblackstudio.de/', '2025-04-03 12:57:24', 0, 'active'),
(1070, 1, 'load-url-task', 'WP_Optimize_Load_Url_Task', 0, 'Preload - https://doubleblackstudio.de', '2025-04-03 12:58:25', 0, 'active'),
(1071, 1, 'load-url-task', 'WP_Optimize_Load_Url_Task', 0, 'Preload - https://doubleblackstudio.de/maori-tattoo/', '2025-04-03 12:58:25', 0, 'active'),
(1072, 1, 'load-url-task', 'WP_Optimize_Load_Url_Task', 0, 'Preload - https://doubleblackstudio.de', '2025-04-03 12:58:26', 0, 'active'),
(1073, 1, 'load-url-task', 'WP_Optimize_Load_Url_Task', 0, 'Preload - https://doubleblackstudio.de/maori-tattoo/', '2025-04-03 12:58:26', 0, 'active'),
(1074, 1, 'load-url-task', 'WP_Optimize_Load_Url_Task', 0, 'Preload - https://doubleblackstudio.de', '2025-04-03 12:59:35', 0, 'active'),
(1075, 1, 'load-url-task', 'WP_Optimize_Load_Url_Task', 0, 'Preload - https://doubleblackstudio.de/maori-tattoo/', '2025-04-03 12:59:35', 0, 'active'),
(1076, 1, 'load-url-task', 'WP_Optimize_Load_Url_Task', 0, 'Preload - https://doubleblackstudio.de', '2025-04-03 13:00:34', 0, 'active'),
(1077, 1, 'load-url-task', 'WP_Optimize_Load_Url_Task', 0, 'Preload - https://doubleblackstudio.de/', '2025-04-03 13:00:34', 0, 'active'),
(1078, 1, 'load-url-task', 'WP_Optimize_Load_Url_Task', 0, 'Preload - https://doubleblackstudio.de', '2025-04-03 13:02:57', 0, 'active'),
(1079, 1, 'load-url-task', 'WP_Optimize_Load_Url_Task', 0, 'Preload - https://doubleblackstudio.de/portraits-tattoo/', '2025-04-03 13:02:57', 0, 'active'),
(1080, 1, 'load-url-task', 'WP_Optimize_Load_Url_Task', 0, 'Preload - https://doubleblackstudio.de', '2025-04-03 13:02:58', 0, 'active'),
(1081, 1, 'load-url-task', 'WP_Optimize_Load_Url_Task', 0, 'Preload - https://doubleblackstudio.de/portraits-tattoo/', '2025-04-03 13:02:58', 0, 'active'),
(1082, 1, 'load-url-task', 'WP_Optimize_Load_Url_Task', 0, 'Preload - https://doubleblackstudio.de', '2025-04-03 13:03:33', 0, 'active'),
(1083, 1, 'load-url-task', 'WP_Optimize_Load_Url_Task', 0, 'Preload - https://doubleblackstudio.de/portraits-tattoo/', '2025-04-03 13:03:33', 0, 'active'),
(1084, 1, 'load-url-task', 'WP_Optimize_Load_Url_Task', 0, 'Preload - https://doubleblackstudio.de', '2025-04-03 13:05:16', 0, 'active'),
(1085, 1, 'load-url-task', 'WP_Optimize_Load_Url_Task', 0, 'Preload - https://doubleblackstudio.de/', '2025-04-03 13:05:16', 0, 'active'),
(1086, 1, 'load-url-task', 'WP_Optimize_Load_Url_Task', 0, 'Preload - https://doubleblackstudio.de', '2025-04-03 13:14:56', 0, 'active'),
(1087, 1, 'load-url-task', 'WP_Optimize_Load_Url_Task', 0, 'Preload - https://doubleblackstudio.de/free-hand-tattoo/', '2025-04-03 13:14:56', 0, 'active'),
(1088, 1, 'load-url-task', 'WP_Optimize_Load_Url_Task', 0, 'Preload - https://doubleblackstudio.de', '2025-04-03 13:14:57', 0, 'active'),
(1089, 1, 'load-url-task', 'WP_Optimize_Load_Url_Task', 0, 'Preload - https://doubleblackstudio.de/free-hand-tattoo/', '2025-04-03 13:14:57', 0, 'active'),
(1090, 1, 'load-url-task', 'WP_Optimize_Load_Url_Task', 0, 'Preload - https://doubleblackstudio.de', '2025-04-03 13:15:26', 0, 'active'),
(1091, 1, 'load-url-task', 'WP_Optimize_Load_Url_Task', 0, 'Preload - https://doubleblackstudio.de/free-hand-tattoo/', '2025-04-03 13:15:26', 0, 'active'),
(1092, 1, 'load-url-task', 'WP_Optimize_Load_Url_Task', 0, 'Preload - https://doubleblackstudio.de', '2025-04-03 13:16:07', 0, 'active'),
(1093, 1, 'load-url-task', 'WP_Optimize_Load_Url_Task', 0, 'Preload - https://doubleblackstudio.de/', '2025-04-03 13:16:07', 0, 'active'),
(1094, 1, 'load-url-task', 'WP_Optimize_Load_Url_Task', 0, 'Preload - https://doubleblackstudio.de', '2025-04-03 13:17:31', 0, 'active'),
(1095, 1, 'load-url-task', 'WP_Optimize_Load_Url_Task', 0, 'Preload - https://doubleblackstudio.de/dot-work-tattoo/', '2025-04-03 13:17:31', 0, 'active'),
(1096, 1, 'load-url-task', 'WP_Optimize_Load_Url_Task', 0, 'Preload - https://doubleblackstudio.de', '2025-04-03 13:17:32', 0, 'active'),
(1097, 1, 'load-url-task', 'WP_Optimize_Load_Url_Task', 0, 'Preload - https://doubleblackstudio.de/dot-work-tattoo/', '2025-04-03 13:17:32', 0, 'active'),
(1098, 1, 'load-url-task', 'WP_Optimize_Load_Url_Task', 0, 'Preload - https://doubleblackstudio.de', '2025-04-03 13:22:11', 0, 'active'),
(1099, 1, 'load-url-task', 'WP_Optimize_Load_Url_Task', 0, 'Preload - https://doubleblackstudio.de/dot-work-tattoo/', '2025-04-03 13:22:11', 0, 'active'),
(1100, 1, 'load-url-task', 'WP_Optimize_Load_Url_Task', 0, 'Preload - https://doubleblackstudio.de', '2025-04-03 13:22:49', 0, 'active'),
(1101, 1, 'load-url-task', 'WP_Optimize_Load_Url_Task', 0, 'Preload - https://doubleblackstudio.de/', '2025-04-03 13:22:49', 0, 'active'),
(1102, 1, 'load-url-task', 'WP_Optimize_Load_Url_Task', 0, 'Preload - https://doubleblackstudio.de', '2025-04-03 13:29:29', 0, 'active'),
(1103, 1, 'load-url-task', 'WP_Optimize_Load_Url_Task', 0, 'Preload - https://doubleblackstudio.de/test/', '2025-04-03 13:29:29', 0, 'active'),
(1104, 1, 'load-url-task', 'WP_Optimize_Load_Url_Task', 0, 'Preload - https://doubleblackstudio.de', '2025-04-03 13:30:39', 0, 'active'),
(1105, 1, 'load-url-task', 'WP_Optimize_Load_Url_Task', 0, 'Preload - https://doubleblackstudio.de/test/', '2025-04-03 13:30:39', 0, 'active'),
(1106, 1, 'load-url-task', 'WP_Optimize_Load_Url_Task', 0, 'Preload - https://doubleblackstudio.de', '2025-04-03 13:31:24', 0, 'active'),
(1107, 1, 'load-url-task', 'WP_Optimize_Load_Url_Task', 0, 'Preload - https://doubleblackstudio.de/test/', '2025-04-03 13:31:24', 0, 'active'),
(1108, 1, 'load-url-task', 'WP_Optimize_Load_Url_Task', 0, 'Preload - https://doubleblackstudio.de', '2025-04-03 13:35:56', 0, 'active'),
(1109, 1, 'load-url-task', 'WP_Optimize_Load_Url_Task', 0, 'Preload - https://doubleblackstudio.de/test/', '2025-04-03 13:35:56', 0, 'active'),
(1110, 1, 'load-url-task', 'WP_Optimize_Load_Url_Task', 0, 'Preload - https://doubleblackstudio.de', '2025-04-03 13:38:38', 0, 'active'),
(1111, 1, 'load-url-task', 'WP_Optimize_Load_Url_Task', 0, 'Preload - https://doubleblackstudio.de/realismus-tattoo/', '2025-04-03 13:38:38', 0, 'active'),
(1112, 1, 'load-url-task', 'WP_Optimize_Load_Url_Task', 0, 'Preload - https://doubleblackstudio.de', '2025-04-03 13:38:39', 0, 'active'),
(1113, 1, 'load-url-task', 'WP_Optimize_Load_Url_Task', 0, 'Preload - https://doubleblackstudio.de/realismus-tattoo/', '2025-04-03 13:38:39', 0, 'active'),
(1114, 1, 'load-url-task', 'WP_Optimize_Load_Url_Task', 0, 'Preload - https://doubleblackstudio.de', '2025-04-03 13:38:49', 0, 'active'),
(1115, 1, 'load-url-task', 'WP_Optimize_Load_Url_Task', 0, 'Preload - https://doubleblackstudio.de/test/', '2025-04-03 13:38:49', 0, 'active'),
(1116, 1, 'load-url-task', 'WP_Optimize_Load_Url_Task', 0, 'Preload - https://doubleblackstudio.de', '2025-04-03 13:40:35', 0, 'active'),
(1117, 1, 'load-url-task', 'WP_Optimize_Load_Url_Task', 0, 'Preload - https://doubleblackstudio.de/realismus-tattoo/', '2025-04-03 13:40:35', 0, 'active'),
(1118, 1, 'load-url-task', 'WP_Optimize_Load_Url_Task', 0, 'Preload - https://doubleblackstudio.de', '2025-04-03 13:40:43', 0, 'active'),
(1119, 1, 'load-url-task', 'WP_Optimize_Load_Url_Task', 0, 'Preload - https://doubleblackstudio.de/', '2025-04-03 13:40:43', 0, 'active'),
(1120, 1, 'load-url-task', 'WP_Optimize_Load_Url_Task', 0, 'Preload - https://doubleblackstudio.de', '2025-04-03 13:44:09', 0, 'active'),
(1121, 1, 'load-url-task', 'WP_Optimize_Load_Url_Task', 0, 'Preload - https://doubleblackstudio.de/mandala-tattoo/', '2025-04-03 13:44:09', 0, 'active'),
(1122, 1, 'load-url-task', 'WP_Optimize_Load_Url_Task', 0, 'Preload - https://doubleblackstudio.de', '2025-04-03 13:44:11', 0, 'active'),
(1123, 1, 'load-url-task', 'WP_Optimize_Load_Url_Task', 0, 'Preload - https://doubleblackstudio.de/mandala-tattoo/', '2025-04-03 13:44:11', 0, 'active'),
(1124, 1, 'load-url-task', 'WP_Optimize_Load_Url_Task', 0, 'Preload - https://doubleblackstudio.de', '2025-04-03 13:44:42', 0, 'active'),
(1125, 1, 'load-url-task', 'WP_Optimize_Load_Url_Task', 0, 'Preload - https://doubleblackstudio.de/mandala-tattoo/', '2025-04-03 13:44:42', 0, 'active'),
(1126, 1, 'load-url-task', 'WP_Optimize_Load_Url_Task', 0, 'Preload - https://doubleblackstudio.de', '2025-04-03 13:44:49', 0, 'active'),
(1127, 1, 'load-url-task', 'WP_Optimize_Load_Url_Task', 0, 'Preload - https://doubleblackstudio.de/test/', '2025-04-03 13:44:49', 0, 'active'),
(1128, 1, 'load-url-task', 'WP_Optimize_Load_Url_Task', 0, 'Preload - https://doubleblackstudio.de', '2025-04-03 13:46:59', 0, 'active'),
(1129, 1, 'load-url-task', 'WP_Optimize_Load_Url_Task', 0, 'Preload - https://doubleblackstudio.de/test/', '2025-04-03 13:46:59', 0, 'active'),
(1130, 1, 'load-url-task', 'WP_Optimize_Load_Url_Task', 0, 'Preload - https://doubleblackstudio.de', '2025-04-03 13:50:30', 0, 'active'),
(1131, 1, 'load-url-task', 'WP_Optimize_Load_Url_Task', 0, 'Preload - https://doubleblackstudio.de/test/', '2025-04-03 13:50:30', 0, 'active'),
(1132, 1, 'load-url-task', 'WP_Optimize_Load_Url_Task', 0, 'Preload - https://doubleblackstudio.de', '2025-04-03 13:51:35', 0, 'active'),
(1133, 1, 'load-url-task', 'WP_Optimize_Load_Url_Task', 0, 'Preload - https://doubleblackstudio.de/test/', '2025-04-03 13:51:35', 0, 'active'),
(1134, 1, 'load-url-task', 'WP_Optimize_Load_Url_Task', 0, 'Preload - https://doubleblackstudio.de', '2025-04-03 13:58:24', 0, 'active'),
(1135, 1, 'load-url-task', 'WP_Optimize_Load_Url_Task', 0, 'Preload - https://doubleblackstudio.de/test/', '2025-04-03 13:58:24', 0, 'active'),
(1136, 1, 'load-url-task', 'WP_Optimize_Load_Url_Task', 0, 'Preload - https://doubleblackstudio.de', '2025-04-03 14:00:02', 0, 'active'),
(1137, 1, 'load-url-task', 'WP_Optimize_Load_Url_Task', 0, 'Preload - https://doubleblackstudio.de/test/', '2025-04-03 14:00:02', 0, 'active'),
(1138, 1, 'load-url-task', 'WP_Optimize_Load_Url_Task', 0, 'Preload - https://doubleblackstudio.de', '2025-04-03 14:08:43', 0, 'active'),
(1139, 1, 'load-url-task', 'WP_Optimize_Load_Url_Task', 0, 'Preload - https://doubleblackstudio.de/test/', '2025-04-03 14:08:43', 0, 'active'),
(1140, 1, 'load-url-task', 'WP_Optimize_Load_Url_Task', 0, 'Preload - https://doubleblackstudio.de', '2025-04-03 14:09:51', 0, 'active'),
(1141, 1, 'load-url-task', 'WP_Optimize_Load_Url_Task', 0, 'Preload - https://doubleblackstudio.de/test/', '2025-04-03 14:09:51', 0, 'active'),
(1142, 1, 'load-url-task', 'WP_Optimize_Load_Url_Task', 0, 'Preload - https://doubleblackstudio.de', '2025-04-03 14:13:31', 0, 'active'),
(1143, 1, 'load-url-task', 'WP_Optimize_Load_Url_Task', 0, 'Preload - https://doubleblackstudio.de/test/', '2025-04-03 14:13:31', 0, 'active'),
(1144, 1, 'load-url-task', 'WP_Optimize_Load_Url_Task', 0, 'Preload - https://doubleblackstudio.de', '2025-04-03 14:13:46', 0, 'active'),
(1145, 1, 'load-url-task', 'WP_Optimize_Load_Url_Task', 0, 'Preload - https://doubleblackstudio.de/test/', '2025-04-03 14:13:46', 0, 'active'),
(1146, 1, 'load-url-task', 'WP_Optimize_Load_Url_Task', 0, 'Preload - https://doubleblackstudio.de', '2025-04-03 14:14:09', 0, 'active'),
(1147, 1, 'load-url-task', 'WP_Optimize_Load_Url_Task', 0, 'Preload - https://doubleblackstudio.de/test/', '2025-04-03 14:14:09', 0, 'active'),
(1148, 1, 'load-url-task', 'WP_Optimize_Load_Url_Task', 0, 'Preload - https://doubleblackstudio.de', '2025-04-03 14:14:51', 0, 'active'),
(1149, 1, 'load-url-task', 'WP_Optimize_Load_Url_Task', 0, 'Preload - https://doubleblackstudio.de/test/', '2025-04-03 14:14:51', 0, 'active'),
(1150, 1, 'load-url-task', 'WP_Optimize_Load_Url_Task', 0, 'Preload - https://doubleblackstudio.de', '2025-04-03 14:15:05', 0, 'active'),
(1151, 1, 'load-url-task', 'WP_Optimize_Load_Url_Task', 0, 'Preload - https://doubleblackstudio.de/test/', '2025-04-03 14:15:05', 0, 'active'),
(1152, 1, 'load-url-task', 'WP_Optimize_Load_Url_Task', 0, 'Preload - https://doubleblackstudio.de', '2025-04-03 14:30:29', 0, 'active'),
(1153, 1, 'load-url-task', 'WP_Optimize_Load_Url_Task', 0, 'Preload - https://doubleblackstudio.de/test/', '2025-04-03 14:30:29', 0, 'active'),
(1154, 1, 'load-url-task', 'WP_Optimize_Load_Url_Task', 0, 'Preload - https://doubleblackstudio.de', '2025-04-03 14:30:57', 0, 'active'),
(1155, 1, 'load-url-task', 'WP_Optimize_Load_Url_Task', 0, 'Preload - https://doubleblackstudio.de/test/', '2025-04-03 14:30:57', 0, 'active'),
(1156, 1, 'load-url-task', 'WP_Optimize_Load_Url_Task', 0, 'Preload - https://doubleblackstudio.de', '2025-04-03 14:31:55', 0, 'active'),
(1157, 1, 'load-url-task', 'WP_Optimize_Load_Url_Task', 0, 'Preload - https://doubleblackstudio.de/test/', '2025-04-03 14:31:55', 0, 'active'),
(1158, 1, 'load-url-task', 'WP_Optimize_Load_Url_Task', 0, 'Preload - https://doubleblackstudio.de', '2025-04-03 14:32:06', 0, 'active'),
(1159, 1, 'load-url-task', 'WP_Optimize_Load_Url_Task', 0, 'Preload - https://doubleblackstudio.de/test/', '2025-04-03 14:32:06', 0, 'active'),
(1160, 1, 'load-url-task', 'WP_Optimize_Load_Url_Task', 0, 'Preload - https://doubleblackstudio.de', '2025-04-03 14:33:18', 0, 'active'),
(1161, 1, 'load-url-task', 'WP_Optimize_Load_Url_Task', 0, 'Preload - https://doubleblackstudio.de/test/', '2025-04-03 14:33:18', 0, 'active'),
(1162, 1, 'load-url-task', 'WP_Optimize_Load_Url_Task', 0, 'Preload - https://doubleblackstudio.de', '2025-04-03 14:35:12', 0, 'active'),
(1163, 1, 'load-url-task', 'WP_Optimize_Load_Url_Task', 0, 'Preload - https://doubleblackstudio.de/test/', '2025-04-03 14:35:12', 0, 'active'),
(1164, 1, 'load-url-task', 'WP_Optimize_Load_Url_Task', 0, 'Preload - https://doubleblackstudio.de', '2025-04-03 14:36:37', 0, 'active'),
(1165, 1, 'load-url-task', 'WP_Optimize_Load_Url_Task', 0, 'Preload - https://doubleblackstudio.de/test/', '2025-04-03 14:36:37', 0, 'active'),
(1166, 1, 'load-url-task', 'WP_Optimize_Load_Url_Task', 0, 'Preload - https://doubleblackstudio.de', '2025-04-03 14:36:41', 0, 'active'),
(1167, 1, 'load-url-task', 'WP_Optimize_Load_Url_Task', 0, 'Preload - https://doubleblackstudio.de/test/', '2025-04-03 14:36:41', 0, 'active'),
(1168, 1, 'load-url-task', 'WP_Optimize_Load_Url_Task', 0, 'Preload - https://doubleblackstudio.de', '2025-04-03 14:36:53', 0, 'active'),
(1169, 1, 'load-url-task', 'WP_Optimize_Load_Url_Task', 0, 'Preload - https://doubleblackstudio.de/test/', '2025-04-03 14:36:53', 0, 'active'),
(1170, 1, 'load-url-task', 'WP_Optimize_Load_Url_Task', 0, 'Preload - https://doubleblackstudio.de', '2025-04-03 14:37:47', 0, 'active'),
(1171, 1, 'load-url-task', 'WP_Optimize_Load_Url_Task', 0, 'Preload - https://doubleblackstudio.de/test/', '2025-04-03 14:37:47', 0, 'active'),
(1172, 1, 'load-url-task', 'WP_Optimize_Load_Url_Task', 0, 'Preload - https://doubleblackstudio.de', '2025-04-03 14:38:51', 0, 'active'),
(1173, 1, 'load-url-task', 'WP_Optimize_Load_Url_Task', 0, 'Preload - https://doubleblackstudio.de/test/', '2025-04-03 14:38:51', 0, 'active'),
(1174, 1, 'load-url-task', 'WP_Optimize_Load_Url_Task', 0, 'Preload - https://doubleblackstudio.de', '2025-04-03 15:00:05', 0, 'active'),
(1175, 1, 'load-url-task', 'WP_Optimize_Load_Url_Task', 0, 'Preload - https://doubleblackstudio.de/elementor-hf/546/', '2025-04-03 15:00:05', 0, 'active'),
(1176, 1, 'load-url-task', 'WP_Optimize_Load_Url_Task', 0, 'Preload - https://doubleblackstudio.de', '2025-04-03 15:04:43', 0, 'active'),
(1177, 1, 'load-url-task', 'WP_Optimize_Load_Url_Task', 0, 'Preload - https://doubleblackstudio.de/elementor-hf/546/', '2025-04-03 15:04:43', 0, 'active'),
(1178, 1, 'load-url-task', 'WP_Optimize_Load_Url_Task', 0, 'Preload - https://doubleblackstudio.de', '2025-04-03 15:16:00', 0, 'active'),
(1179, 1, 'load-url-task', 'WP_Optimize_Load_Url_Task', 0, 'Preload - https://doubleblackstudio.de/elementor-hf/546/', '2025-04-03 15:16:00', 0, 'active'),
(1180, 1, 'load-url-task', 'WP_Optimize_Load_Url_Task', 0, 'Preload - https://doubleblackstudio.de', '2025-04-03 15:19:16', 0, 'active'),
(1181, 1, 'load-url-task', 'WP_Optimize_Load_Url_Task', 0, 'Preload - https://doubleblackstudio.de/', '2025-04-03 15:19:16', 0, 'active'),
(1182, 1, 'load-url-task', 'WP_Optimize_Load_Url_Task', 0, 'Preload - https://doubleblackstudio.de', '2025-04-03 15:20:18', 0, 'active'),
(1183, 1, 'load-url-task', 'WP_Optimize_Load_Url_Task', 0, 'Preload - https://doubleblackstudio.de/elementor-hf/546/', '2025-04-03 15:20:18', 0, 'active'),
(1184, 1, 'load-url-task', 'WP_Optimize_Load_Url_Task', 0, 'Preload - https://doubleblackstudio.de/', '2025-04-03 15:21:42', 0, 'active'),
(1185, 1, 'load-url-task', 'WP_Optimize_Load_Url_Task', 0, 'Preload - https://doubleblackstudio.de', '2025-04-03 15:22:50', 0, 'active'),
(1186, 1, 'load-url-task', 'WP_Optimize_Load_Url_Task', 0, 'Preload - https://doubleblackstudio.de/elementor-hf/546/', '2025-04-03 15:22:50', 0, 'active'),
(1187, 1, 'load-url-task', 'WP_Optimize_Load_Url_Task', 0, 'Preload - https://doubleblackstudio.de', '2025-04-04 07:07:37', 0, 'active'),
(1188, 1, 'load-url-task', 'WP_Optimize_Load_Url_Task', 0, 'Preload - https://doubleblackstudio.de', '2025-04-04 07:09:08', 0, 'active'),
(1189, 1, 'load-url-task', 'WP_Optimize_Load_Url_Task', 0, 'Preload - https://doubleblackstudio.de/', '2025-04-04 07:09:08', 0, 'active'),
(1190, 1, 'load-url-task', 'WP_Optimize_Load_Url_Task', 0, 'Preload - https://doubleblackstudio.de', '2025-04-04 07:10:03', 0, 'active'),
(1191, 1, 'load-url-task', 'WP_Optimize_Load_Url_Task', 0, 'Preload - https://doubleblackstudio.de/', '2025-04-04 07:10:03', 0, 'active'),
(1192, 1, 'load-url-task', 'WP_Optimize_Load_Url_Task', 0, 'Preload - https://doubleblackstudio.de', '2025-04-04 07:17:12', 0, 'active'),
(1193, 1, 'load-url-task', 'WP_Optimize_Load_Url_Task', 0, 'Preload - https://doubleblackstudio.de/elementor-hf/546/', '2025-04-04 07:17:12', 0, 'active'),
(1194, 1, 'load-url-task', 'WP_Optimize_Load_Url_Task', 0, 'Preload - https://doubleblackstudio.de', '2025-04-04 07:18:55', 0, 'active'),
(1195, 1, 'load-url-task', 'WP_Optimize_Load_Url_Task', 0, 'Preload - https://doubleblackstudio.de/elementor-hf/546/', '2025-04-04 07:18:55', 0, 'active'),
(1196, 1, 'load-url-task', 'WP_Optimize_Load_Url_Task', 0, 'Preload - https://doubleblackstudio.de', '2025-04-04 07:26:59', 0, 'active'),
(1197, 1, 'load-url-task', 'WP_Optimize_Load_Url_Task', 0, 'Preload - https://doubleblackstudio.de/elementor-hf/546/', '2025-04-04 07:26:59', 0, 'active'),
(1198, 1, 'load-url-task', 'WP_Optimize_Load_Url_Task', 0, 'Preload - https://doubleblackstudio.de', '2025-04-04 07:29:39', 0, 'active'),
(1199, 1, 'load-url-task', 'WP_Optimize_Load_Url_Task', 0, 'Preload - https://doubleblackstudio.de/elementor-hf/546/', '2025-04-04 07:29:39', 0, 'active'),
(1200, 1, 'load-url-task', 'WP_Optimize_Load_Url_Task', 0, 'Preload - https://doubleblackstudio.de', '2025-04-04 07:39:56', 0, 'active'),
(1201, 1, 'load-url-task', 'WP_Optimize_Load_Url_Task', 0, 'Preload - https://doubleblackstudio.de/elementor-hf/546/', '2025-04-04 07:39:56', 0, 'active'),
(1202, 1, 'load-url-task', 'WP_Optimize_Load_Url_Task', 0, 'Preload - https://doubleblackstudio.de', '2025-04-04 07:40:50', 0, 'active'),
(1203, 1, 'load-url-task', 'WP_Optimize_Load_Url_Task', 0, 'Preload - https://doubleblackstudio.de/elementor-hf/546/', '2025-04-04 07:40:50', 0, 'active'),
(1204, 1, 'load-url-task', 'WP_Optimize_Load_Url_Task', 0, 'Preload - https://doubleblackstudio.de', '2025-04-04 07:54:32', 0, 'active'),
(1205, 1, 'load-url-task', 'WP_Optimize_Load_Url_Task', 0, 'Preload - https://doubleblackstudio.de/', '2025-04-04 07:54:32', 0, 'active'),
(1206, 1, 'load-url-task', 'WP_Optimize_Load_Url_Task', 0, 'Preload - https://doubleblackstudio.de', '2025-04-04 07:58:11', 0, 'active'),
(1207, 1, 'load-url-task', 'WP_Optimize_Load_Url_Task', 0, 'Preload - https://doubleblackstudio.de/', '2025-04-04 07:58:11', 0, 'active'),
(1208, 1, 'load-url-task', 'WP_Optimize_Load_Url_Task', 0, 'Preload - https://doubleblackstudio.de', '2025-04-04 08:09:45', 0, 'active'),
(1209, 1, 'load-url-task', 'WP_Optimize_Load_Url_Task', 0, 'Preload - https://doubleblackstudio.de/elementor-hf/546/', '2025-04-04 08:09:45', 0, 'active'),
(1210, 1, 'load-url-task', 'WP_Optimize_Load_Url_Task', 0, 'Preload - https://doubleblackstudio.de', '2025-04-04 08:13:09', 0, 'active'),
(1211, 1, 'load-url-task', 'WP_Optimize_Load_Url_Task', 0, 'Preload - https://doubleblackstudio.de/', '2025-04-04 08:13:09', 0, 'active'),
(1212, 1, 'load-url-task', 'WP_Optimize_Load_Url_Task', 0, 'Preload - https://doubleblackstudio.de', '2025-04-04 08:22:33', 0, 'active'),
(1213, 1, 'load-url-task', 'WP_Optimize_Load_Url_Task', 0, 'Preload - https://doubleblackstudio.de/elementor-hf/ftt/', '2025-04-04 08:22:33', 0, 'active'),
(1214, 1, 'load-url-task', 'WP_Optimize_Load_Url_Task', 0, 'Preload - https://doubleblackstudio.de', '2025-04-04 08:22:59', 0, 'active'),
(1215, 1, 'load-url-task', 'WP_Optimize_Load_Url_Task', 0, 'Preload - https://doubleblackstudio.de/elementor-hf/ftt/', '2025-04-04 08:22:59', 0, 'active'),
(1216, 1, 'load-url-task', 'WP_Optimize_Load_Url_Task', 0, 'Preload - https://doubleblackstudio.de', '2025-04-04 08:25:23', 0, 'active'),
(1217, 1, 'load-url-task', 'WP_Optimize_Load_Url_Task', 0, 'Preload - https://doubleblackstudio.de/metform-form/anfrage/', '2025-04-04 08:25:23', 0, 'active'),
(1218, 1, 'load-url-task', 'WP_Optimize_Load_Url_Task', 0, 'Preload - https://doubleblackstudio.de', '2025-04-04 08:30:39', 0, 'active'),
(1219, 1, 'load-url-task', 'WP_Optimize_Load_Url_Task', 0, 'Preload - https://doubleblackstudio.de/elementor-hf/ftt/', '2025-04-04 08:30:39', 0, 'active'),
(1220, 1, 'load-url-task', 'WP_Optimize_Load_Url_Task', 0, 'Preload - https://doubleblackstudio.de', '2025-04-04 08:31:47', 0, 'active'),
(1221, 1, 'load-url-task', 'WP_Optimize_Load_Url_Task', 0, 'Preload - https://doubleblackstudio.de/elementor-hf/ftt/', '2025-04-04 08:31:47', 0, 'active'),
(1222, 1, 'load-url-task', 'WP_Optimize_Load_Url_Task', 0, 'Preload - https://doubleblackstudio.de', '2025-04-04 11:23:05', 0, 'active'),
(1223, 1, 'load-url-task', 'WP_Optimize_Load_Url_Task', 0, 'Preload - https://doubleblackstudio.de/', '2025-04-04 11:23:05', 0, 'active'),
(1224, 1, 'load-url-task', 'WP_Optimize_Load_Url_Task', 0, 'Preload - https://doubleblackstudio.de', '2025-04-04 11:23:17', 0, 'active'),
(1225, 1, 'load-url-task', 'WP_Optimize_Load_Url_Task', 0, 'Preload - https://doubleblackstudio.de/', '2025-04-04 11:23:17', 0, 'active'),
(1226, 1, 'load-url-task', 'WP_Optimize_Load_Url_Task', 0, 'Preload - https://doubleblackstudio.de', '2025-04-04 11:24:00', 0, 'active'),
(1227, 1, 'load-url-task', 'WP_Optimize_Load_Url_Task', 0, 'Preload - https://doubleblackstudio.de/', '2025-04-04 11:24:00', 0, 'active'),
(1228, 1, 'load-url-task', 'WP_Optimize_Load_Url_Task', 0, 'Preload - https://doubleblackstudio.de', '2025-04-04 11:27:27', 0, 'active'),
(1229, 1, 'load-url-task', 'WP_Optimize_Load_Url_Task', 0, 'Preload - https://doubleblackstudio.de/', '2025-04-04 11:27:27', 0, 'active'),
(1230, 1, 'load-url-task', 'WP_Optimize_Load_Url_Task', 0, 'Preload - https://doubleblackstudio.de', '2025-04-04 11:30:07', 0, 'active'),
(1231, 1, 'load-url-task', 'WP_Optimize_Load_Url_Task', 0, 'Preload - https://doubleblackstudio.de/', '2025-04-04 11:30:07', 0, 'active'),
(1232, 1, 'load-url-task', 'WP_Optimize_Load_Url_Task', 0, 'Preload - https://doubleblackstudio.de', '2025-04-04 11:32:40', 0, 'active'),
(1233, 1, 'load-url-task', 'WP_Optimize_Load_Url_Task', 0, 'Preload - https://doubleblackstudio.de/', '2025-04-04 11:32:40', 0, 'active'),
(1234, 1, 'load-url-task', 'WP_Optimize_Load_Url_Task', 0, 'Preload - https://doubleblackstudio.de', '2025-04-04 11:52:25', 0, 'active'),
(1235, 1, 'load-url-task', 'WP_Optimize_Load_Url_Task', 0, 'Preload - https://doubleblackstudio.de/', '2025-04-04 11:52:25', 0, 'active'),
(1236, 1, 'load-url-task', 'WP_Optimize_Load_Url_Task', 0, 'Preload - https://doubleblackstudio.de', '2025-04-04 11:53:11', 0, 'active'),
(1237, 1, 'load-url-task', 'WP_Optimize_Load_Url_Task', 0, 'Preload - https://doubleblackstudio.de/', '2025-04-04 11:53:11', 0, 'active'),
(1238, 1, 'load-url-task', 'WP_Optimize_Load_Url_Task', 0, 'Preload - https://doubleblackstudio.de', '2025-04-04 11:55:04', 0, 'active'),
(1239, 1, 'load-url-task', 'WP_Optimize_Load_Url_Task', 0, 'Preload - https://doubleblackstudio.de/', '2025-04-04 11:55:04', 0, 'active'),
(1240, 1, 'load-url-task', 'WP_Optimize_Load_Url_Task', 0, 'Preload - https://doubleblackstudio.de', '2025-04-04 12:00:19', 0, 'active'),
(1241, 1, 'load-url-task', 'WP_Optimize_Load_Url_Task', 0, 'Preload - https://doubleblackstudio.de/', '2025-04-04 12:00:19', 0, 'active'),
(1242, 1, 'load-url-task', 'WP_Optimize_Load_Url_Task', 0, 'Preload - https://doubleblackstudio.de', '2025-04-04 12:00:51', 0, 'active'),
(1243, 1, 'load-url-task', 'WP_Optimize_Load_Url_Task', 0, 'Preload - https://doubleblackstudio.de/', '2025-04-04 12:00:51', 0, 'active'),
(1244, 1, 'load-url-task', 'WP_Optimize_Load_Url_Task', 0, 'Preload - https://doubleblackstudio.de', '2025-04-04 12:04:02', 0, 'active'),
(1245, 1, 'load-url-task', 'WP_Optimize_Load_Url_Task', 0, 'Preload - https://doubleblackstudio.de/', '2025-04-04 12:04:02', 0, 'active'),
(1246, 1, 'load-url-task', 'WP_Optimize_Load_Url_Task', 0, 'Preload - https://doubleblackstudio.de', '2025-04-04 12:06:43', 0, 'active'),
(1247, 1, 'load-url-task', 'WP_Optimize_Load_Url_Task', 0, 'Preload - https://doubleblackstudio.de/', '2025-04-04 12:06:43', 0, 'active'),
(1248, 1, 'load-url-task', 'WP_Optimize_Load_Url_Task', 0, 'Preload - https://doubleblackstudio.de', '2025-04-04 12:07:42', 0, 'active'),
(1249, 1, 'load-url-task', 'WP_Optimize_Load_Url_Task', 0, 'Preload - https://doubleblackstudio.de/', '2025-04-04 12:07:42', 0, 'active'),
(1250, 1, 'load-url-task', 'WP_Optimize_Load_Url_Task', 0, 'Preload - https://doubleblackstudio.de', '2025-04-04 12:15:16', 0, 'active'),
(1251, 1, 'load-url-task', 'WP_Optimize_Load_Url_Task', 0, 'Preload - https://doubleblackstudio.de/', '2025-04-04 12:15:16', 0, 'active'),
(1252, 1, 'load-url-task', 'WP_Optimize_Load_Url_Task', 0, 'Preload - https://doubleblackstudio.de', '2025-04-04 12:15:54', 0, 'active'),
(1253, 1, 'load-url-task', 'WP_Optimize_Load_Url_Task', 0, 'Preload - https://doubleblackstudio.de/', '2025-04-04 12:15:54', 0, 'active'),
(1254, 1, 'load-url-task', 'WP_Optimize_Load_Url_Task', 0, 'Preload - https://doubleblackstudio.de', '2025-04-04 12:17:06', 0, 'active'),
(1255, 1, 'load-url-task', 'WP_Optimize_Load_Url_Task', 0, 'Preload - https://doubleblackstudio.de/', '2025-04-04 12:17:06', 0, 'active'),
(1256, 1, 'load-url-task', 'WP_Optimize_Load_Url_Task', 0, 'Preload - https://doubleblackstudio.de', '2025-04-04 12:17:18', 0, 'active'),
(1257, 1, 'load-url-task', 'WP_Optimize_Load_Url_Task', 0, 'Preload - https://doubleblackstudio.de/', '2025-04-04 12:17:18', 0, 'active'),
(1258, 1, 'load-url-task', 'WP_Optimize_Load_Url_Task', 0, 'Preload - https://doubleblackstudio.de', '2025-04-04 12:18:05', 0, 'active'),
(1259, 1, 'load-url-task', 'WP_Optimize_Load_Url_Task', 0, 'Preload - https://doubleblackstudio.de/', '2025-04-04 12:18:05', 0, 'active'),
(1260, 1, 'load-url-task', 'WP_Optimize_Load_Url_Task', 0, 'Preload - https://doubleblackstudio.de', '2025-04-04 12:29:06', 0, 'active'),
(1261, 1, 'load-url-task', 'WP_Optimize_Load_Url_Task', 0, 'Preload - https://doubleblackstudio.de/elementor-hf/ftt/', '2025-04-04 12:29:06', 0, 'active'),
(1262, 1, 'load-url-task', 'WP_Optimize_Load_Url_Task', 0, 'Preload - https://doubleblackstudio.de', '2025-04-04 12:30:19', 0, 'active'),
(1263, 1, 'load-url-task', 'WP_Optimize_Load_Url_Task', 0, 'Preload - https://doubleblackstudio.de/', '2025-04-04 12:30:19', 0, 'active'),
(1264, 1, 'load-url-task', 'WP_Optimize_Load_Url_Task', 0, 'Preload - https://doubleblackstudio.de', '2025-04-04 12:31:52', 0, 'active'),
(1265, 1, 'load-url-task', 'WP_Optimize_Load_Url_Task', 0, 'Preload - https://doubleblackstudio.de/', '2025-04-04 12:31:52', 0, 'active'),
(1266, 1, 'load-url-task', 'WP_Optimize_Load_Url_Task', 0, 'Preload - https://doubleblackstudio.de', '2025-04-04 12:32:34', 0, 'active'),
(1267, 1, 'load-url-task', 'WP_Optimize_Load_Url_Task', 0, 'Preload - https://doubleblackstudio.de/', '2025-04-04 12:32:34', 0, 'active'),
(1268, 1, 'load-url-task', 'WP_Optimize_Load_Url_Task', 0, 'Preload - https://doubleblackstudio.de', '2025-04-04 12:41:34', 0, 'active'),
(1269, 1, 'load-url-task', 'WP_Optimize_Load_Url_Task', 0, 'Preload - https://doubleblackstudio.de/elementor-hf/ftt/', '2025-04-04 12:41:34', 0, 'active'),
(1270, 1, 'load-url-task', 'WP_Optimize_Load_Url_Task', 0, 'Preload - https://doubleblackstudio.de', '2025-04-04 12:49:42', 0, 'active'),
(1271, 1, 'load-url-task', 'WP_Optimize_Load_Url_Task', 0, 'Preload - https://doubleblackstudio.de/elementor-hf/ftt/', '2025-04-04 12:49:42', 0, 'active'),
(1272, 1, 'load-url-task', 'WP_Optimize_Load_Url_Task', 0, 'Preload - https://doubleblackstudio.de', '2025-04-04 12:59:42', 0, 'active'),
(1273, 1, 'load-url-task', 'WP_Optimize_Load_Url_Task', 0, 'Preload - https://doubleblackstudio.de/elementor-hf/ftt/', '2025-04-04 12:59:42', 0, 'active'),
(1274, 1, 'load-url-task', 'WP_Optimize_Load_Url_Task', 0, 'Preload - https://doubleblackstudio.de', '2025-04-04 13:00:38', 0, 'active'),
(1275, 1, 'load-url-task', 'WP_Optimize_Load_Url_Task', 0, 'Preload - https://doubleblackstudio.de/elementor-hf/ftt/', '2025-04-04 13:00:38', 0, 'active'),
(1276, 1, 'load-url-task', 'WP_Optimize_Load_Url_Task', 0, 'Preload - https://doubleblackstudio.de', '2025-04-04 13:20:32', 0, 'active'),
(1277, 1, 'load-url-task', 'WP_Optimize_Load_Url_Task', 0, 'Preload - https://doubleblackstudio.de/elementor-hf/ftt/', '2025-04-04 13:20:32', 0, 'active'),
(1278, 1, 'load-url-task', 'WP_Optimize_Load_Url_Task', 0, 'Preload - https://doubleblackstudio.de', '2025-04-04 13:25:48', 0, 'active'),
(1279, 1, 'load-url-task', 'WP_Optimize_Load_Url_Task', 0, 'Preload - https://doubleblackstudio.de/', '2025-04-04 13:25:48', 0, 'active'),
(1280, 1, 'load-url-task', 'WP_Optimize_Load_Url_Task', 0, 'Preload - https://doubleblackstudio.de', '2025-04-04 14:46:57', 0, 'active'),
(1281, 1, 'load-url-task', 'WP_Optimize_Load_Url_Task', 0, 'Preload - https://doubleblackstudio.de/black-grey-tattoo/', '2025-04-04 14:46:57', 0, 'active'),
(1282, 1, 'load-url-task', 'WP_Optimize_Load_Url_Task', 0, 'Preload - https://doubleblackstudio.de', '2025-04-04 14:46:59', 0, 'active'),
(1283, 1, 'load-url-task', 'WP_Optimize_Load_Url_Task', 0, 'Preload - https://doubleblackstudio.de/black-grey-tattoo/', '2025-04-04 14:46:59', 0, 'active'),
(1284, 1, 'load-url-task', 'WP_Optimize_Load_Url_Task', 0, 'Preload - https://doubleblackstudio.de', '2025-04-04 14:47:29', 0, 'active'),
(1285, 1, 'load-url-task', 'WP_Optimize_Load_Url_Task', 0, 'Preload - https://doubleblackstudio.de/cover-up-tattoo/', '2025-04-04 14:47:29', 0, 'active'),
(1286, 1, 'load-url-task', 'WP_Optimize_Load_Url_Task', 0, 'Preload - https://doubleblackstudio.de', '2025-04-04 14:47:30', 0, 'active'),
(1287, 1, 'load-url-task', 'WP_Optimize_Load_Url_Task', 0, 'Preload - https://doubleblackstudio.de/cover-up-tattoo/', '2025-04-04 14:47:30', 0, 'active'),
(1288, 1, 'load-url-task', 'WP_Optimize_Load_Url_Task', 0, 'Preload - https://doubleblackstudio.de', '2025-04-04 14:48:09', 0, 'active'),
(1289, 1, 'load-url-task', 'WP_Optimize_Load_Url_Task', 0, 'Preload - https://doubleblackstudio.de/dot-work-tattoo/', '2025-04-04 14:48:09', 0, 'active'),
(1290, 1, 'load-url-task', 'WP_Optimize_Load_Url_Task', 0, 'Preload - https://doubleblackstudio.de', '2025-04-04 14:48:11', 0, 'active'),
(1291, 1, 'load-url-task', 'WP_Optimize_Load_Url_Task', 0, 'Preload - https://doubleblackstudio.de/dot-work-tattoo/', '2025-04-04 14:48:11', 0, 'active'),
(1292, 1, 'load-url-task', 'WP_Optimize_Load_Url_Task', 0, 'Preload - https://doubleblackstudio.de', '2025-04-04 14:48:55', 0, 'active'),
(1293, 1, 'load-url-task', 'WP_Optimize_Load_Url_Task', 0, 'Preload - https://doubleblackstudio.de/fine-line-tattoo/', '2025-04-04 14:48:55', 0, 'active'),
(1294, 1, 'load-url-task', 'WP_Optimize_Load_Url_Task', 0, 'Preload - https://doubleblackstudio.de', '2025-04-04 14:48:57', 0, 'active'),
(1295, 1, 'load-url-task', 'WP_Optimize_Load_Url_Task', 0, 'Preload - https://doubleblackstudio.de/fine-line-tattoo/', '2025-04-04 14:48:57', 0, 'active'),
(1296, 1, 'load-url-task', 'WP_Optimize_Load_Url_Task', 0, 'Preload - https://doubleblackstudio.de', '2025-04-04 14:49:59', 0, 'active'),
(1297, 1, 'load-url-task', 'WP_Optimize_Load_Url_Task', 0, 'Preload - https://doubleblackstudio.de/free-hand-tattoo/', '2025-04-04 14:49:59', 0, 'active'),
(1298, 1, 'load-url-task', 'WP_Optimize_Load_Url_Task', 0, 'Preload - https://doubleblackstudio.de', '2025-04-04 14:50:00', 0, 'active'),
(1299, 1, 'load-url-task', 'WP_Optimize_Load_Url_Task', 0, 'Preload - https://doubleblackstudio.de/free-hand-tattoo/', '2025-04-04 14:50:00', 0, 'active'),
(1300, 1, 'load-url-task', 'WP_Optimize_Load_Url_Task', 0, 'Preload - https://doubleblackstudio.de', '2025-04-04 14:50:27', 0, 'active'),
(1301, 1, 'load-url-task', 'WP_Optimize_Load_Url_Task', 0, 'Preload - https://doubleblackstudio.de/mandala-tattoo/', '2025-04-04 14:50:27', 0, 'active'),
(1302, 1, 'load-url-task', 'WP_Optimize_Load_Url_Task', 0, 'Preload - https://doubleblackstudio.de', '2025-04-04 14:50:28', 0, 'active'),
(1303, 1, 'load-url-task', 'WP_Optimize_Load_Url_Task', 0, 'Preload - https://doubleblackstudio.de/mandala-tattoo/', '2025-04-04 14:50:28', 0, 'active'),
(1304, 1, 'load-url-task', 'WP_Optimize_Load_Url_Task', 0, 'Preload - https://doubleblackstudio.de', '2025-04-04 14:51:26', 0, 'active'),
(1305, 1, 'load-url-task', 'WP_Optimize_Load_Url_Task', 0, 'Preload - https://doubleblackstudio.de/maori-tattoo/', '2025-04-04 14:51:26', 0, 'active'),
(1306, 1, 'load-url-task', 'WP_Optimize_Load_Url_Task', 0, 'Preload - https://doubleblackstudio.de', '2025-04-04 14:51:28', 0, 'active'),
(1307, 1, 'load-url-task', 'WP_Optimize_Load_Url_Task', 0, 'Preload - https://doubleblackstudio.de/maori-tattoo/', '2025-04-04 14:51:28', 0, 'active'),
(1308, 1, 'load-url-task', 'WP_Optimize_Load_Url_Task', 0, 'Preload - https://doubleblackstudio.de', '2025-04-04 14:55:07', 0, 'active'),
(1309, 1, 'load-url-task', 'WP_Optimize_Load_Url_Task', 0, 'Preload - https://doubleblackstudio.de/portraits-tattoo/', '2025-04-04 14:55:07', 0, 'active'),
(1310, 1, 'load-url-task', 'WP_Optimize_Load_Url_Task', 0, 'Preload - https://doubleblackstudio.de', '2025-04-04 14:55:08', 0, 'active'),
(1311, 1, 'load-url-task', 'WP_Optimize_Load_Url_Task', 0, 'Preload - https://doubleblackstudio.de/portraits-tattoo/', '2025-04-04 14:55:08', 0, 'active'),
(1312, 1, 'load-url-task', 'WP_Optimize_Load_Url_Task', 0, 'Preload - https://doubleblackstudio.de', '2025-04-04 14:55:50', 0, 'active'),
(1313, 1, 'load-url-task', 'WP_Optimize_Load_Url_Task', 0, 'Preload - https://doubleblackstudio.de/realismus-tattoo/', '2025-04-04 14:55:50', 0, 'active'),
(1314, 1, 'load-url-task', 'WP_Optimize_Load_Url_Task', 0, 'Preload - https://doubleblackstudio.de', '2025-04-04 14:55:51', 0, 'active'),
(1315, 1, 'load-url-task', 'WP_Optimize_Load_Url_Task', 0, 'Preload - https://doubleblackstudio.de/realismus-tattoo/', '2025-04-04 14:55:51', 0, 'active'),
(1316, 1, 'load-url-task', 'WP_Optimize_Load_Url_Task', 0, 'Preload - https://doubleblackstudio.de', '2025-04-04 14:56:15', 0, 'active'),
(1317, 1, 'load-url-task', 'WP_Optimize_Load_Url_Task', 0, 'Preload - https://doubleblackstudio.de/realismus-tattoo/', '2025-04-04 14:56:15', 0, 'active'),
(1318, 1, 'load-url-task', 'WP_Optimize_Load_Url_Task', 0, 'Preload - https://doubleblackstudio.de', '2025-04-04 14:56:17', 0, 'active'),
(1319, 1, 'load-url-task', 'WP_Optimize_Load_Url_Task', 0, 'Preload - https://doubleblackstudio.de/realismus-tattoo/', '2025-04-04 14:56:17', 0, 'active'),
(1320, 1, 'load-url-task', 'WP_Optimize_Load_Url_Task', 0, 'Preload - https://doubleblackstudio.de', '2025-04-04 14:56:58', 0, 'active'),
(1321, 1, 'load-url-task', 'WP_Optimize_Load_Url_Task', 0, 'Preload - https://doubleblackstudio.de/tattoo-studio-freiburg/', '2025-04-04 14:56:58', 0, 'active'),
(1322, 1, 'load-url-task', 'WP_Optimize_Load_Url_Task', 0, 'Preload - https://doubleblackstudio.de', '2025-04-04 14:56:59', 0, 'active'),
(1323, 1, 'load-url-task', 'WP_Optimize_Load_Url_Task', 0, 'Preload - https://doubleblackstudio.de/tattoo-studio-freiburg/', '2025-04-04 14:56:59', 0, 'active'),
(1324, 1, 'load-url-task', 'WP_Optimize_Load_Url_Task', 0, 'Preload - https://doubleblackstudio.de', '2025-04-07 06:53:49', 0, 'active'),
(1325, 1, 'load-url-task', 'WP_Optimize_Load_Url_Task', 0, 'Preload - https://doubleblackstudio.de/datenschutz/', '2025-04-07 06:53:49', 0, 'active'),
(1326, 1, 'load-url-task', 'WP_Optimize_Load_Url_Task', 0, 'Preload - https://doubleblackstudio.de', '2025-04-07 09:37:41', 0, 'active'),
(1327, 1, 'load-url-task', 'WP_Optimize_Load_Url_Task', 0, 'Preload - https://doubleblackstudio.de/', '2025-04-07 09:37:41', 0, 'active'),
(1328, 1, 'load-url-task', 'WP_Optimize_Load_Url_Task', 0, 'Preload - https://doubleblackstudio.de', '2025-04-07 09:41:54', 0, 'active'),
(1329, 1, 'load-url-task', 'WP_Optimize_Load_Url_Task', 0, 'Preload - https://doubleblackstudio.de/', '2025-04-07 09:41:54', 0, 'active'),
(1330, 1, 'load-url-task', 'WP_Optimize_Load_Url_Task', 0, 'Preload - https://doubleblackstudio.de', '2025-04-07 10:13:42', 0, 'active'),
(1331, 1, 'load-url-task', 'WP_Optimize_Load_Url_Task', 0, 'Preload - https://doubleblackstudio.de/', '2025-04-07 10:13:42', 0, 'active'),
(1332, 1, 'load-url-task', 'WP_Optimize_Load_Url_Task', 0, 'Preload - https://doubleblackstudio.de', '2025-04-07 10:15:04', 0, 'active'),
(1333, 1, 'load-url-task', 'WP_Optimize_Load_Url_Task', 0, 'Preload - https://doubleblackstudio.de/', '2025-04-07 10:15:04', 0, 'active'),
(1334, 1, 'load-url-task', 'WP_Optimize_Load_Url_Task', 0, 'Preload - https://doubleblackstudio.de', '2025-04-07 10:26:47', 0, 'active'),
(1335, 1, 'load-url-task', 'WP_Optimize_Load_Url_Task', 0, 'Preload - https://doubleblackstudio.de/e-floating-buttons/elementor-floating-button-2021/', '2025-04-07 10:26:47', 0, 'active'),
(1336, 1, 'load-url-task', 'WP_Optimize_Load_Url_Task', 0, 'Preload - https://doubleblackstudio.de/', '2025-04-07 10:26:47', 0, 'active'),
(1337, 1, 'load-url-task', 'WP_Optimize_Load_Url_Task', 0, 'Preload - https://doubleblackstudio.de', '2025-04-07 10:27:08', 0, 'active'),
(1338, 1, 'load-url-task', 'WP_Optimize_Load_Url_Task', 0, 'Preload - https://doubleblackstudio.de/', '2025-04-07 10:27:08', 0, 'active'),
(1339, 1, 'load-url-task', 'WP_Optimize_Load_Url_Task', 0, 'Preload - https://doubleblackstudio.de/', '2025-04-07 10:27:10', 0, 'active'),
(1340, 1, 'load-url-task', 'WP_Optimize_Load_Url_Task', 0, 'Preload - https://doubleblackstudio.de/', '2025-04-07 10:27:52', 0, 'active'),
(1341, 1, 'load-url-task', 'WP_Optimize_Load_Url_Task', 0, 'Preload - https://doubleblackstudio.de', '2025-04-07 10:28:20', 0, 'active'),
(1342, 1, 'load-url-task', 'WP_Optimize_Load_Url_Task', 0, 'Preload - https://doubleblackstudio.de/', '2025-04-07 10:28:20', 0, 'active'),
(1343, 1, 'load-url-task', 'WP_Optimize_Load_Url_Task', 0, 'Preload - https://doubleblackstudio.de', '2025-04-07 10:28:29', 0, 'active'),
(1344, 1, 'load-url-task', 'WP_Optimize_Load_Url_Task', 0, 'Preload - https://doubleblackstudio.de/', '2025-04-07 10:28:29', 0, 'active'),
(1345, 1, 'load-url-task', 'WP_Optimize_Load_Url_Task', 0, 'Preload - https://doubleblackstudio.de/', '2025-04-07 10:28:31', 0, 'active'),
(1346, 1, 'load-url-task', 'WP_Optimize_Load_Url_Task', 0, 'Preload - https://doubleblackstudio.de/', '2025-04-07 10:29:07', 0, 'active'),
(1347, 1, 'load-url-task', 'WP_Optimize_Load_Url_Task', 0, 'Preload - https://doubleblackstudio.de', '2025-04-07 10:29:56', 0, 'active'),
(1348, 1, 'load-url-task', 'WP_Optimize_Load_Url_Task', 0, 'Preload - https://doubleblackstudio.de/', '2025-04-07 10:29:56', 0, 'active'),
(1349, 1, 'load-url-task', 'WP_Optimize_Load_Url_Task', 0, 'Preload - https://doubleblackstudio.de', '2025-04-07 10:30:58', 0, 'active'),
(1350, 1, 'load-url-task', 'WP_Optimize_Load_Url_Task', 0, 'Preload - https://doubleblackstudio.de/', '2025-04-07 10:30:58', 0, 'active'),
(1351, 1, 'load-url-task', 'WP_Optimize_Load_Url_Task', 0, 'Preload - https://doubleblackstudio.de', '2025-04-07 10:31:07', 0, 'active'),
(1352, 1, 'load-url-task', 'WP_Optimize_Load_Url_Task', 0, 'Preload - https://doubleblackstudio.de/test-2/', '2025-04-07 10:31:07', 0, 'active'),
(1353, 1, 'load-url-task', 'WP_Optimize_Load_Url_Task', 0, 'Preload - https://doubleblackstudio.de', '2025-04-07 10:31:08', 0, 'active'),
(1354, 1, 'load-url-task', 'WP_Optimize_Load_Url_Task', 0, 'Preload - https://doubleblackstudio.de/test-2/', '2025-04-07 10:31:08', 0, 'active'),
(1355, 1, 'load-url-task', 'WP_Optimize_Load_Url_Task', 0, 'Preload - https://doubleblackstudio.de', '2025-04-07 10:31:59', 0, 'active'),
(1356, 1, 'load-url-task', 'WP_Optimize_Load_Url_Task', 0, 'Preload - https://doubleblackstudio.de/test-2/', '2025-04-07 10:31:59', 0, 'active'),
(1357, 1, 'load-url-task', 'WP_Optimize_Load_Url_Task', 0, 'Preload - https://doubleblackstudio.de', '2025-04-07 10:36:42', 0, 'active'),
(1358, 1, 'load-url-task', 'WP_Optimize_Load_Url_Task', 0, 'Preload - https://doubleblackstudio.de/elementor-hf/546/', '2025-04-07 10:36:42', 0, 'active'),
(1359, 1, 'load-url-task', 'WP_Optimize_Load_Url_Task', 0, 'Preload - https://doubleblackstudio.de', '2025-04-07 10:37:22', 0, 'active'),
(1360, 1, 'load-url-task', 'WP_Optimize_Load_Url_Task', 0, 'Preload - https://doubleblackstudio.de/elementor-hf/546/', '2025-04-07 10:37:22', 0, 'active'),
(1361, 1, 'load-url-task', 'WP_Optimize_Load_Url_Task', 0, 'Preload - https://doubleblackstudio.de', '2025-04-07 10:40:53', 0, 'active'),
(1362, 1, 'load-url-task', 'WP_Optimize_Load_Url_Task', 0, 'Preload - https://doubleblackstudio.de/elementor-hf/546/', '2025-04-07 10:40:53', 0, 'active'),
(1363, 1, 'load-url-task', 'WP_Optimize_Load_Url_Task', 0, 'Preload - https://doubleblackstudio.de', '2025-04-07 10:41:22', 0, 'active'),
(1364, 1, 'load-url-task', 'WP_Optimize_Load_Url_Task', 0, 'Preload - https://doubleblackstudio.de/elementor-hf/546/', '2025-04-07 10:41:22', 0, 'active'),
(1365, 1, 'load-url-task', 'WP_Optimize_Load_Url_Task', 0, 'Preload - https://doubleblackstudio.de', '2025-04-07 10:42:55', 0, 'active'),
(1366, 1, 'load-url-task', 'WP_Optimize_Load_Url_Task', 0, 'Preload - https://doubleblackstudio.de/elementor-hf/546/', '2025-04-07 10:42:55', 0, 'active'),
(1367, 1, 'load-url-task', 'WP_Optimize_Load_Url_Task', 0, 'Preload - https://doubleblackstudio.de', '2025-04-07 10:44:31', 0, 'active'),
(1368, 1, 'load-url-task', 'WP_Optimize_Load_Url_Task', 0, 'Preload - https://doubleblackstudio.de/elementor-hf/546/', '2025-04-07 10:44:31', 0, 'active'),
(1369, 1, 'load-url-task', 'WP_Optimize_Load_Url_Task', 0, 'Preload - https://doubleblackstudio.de', '2025-04-07 10:44:39', 0, 'active'),
(1370, 1, 'load-url-task', 'WP_Optimize_Load_Url_Task', 0, 'Preload - https://doubleblackstudio.de/elementor-hf/546/', '2025-04-07 10:44:39', 0, 'active'),
(1371, 1, 'load-url-task', 'WP_Optimize_Load_Url_Task', 0, 'Preload - https://doubleblackstudio.de', '2025-04-07 10:47:06', 0, 'active'),
(1372, 1, 'load-url-task', 'WP_Optimize_Load_Url_Task', 0, 'Preload - https://doubleblackstudio.de/elementor-hf/546/', '2025-04-07 10:47:06', 0, 'active'),
(1373, 1, 'load-url-task', 'WP_Optimize_Load_Url_Task', 0, 'Preload - https://doubleblackstudio.de', '2025-04-07 10:52:38', 0, 'active'),
(1374, 1, 'load-url-task', 'WP_Optimize_Load_Url_Task', 0, 'Preload - https://doubleblackstudio.de/elementor-hf/546/', '2025-04-07 10:52:38', 0, 'active'),
(1375, 1, 'load-url-task', 'WP_Optimize_Load_Url_Task', 0, 'Preload - https://doubleblackstudio.de', '2025-04-07 10:55:19', 0, 'active'),
(1376, 1, 'load-url-task', 'WP_Optimize_Load_Url_Task', 0, 'Preload - https://doubleblackstudio.de/elementor-hf/546/', '2025-04-07 10:55:19', 0, 'active'),
(1377, 1, 'load-url-task', 'WP_Optimize_Load_Url_Task', 0, 'Preload - https://doubleblackstudio.de', '2025-04-07 10:55:50', 0, 'active'),
(1378, 1, 'load-url-task', 'WP_Optimize_Load_Url_Task', 0, 'Preload - https://doubleblackstudio.de/elementor-hf/546/', '2025-04-07 10:55:50', 0, 'active'),
(1379, 1, 'load-url-task', 'WP_Optimize_Load_Url_Task', 0, 'Preload - https://doubleblackstudio.de', '2025-04-07 10:56:34', 0, 'active'),
(1380, 1, 'load-url-task', 'WP_Optimize_Load_Url_Task', 0, 'Preload - https://doubleblackstudio.de/elementor-hf/546/', '2025-04-07 10:56:34', 0, 'active'),
(1381, 1, 'load-url-task', 'WP_Optimize_Load_Url_Task', 0, 'Preload - https://doubleblackstudio.de', '2025-04-07 10:57:21', 0, 'active'),
(1382, 1, 'load-url-task', 'WP_Optimize_Load_Url_Task', 0, 'Preload - https://doubleblackstudio.de/elementor-hf/546/', '2025-04-07 10:57:21', 0, 'active'),
(1383, 1, 'load-url-task', 'WP_Optimize_Load_Url_Task', 0, 'Preload - https://doubleblackstudio.de', '2025-04-07 10:57:40', 0, 'active'),
(1384, 1, 'load-url-task', 'WP_Optimize_Load_Url_Task', 0, 'Preload - https://doubleblackstudio.de/elementor-hf/546/', '2025-04-07 10:57:40', 0, 'active'),
(1385, 1, 'load-url-task', 'WP_Optimize_Load_Url_Task', 0, 'Preload - https://doubleblackstudio.de', '2025-04-07 10:58:44', 0, 'active'),
(1386, 1, 'load-url-task', 'WP_Optimize_Load_Url_Task', 0, 'Preload - https://doubleblackstudio.de/elementor-hf/546/', '2025-04-07 10:58:44', 0, 'active'),
(1387, 1, 'load-url-task', 'WP_Optimize_Load_Url_Task', 0, 'Preload - https://doubleblackstudio.de', '2025-04-07 10:59:32', 0, 'active'),
(1388, 1, 'load-url-task', 'WP_Optimize_Load_Url_Task', 0, 'Preload - https://doubleblackstudio.de/elementor-hf/546/', '2025-04-07 10:59:32', 0, 'active'),
(1389, 1, 'load-url-task', 'WP_Optimize_Load_Url_Task', 0, 'Preload - https://doubleblackstudio.de', '2025-04-07 11:02:12', 0, 'active'),
(1390, 1, 'load-url-task', 'WP_Optimize_Load_Url_Task', 0, 'Preload - https://doubleblackstudio.de/', '2025-04-07 11:02:12', 0, 'active'),
(1391, 1, 'load-url-task', 'WP_Optimize_Load_Url_Task', 0, 'Preload - https://doubleblackstudio.de', '2025-04-07 11:02:15', 0, 'active'),
(1392, 1, 'load-url-task', 'WP_Optimize_Load_Url_Task', 0, 'Preload - https://doubleblackstudio.de/test-2/', '2025-04-07 11:02:15', 0, 'active'),
(1393, 1, 'load-url-task', 'WP_Optimize_Load_Url_Task', 0, 'Preload - https://doubleblackstudio.de/', '2025-04-07 11:02:15', 0, 'active'),
(1394, 1, 'load-url-task', 'WP_Optimize_Load_Url_Task', 0, 'Preload - https://doubleblackstudio.de', '2025-04-07 11:03:04', 0, 'active'),
(1395, 1, 'load-url-task', 'WP_Optimize_Load_Url_Task', 0, 'Preload - https://doubleblackstudio.de/elementor-hf/546/', '2025-04-07 11:03:04', 0, 'active'),
(1396, 1, 'load-url-task', 'WP_Optimize_Load_Url_Task', 0, 'Preload - https://doubleblackstudio.de', '2025-04-07 11:38:30', 0, 'active'),
(1397, 1, 'load-url-task', 'WP_Optimize_Load_Url_Task', 0, 'Preload - https://doubleblackstudio.de/elementor-hf/546/', '2025-04-07 11:38:30', 0, 'active'),
(1398, 1, 'load-url-task', 'WP_Optimize_Load_Url_Task', 0, 'Preload - https://doubleblackstudio.de', '2025-04-07 11:56:50', 0, 'active'),
(1399, 1, 'load-url-task', 'WP_Optimize_Load_Url_Task', 0, 'Preload - https://doubleblackstudio.de/elementor-hf/ftt/', '2025-04-07 11:56:50', 0, 'active'),
(1400, 1, 'load-url-task', 'WP_Optimize_Load_Url_Task', 0, 'Preload - https://doubleblackstudio.de', '2025-04-07 11:57:13', 0, 'active');
INSERT INTO `uV6mXZATtm_tasks` (`id`, `user_id`, `type`, `class_identifier`, `attempts`, `description`, `time_created`, `last_locked_at`, `status`) VALUES
(1401, 1, 'load-url-task', 'WP_Optimize_Load_Url_Task', 0, 'Preload - https://doubleblackstudio.de/elementor-hf/ftt/', '2025-04-07 11:57:13', 0, 'active'),
(1402, 1, 'load-url-task', 'WP_Optimize_Load_Url_Task', 0, 'Preload - https://doubleblackstudio.de/', '2025-04-07 12:27:51', 0, 'active'),
(1403, 1, 'load-url-task', 'WP_Optimize_Load_Url_Task', 0, 'Preload - https://doubleblackstudio.de', '2025-04-07 12:38:11', 0, 'active'),
(1404, 1, 'load-url-task', 'WP_Optimize_Load_Url_Task', 0, 'Preload - https://doubleblackstudio.de/black-grey-tattoo/', '2025-04-07 12:38:11', 0, 'active'),
(1405, 1, 'load-url-task', 'WP_Optimize_Load_Url_Task', 0, 'Preload - https://doubleblackstudio.de', '2025-04-07 12:38:29', 0, 'active'),
(1406, 1, 'load-url-task', 'WP_Optimize_Load_Url_Task', 0, 'Preload - https://doubleblackstudio.de/cover-up-tattoo/', '2025-04-07 12:38:29', 0, 'active'),
(1407, 1, 'load-url-task', 'WP_Optimize_Load_Url_Task', 0, 'Preload - https://doubleblackstudio.de', '2025-04-07 12:38:48', 0, 'active'),
(1408, 1, 'load-url-task', 'WP_Optimize_Load_Url_Task', 0, 'Preload - https://doubleblackstudio.de/dot-work-tattoo/', '2025-04-07 12:38:48', 0, 'active'),
(1409, 1, 'load-url-task', 'WP_Optimize_Load_Url_Task', 0, 'Preload - https://doubleblackstudio.de', '2025-04-07 12:39:33', 0, 'active'),
(1410, 1, 'load-url-task', 'WP_Optimize_Load_Url_Task', 0, 'Preload - https://doubleblackstudio.de/fine-line-tattoo/', '2025-04-07 12:39:33', 0, 'active'),
(1411, 1, 'load-url-task', 'WP_Optimize_Load_Url_Task', 0, 'Preload - https://doubleblackstudio.de', '2025-04-07 12:39:53', 0, 'active'),
(1412, 1, 'load-url-task', 'WP_Optimize_Load_Url_Task', 0, 'Preload - https://doubleblackstudio.de/free-hand-tattoo/', '2025-04-07 12:39:53', 0, 'active'),
(1413, 1, 'load-url-task', 'WP_Optimize_Load_Url_Task', 0, 'Preload - https://doubleblackstudio.de', '2025-04-07 12:40:15', 0, 'active'),
(1414, 1, 'load-url-task', 'WP_Optimize_Load_Url_Task', 0, 'Preload - https://doubleblackstudio.de/mandala-tattoo/', '2025-04-07 12:40:15', 0, 'active'),
(1415, 1, 'load-url-task', 'WP_Optimize_Load_Url_Task', 0, 'Preload - https://doubleblackstudio.de', '2025-04-07 12:40:33', 0, 'active'),
(1416, 1, 'load-url-task', 'WP_Optimize_Load_Url_Task', 0, 'Preload - https://doubleblackstudio.de/maori-tattoo/', '2025-04-07 12:40:33', 0, 'active'),
(1417, 1, 'load-url-task', 'WP_Optimize_Load_Url_Task', 0, 'Preload - https://doubleblackstudio.de', '2025-04-07 12:40:51', 0, 'active'),
(1418, 1, 'load-url-task', 'WP_Optimize_Load_Url_Task', 0, 'Preload - https://doubleblackstudio.de/portraits-tattoo/', '2025-04-07 12:40:51', 0, 'active'),
(1419, 1, 'load-url-task', 'WP_Optimize_Load_Url_Task', 0, 'Preload - https://doubleblackstudio.de', '2025-04-07 12:41:08', 0, 'active'),
(1420, 1, 'load-url-task', 'WP_Optimize_Load_Url_Task', 0, 'Preload - https://doubleblackstudio.de/realismus-tattoo/', '2025-04-07 12:41:08', 0, 'active'),
(1421, 1, 'load-url-task', 'WP_Optimize_Load_Url_Task', 0, 'Preload - https://doubleblackstudio.de', '2025-04-07 12:42:01', 0, 'active'),
(1422, 1, 'load-url-task', 'WP_Optimize_Load_Url_Task', 0, 'Preload - https://doubleblackstudio.de/tattoo-studio-freiburg/', '2025-04-07 12:42:01', 0, 'active'),
(1423, 1, 'load-url-task', 'WP_Optimize_Load_Url_Task', 0, 'Preload - https://doubleblackstudio.de', '2025-04-07 12:43:58', 0, 'active'),
(1424, 1, 'load-url-task', 'WP_Optimize_Load_Url_Task', 0, 'Preload - https://doubleblackstudio.de/', '2025-04-07 12:43:58', 0, 'active'),
(1425, 1, 'load-url-task', 'WP_Optimize_Load_Url_Task', 0, 'Preload - https://doubleblackstudio.de', '2025-04-07 12:47:22', 0, 'active'),
(1426, 1, 'load-url-task', 'WP_Optimize_Load_Url_Task', 0, 'Preload - https://doubleblackstudio.de/kontakt/', '2025-04-07 12:47:22', 0, 'active'),
(1427, 1, 'load-url-task', 'WP_Optimize_Load_Url_Task', 0, 'Preload - https://doubleblackstudio.de', '2025-04-07 12:47:23', 0, 'active'),
(1428, 1, 'load-url-task', 'WP_Optimize_Load_Url_Task', 0, 'Preload - https://doubleblackstudio.de/kontakt/', '2025-04-07 12:47:23', 0, 'active'),
(1429, 1, 'load-url-task', 'WP_Optimize_Load_Url_Task', 0, 'Preload - https://doubleblackstudio.de', '2025-04-07 12:49:49', 0, 'active'),
(1430, 1, 'load-url-task', 'WP_Optimize_Load_Url_Task', 0, 'Preload - https://doubleblackstudio.de/kontakt/', '2025-04-07 12:49:49', 0, 'active'),
(1431, 1, 'load-url-task', 'WP_Optimize_Load_Url_Task', 0, 'Preload - https://doubleblackstudio.de', '2025-04-07 12:50:01', 0, 'active'),
(1432, 1, 'load-url-task', 'WP_Optimize_Load_Url_Task', 0, 'Preload - https://doubleblackstudio.de/tattoo-studio-freiburg/', '2025-04-07 12:50:01', 0, 'active'),
(1433, 1, 'load-url-task', 'WP_Optimize_Load_Url_Task', 0, 'Preload - https://doubleblackstudio.de', '2025-04-07 12:50:02', 0, 'active'),
(1434, 1, 'load-url-task', 'WP_Optimize_Load_Url_Task', 0, 'Preload - https://doubleblackstudio.de/tattoo-studio-freiburg/', '2025-04-07 12:50:02', 0, 'active'),
(1435, 1, 'load-url-task', 'WP_Optimize_Load_Url_Task', 0, 'Preload - https://doubleblackstudio.de', '2025-04-07 12:53:33', 0, 'active'),
(1436, 1, 'load-url-task', 'WP_Optimize_Load_Url_Task', 0, 'Preload - https://doubleblackstudio.de/', '2025-04-07 12:53:33', 0, 'active'),
(1437, 1, 'load-url-task', 'WP_Optimize_Load_Url_Task', 0, 'Preload - https://doubleblackstudio.de', '2025-04-07 12:53:34', 0, 'active'),
(1438, 1, 'load-url-task', 'WP_Optimize_Load_Url_Task', 0, 'Preload - https://doubleblackstudio.de/', '2025-04-07 12:53:34', 0, 'active'),
(1439, 1, 'load-url-task', 'WP_Optimize_Load_Url_Task', 0, 'Preload - https://doubleblackstudio.de/', '2025-04-07 12:54:02', 0, 'active'),
(1440, 1, 'load-url-task', 'WP_Optimize_Load_Url_Task', 0, 'Preload - https://doubleblackstudio.de', '2025-04-07 12:56:56', 0, 'active'),
(1441, 1, 'load-url-task', 'WP_Optimize_Load_Url_Task', 0, 'Preload - https://doubleblackstudio.de/elementor-hf/546/', '2025-04-07 12:56:56', 0, 'active'),
(1442, 1, 'load-url-task', 'WP_Optimize_Load_Url_Task', 0, 'Preload - https://doubleblackstudio.de', '2025-04-07 13:03:25', 0, 'active'),
(1443, 1, 'load-url-task', 'WP_Optimize_Load_Url_Task', 0, 'Preload - https://doubleblackstudio.de/elementor-hf/ftt/', '2025-04-07 13:03:25', 0, 'active'),
(1444, 1, 'load-url-task', 'WP_Optimize_Load_Url_Task', 0, 'Preload - https://doubleblackstudio.de', '2025-04-07 13:55:13', 0, 'active'),
(1445, 1, 'load-url-task', 'WP_Optimize_Load_Url_Task', 0, 'Preload - https://doubleblackstudio.de/', '2025-04-07 13:55:13', 0, 'active'),
(1446, 1, 'load-url-task', 'WP_Optimize_Load_Url_Task', 0, 'Preload - https://doubleblackstudio.de', '2025-04-07 13:55:42', 0, 'active'),
(1447, 1, 'load-url-task', 'WP_Optimize_Load_Url_Task', 0, 'Preload - https://doubleblackstudio.de/', '2025-04-07 13:55:42', 0, 'active'),
(1448, 1, 'load-url-task', 'WP_Optimize_Load_Url_Task', 0, 'Preload - https://doubleblackstudio.de', '2025-04-07 13:56:06', 0, 'active'),
(1449, 1, 'load-url-task', 'WP_Optimize_Load_Url_Task', 0, 'Preload - https://doubleblackstudio.de/', '2025-04-07 13:56:06', 0, 'active'),
(1450, 1, 'load-url-task', 'WP_Optimize_Load_Url_Task', 0, 'Preload - https://doubleblackstudio.de', '2025-04-08 09:55:53', 0, 'active'),
(1451, 1, 'load-url-task', 'WP_Optimize_Load_Url_Task', 0, 'Preload - https://doubleblackstudio.de/mandala-tattoo/', '2025-04-08 09:55:53', 0, 'active'),
(1452, 1, 'load-url-task', 'WP_Optimize_Load_Url_Task', 0, 'Preload - https://doubleblackstudio.de', '2025-04-08 09:55:55', 0, 'active'),
(1453, 1, 'load-url-task', 'WP_Optimize_Load_Url_Task', 0, 'Preload - https://doubleblackstudio.de/mandala-tattoo/', '2025-04-08 09:55:55', 0, 'active'),
(1454, 1, 'load-url-task', 'WP_Optimize_Load_Url_Task', 0, 'Preload - https://doubleblackstudio.de', '2025-04-08 09:57:23', 0, 'active'),
(1455, 1, 'load-url-task', 'WP_Optimize_Load_Url_Task', 0, 'Preload - https://doubleblackstudio.de/mandala-tattoo/', '2025-04-08 09:57:23', 0, 'active'),
(1456, 1, 'load-url-task', 'WP_Optimize_Load_Url_Task', 0, 'Preload - https://doubleblackstudio.de', '2025-04-08 09:57:47', 0, 'active'),
(1457, 1, 'load-url-task', 'WP_Optimize_Load_Url_Task', 0, 'Preload - https://doubleblackstudio.de/mandala-tattoo/', '2025-04-08 09:57:47', 0, 'active'),
(1458, 1, 'load-url-task', 'WP_Optimize_Load_Url_Task', 0, 'Preload - https://doubleblackstudio.de', '2025-04-08 09:59:31', 0, 'active'),
(1459, 1, 'load-url-task', 'WP_Optimize_Load_Url_Task', 0, 'Preload - https://doubleblackstudio.de/realismus-tattoo/', '2025-04-08 09:59:31', 0, 'active'),
(1460, 1, 'load-url-task', 'WP_Optimize_Load_Url_Task', 0, 'Preload - https://doubleblackstudio.de', '2025-04-08 09:59:32', 0, 'active'),
(1461, 1, 'load-url-task', 'WP_Optimize_Load_Url_Task', 0, 'Preload - https://doubleblackstudio.de/realismus-tattoo/', '2025-04-08 09:59:32', 0, 'active'),
(1462, 1, 'load-url-task', 'WP_Optimize_Load_Url_Task', 0, 'Preload - https://doubleblackstudio.de', '2025-04-08 10:00:26', 0, 'active'),
(1463, 1, 'load-url-task', 'WP_Optimize_Load_Url_Task', 0, 'Preload - https://doubleblackstudio.de/realismus-tattoo/', '2025-04-08 10:00:26', 0, 'active'),
(1464, 1, 'load-url-task', 'WP_Optimize_Load_Url_Task', 0, 'Preload - https://doubleblackstudio.de', '2025-04-08 10:01:09', 0, 'active'),
(1465, 1, 'load-url-task', 'WP_Optimize_Load_Url_Task', 0, 'Preload - https://doubleblackstudio.de/dot-work-tattoo/', '2025-04-08 10:01:09', 0, 'active'),
(1466, 1, 'load-url-task', 'WP_Optimize_Load_Url_Task', 0, 'Preload - https://doubleblackstudio.de', '2025-04-08 10:01:10', 0, 'active'),
(1467, 1, 'load-url-task', 'WP_Optimize_Load_Url_Task', 0, 'Preload - https://doubleblackstudio.de/dot-work-tattoo/', '2025-04-08 10:01:10', 0, 'active'),
(1468, 1, 'load-url-task', 'WP_Optimize_Load_Url_Task', 0, 'Preload - https://doubleblackstudio.de', '2025-04-08 10:01:53', 0, 'active'),
(1469, 1, 'load-url-task', 'WP_Optimize_Load_Url_Task', 0, 'Preload - https://doubleblackstudio.de/dot-work-tattoo/', '2025-04-08 10:01:53', 0, 'active'),
(1470, 1, 'load-url-task', 'WP_Optimize_Load_Url_Task', 0, 'Preload - https://doubleblackstudio.de', '2025-04-08 10:04:32', 0, 'active'),
(1471, 1, 'load-url-task', 'WP_Optimize_Load_Url_Task', 0, 'Preload - https://doubleblackstudio.de/free-hand-tattoo/', '2025-04-08 10:04:32', 0, 'active'),
(1472, 1, 'load-url-task', 'WP_Optimize_Load_Url_Task', 0, 'Preload - https://doubleblackstudio.de', '2025-04-08 10:04:34', 0, 'active'),
(1473, 1, 'load-url-task', 'WP_Optimize_Load_Url_Task', 0, 'Preload - https://doubleblackstudio.de/free-hand-tattoo/', '2025-04-08 10:04:34', 0, 'active'),
(1474, 1, 'load-url-task', 'WP_Optimize_Load_Url_Task', 0, 'Preload - https://doubleblackstudio.de', '2025-04-08 10:05:15', 0, 'active'),
(1475, 1, 'load-url-task', 'WP_Optimize_Load_Url_Task', 0, 'Preload - https://doubleblackstudio.de/free-hand-tattoo/', '2025-04-08 10:05:15', 0, 'active'),
(1476, 1, 'load-url-task', 'WP_Optimize_Load_Url_Task', 0, 'Preload - https://doubleblackstudio.de', '2025-04-08 10:07:31', 0, 'active'),
(1477, 1, 'load-url-task', 'WP_Optimize_Load_Url_Task', 0, 'Preload - https://doubleblackstudio.de/fine-line-tattoo/', '2025-04-08 10:07:31', 0, 'active'),
(1478, 1, 'load-url-task', 'WP_Optimize_Load_Url_Task', 0, 'Preload - https://doubleblackstudio.de', '2025-04-08 10:07:32', 0, 'active'),
(1479, 1, 'load-url-task', 'WP_Optimize_Load_Url_Task', 0, 'Preload - https://doubleblackstudio.de/fine-line-tattoo/', '2025-04-08 10:07:32', 0, 'active'),
(1480, 1, 'load-url-task', 'WP_Optimize_Load_Url_Task', 0, 'Preload - https://doubleblackstudio.de', '2025-04-08 10:08:12', 0, 'active'),
(1481, 1, 'load-url-task', 'WP_Optimize_Load_Url_Task', 0, 'Preload - https://doubleblackstudio.de/fine-line-tattoo/', '2025-04-08 10:08:12', 0, 'active'),
(1482, 1, 'load-url-task', 'WP_Optimize_Load_Url_Task', 0, 'Preload - https://doubleblackstudio.de', '2025-04-08 10:12:28', 0, 'active'),
(1483, 1, 'load-url-task', 'WP_Optimize_Load_Url_Task', 0, 'Preload - https://doubleblackstudio.de/black-grey-tattoo/', '2025-04-08 10:12:28', 0, 'active'),
(1484, 1, 'load-url-task', 'WP_Optimize_Load_Url_Task', 0, 'Preload - https://doubleblackstudio.de', '2025-04-08 10:12:30', 0, 'active'),
(1485, 1, 'load-url-task', 'WP_Optimize_Load_Url_Task', 0, 'Preload - https://doubleblackstudio.de/black-grey-tattoo/', '2025-04-08 10:12:30', 0, 'active'),
(1486, 1, 'load-url-task', 'WP_Optimize_Load_Url_Task', 0, 'Preload - https://doubleblackstudio.de', '2025-04-08 10:12:53', 0, 'active'),
(1487, 1, 'load-url-task', 'WP_Optimize_Load_Url_Task', 0, 'Preload - https://doubleblackstudio.de/black-grey-tattoo/', '2025-04-08 10:12:53', 0, 'active'),
(1488, 1, 'load-url-task', 'WP_Optimize_Load_Url_Task', 0, 'Preload - https://doubleblackstudio.de', '2025-04-08 10:13:13', 0, 'active'),
(1489, 1, 'load-url-task', 'WP_Optimize_Load_Url_Task', 0, 'Preload - https://doubleblackstudio.de/black-grey-tattoo/', '2025-04-08 10:13:13', 0, 'active'),
(1490, 1, 'load-url-task', 'WP_Optimize_Load_Url_Task', 0, 'Preload - https://doubleblackstudio.de', '2025-04-08 10:14:09', 0, 'active'),
(1491, 1, 'load-url-task', 'WP_Optimize_Load_Url_Task', 0, 'Preload - https://doubleblackstudio.de/cover-up-tattoo/', '2025-04-08 10:14:09', 0, 'active'),
(1492, 1, 'load-url-task', 'WP_Optimize_Load_Url_Task', 0, 'Preload - https://doubleblackstudio.de', '2025-04-08 10:14:10', 0, 'active'),
(1493, 1, 'load-url-task', 'WP_Optimize_Load_Url_Task', 0, 'Preload - https://doubleblackstudio.de/cover-up-tattoo/', '2025-04-08 10:14:10', 0, 'active'),
(1494, 1, 'load-url-task', 'WP_Optimize_Load_Url_Task', 0, 'Preload - https://doubleblackstudio.de', '2025-04-08 10:14:49', 0, 'active'),
(1495, 1, 'load-url-task', 'WP_Optimize_Load_Url_Task', 0, 'Preload - https://doubleblackstudio.de/cover-up-tattoo/', '2025-04-08 10:14:49', 0, 'active'),
(1496, 1, 'load-url-task', 'WP_Optimize_Load_Url_Task', 0, 'Preload - https://doubleblackstudio.de', '2025-04-08 10:15:26', 0, 'active'),
(1497, 1, 'load-url-task', 'WP_Optimize_Load_Url_Task', 0, 'Preload - https://doubleblackstudio.de/maori-tattoo/', '2025-04-08 10:15:26', 0, 'active'),
(1498, 1, 'load-url-task', 'WP_Optimize_Load_Url_Task', 0, 'Preload - https://doubleblackstudio.de', '2025-04-08 10:15:28', 0, 'active'),
(1499, 1, 'load-url-task', 'WP_Optimize_Load_Url_Task', 0, 'Preload - https://doubleblackstudio.de/maori-tattoo/', '2025-04-08 10:15:28', 0, 'active'),
(1500, 1, 'load-url-task', 'WP_Optimize_Load_Url_Task', 0, 'Preload - https://doubleblackstudio.de', '2025-04-08 10:16:12', 0, 'active'),
(1501, 1, 'load-url-task', 'WP_Optimize_Load_Url_Task', 0, 'Preload - https://doubleblackstudio.de/maori-tattoo/', '2025-04-08 10:16:12', 0, 'active'),
(1502, 1, 'load-url-task', 'WP_Optimize_Load_Url_Task', 0, 'Preload - https://doubleblackstudio.de', '2025-04-08 10:17:03', 0, 'active'),
(1503, 1, 'load-url-task', 'WP_Optimize_Load_Url_Task', 0, 'Preload - https://doubleblackstudio.de/portraits-tattoo/', '2025-04-08 10:17:03', 0, 'active'),
(1504, 1, 'load-url-task', 'WP_Optimize_Load_Url_Task', 0, 'Preload - https://doubleblackstudio.de', '2025-04-08 10:17:04', 0, 'active'),
(1505, 1, 'load-url-task', 'WP_Optimize_Load_Url_Task', 0, 'Preload - https://doubleblackstudio.de/portraits-tattoo/', '2025-04-08 10:17:04', 0, 'active'),
(1506, 1, 'load-url-task', 'WP_Optimize_Load_Url_Task', 0, 'Preload - https://doubleblackstudio.de', '2025-04-08 10:17:52', 0, 'active'),
(1507, 1, 'load-url-task', 'WP_Optimize_Load_Url_Task', 0, 'Preload - https://doubleblackstudio.de/portraits-tattoo/', '2025-04-08 10:17:52', 0, 'active'),
(1508, 1, 'load-url-task', 'WP_Optimize_Load_Url_Task', 0, 'Preload - https://doubleblackstudio.de', '2025-04-08 10:19:12', 0, 'active'),
(1509, 1, 'load-url-task', 'WP_Optimize_Load_Url_Task', 0, 'Preload - https://doubleblackstudio.de/tattoo-studio-freiburg/', '2025-04-08 10:19:12', 0, 'active'),
(1510, 1, 'load-url-task', 'WP_Optimize_Load_Url_Task', 0, 'Preload - https://doubleblackstudio.de', '2025-04-08 10:19:13', 0, 'active'),
(1511, 1, 'load-url-task', 'WP_Optimize_Load_Url_Task', 0, 'Preload - https://doubleblackstudio.de/tattoo-studio-freiburg/', '2025-04-08 10:19:13', 0, 'active'),
(1512, 1, 'load-url-task', 'WP_Optimize_Load_Url_Task', 0, 'Preload - https://doubleblackstudio.de', '2025-04-08 10:19:54', 0, 'active'),
(1513, 1, 'load-url-task', 'WP_Optimize_Load_Url_Task', 0, 'Preload - https://doubleblackstudio.de/tattoo-studio-freiburg/', '2025-04-08 10:19:54', 0, 'active'),
(1514, 1, 'load-url-task', 'WP_Optimize_Load_Url_Task', 0, 'Preload - https://doubleblackstudio.de', '2025-04-08 10:20:04', 0, 'active'),
(1515, 1, 'load-url-task', 'WP_Optimize_Load_Url_Task', 0, 'Preload - https://doubleblackstudio.de/tattoo-studio-freiburg/', '2025-04-08 10:20:04', 0, 'active'),
(1516, 1, 'load-url-task', 'WP_Optimize_Load_Url_Task', 0, 'Preload - https://doubleblackstudio.de', '2025-04-08 12:08:48', 0, 'active'),
(1517, 1, 'load-url-task', 'WP_Optimize_Load_Url_Task', 0, 'Preload - https://doubleblackstudio.de/', '2025-04-08 12:08:48', 0, 'active'),
(1518, 1, 'load-url-task', 'WP_Optimize_Load_Url_Task', 0, 'Preload - https://doubleblackstudio.de', '2025-04-09 08:20:09', 0, 'active'),
(1519, 1, 'load-url-task', 'WP_Optimize_Load_Url_Task', 0, 'Preload - https://doubleblackstudio.de/', '2025-04-09 08:20:09', 0, 'active'),
(1520, 1, 'load-url-task', 'WP_Optimize_Load_Url_Task', 0, 'Preload - https://doubleblackstudio.de', '2025-04-09 08:20:17', 0, 'active'),
(1521, 1, 'load-url-task', 'WP_Optimize_Load_Url_Task', 0, 'Preload - https://doubleblackstudio.de/', '2025-04-09 08:20:17', 0, 'active'),
(1522, 1, 'load-url-task', 'WP_Optimize_Load_Url_Task', 0, 'Preload - https://doubleblackstudio.de', '2025-04-09 08:21:22', 0, 'active'),
(1523, 1, 'load-url-task', 'WP_Optimize_Load_Url_Task', 0, 'Preload - https://doubleblackstudio.de/galerie/', '2025-04-09 08:21:22', 0, 'active'),
(1524, 1, 'load-url-task', 'WP_Optimize_Load_Url_Task', 0, 'Preload - https://doubleblackstudio.de', '2025-04-09 08:28:50', 0, 'active'),
(1525, 1, 'load-url-task', 'WP_Optimize_Load_Url_Task', 0, 'Preload - https://doubleblackstudio.de/galerie/', '2025-04-09 08:28:50', 0, 'active'),
(1526, 1, 'load-url-task', 'WP_Optimize_Load_Url_Task', 0, 'Preload - https://doubleblackstudio.de', '2025-04-09 08:29:41', 0, 'active'),
(1527, 1, 'load-url-task', 'WP_Optimize_Load_Url_Task', 0, 'Preload - https://doubleblackstudio.de/galerie/', '2025-04-09 08:29:41', 0, 'active'),
(1528, 1, 'load-url-task', 'WP_Optimize_Load_Url_Task', 0, 'Preload - https://doubleblackstudio.de', '2025-04-09 08:29:50', 0, 'active'),
(1529, 1, 'load-url-task', 'WP_Optimize_Load_Url_Task', 0, 'Preload - https://doubleblackstudio.de/galerie/', '2025-04-09 08:29:50', 0, 'active'),
(1530, 1, 'load-url-task', 'WP_Optimize_Load_Url_Task', 0, 'Preload - https://doubleblackstudio.de', '2025-04-09 08:34:05', 0, 'active'),
(1531, 1, 'load-url-task', 'WP_Optimize_Load_Url_Task', 0, 'Preload - https://doubleblackstudio.de/galerie/', '2025-04-09 08:34:05', 0, 'active'),
(1532, 1, 'load-url-task', 'WP_Optimize_Load_Url_Task', 0, 'Preload - https://doubleblackstudio.de', '2025-04-09 08:34:21', 0, 'active'),
(1533, 1, 'load-url-task', 'WP_Optimize_Load_Url_Task', 0, 'Preload - https://doubleblackstudio.de/galerie/', '2025-04-09 08:34:21', 0, 'active'),
(1534, 1, 'load-url-task', 'WP_Optimize_Load_Url_Task', 0, 'Preload - https://doubleblackstudio.de', '2025-04-09 08:34:54', 0, 'active'),
(1535, 1, 'load-url-task', 'WP_Optimize_Load_Url_Task', 0, 'Preload - https://doubleblackstudio.de/galerie/', '2025-04-09 08:34:54', 0, 'active'),
(1536, 1, 'load-url-task', 'WP_Optimize_Load_Url_Task', 0, 'Preload - https://doubleblackstudio.de/', '2025-04-09 08:36:41', 0, 'active'),
(1537, 1, 'load-url-task', 'WP_Optimize_Load_Url_Task', 0, 'Preload - https://doubleblackstudio.de', '2025-04-09 08:40:33', 0, 'active'),
(1538, 1, 'load-url-task', 'WP_Optimize_Load_Url_Task', 0, 'Preload - https://doubleblackstudio.de/galerie/', '2025-04-09 08:40:33', 0, 'active'),
(1539, 4, 'load-url-task', 'WP_Optimize_Load_Url_Task', 0, 'Preload - https://doubleblackstudio.de', '2025-04-09 08:46:57', 0, 'active'),
(1540, 4, 'load-url-task', 'WP_Optimize_Load_Url_Task', 0, 'Preload - https://doubleblackstudio.de/', '2025-04-09 08:46:57', 0, 'active'),
(1541, 4, 'load-url-task', 'WP_Optimize_Load_Url_Task', 0, 'Preload - https://doubleblackstudio.de/2025/', '2025-04-09 08:46:57', 0, 'active'),
(1542, 4, 'load-url-task', 'WP_Optimize_Load_Url_Task', 0, 'Preload - https://doubleblackstudio.de/2025/04/', '2025-04-09 08:46:57', 0, 'active'),
(1543, 4, 'load-url-task', 'WP_Optimize_Load_Url_Task', 0, 'Preload - https://doubleblackstudio.de/2025/04/09/', '2025-04-09 08:46:57', 0, 'active'),
(1544, 1, 'load-url-task', 'WP_Optimize_Load_Url_Task', 0, 'Preload - https://doubleblackstudio.de', '2025-04-09 08:53:27', 0, 'active'),
(1545, 1, 'load-url-task', 'WP_Optimize_Load_Url_Task', 0, 'Preload - https://doubleblackstudio.de/portfolio/', '2025-04-09 08:53:27', 0, 'active'),
(1546, 1, 'load-url-task', 'WP_Optimize_Load_Url_Task', 0, 'Preload - https://doubleblackstudio.de', '2025-04-09 08:54:06', 0, 'active'),
(1547, 1, 'load-url-task', 'WP_Optimize_Load_Url_Task', 0, 'Preload - https://doubleblackstudio.de/portfolio/', '2025-04-09 08:54:06', 0, 'active'),
(1548, 1, 'load-url-task', 'WP_Optimize_Load_Url_Task', 0, 'Preload - https://doubleblackstudio.de', '2025-04-09 11:02:07', 0, 'active'),
(1549, 1, 'load-url-task', 'WP_Optimize_Load_Url_Task', 0, 'Preload - https://doubleblackstudio.de/impressum/', '2025-04-09 11:02:07', 0, 'active'),
(1550, 1, 'load-url-task', 'WP_Optimize_Load_Url_Task', 0, 'Preload - https://doubleblackstudio.de', '2025-04-09 11:03:10', 0, 'active'),
(1551, 1, 'load-url-task', 'WP_Optimize_Load_Url_Task', 0, 'Preload - https://doubleblackstudio.de/datenschutz/', '2025-04-09 11:03:10', 0, 'active'),
(1552, 1, 'load-url-task', 'WP_Optimize_Load_Url_Task', 0, 'Preload - https://doubleblackstudio.de', '2025-04-11 14:07:06', 0, 'active'),
(1553, 1, 'load-url-task', 'WP_Optimize_Load_Url_Task', 0, 'Preload - https://doubleblackstudio.de/', '2025-04-11 14:07:06', 0, 'active'),
(1554, 1, 'load-url-task', 'WP_Optimize_Load_Url_Task', 0, 'Preload - https://doubleblackstudio.de/2025/', '2025-04-11 14:07:06', 0, 'active'),
(1555, 1, 'load-url-task', 'WP_Optimize_Load_Url_Task', 0, 'Preload - https://doubleblackstudio.de/2025/04/', '2025-04-11 14:07:06', 0, 'active'),
(1556, 1, 'load-url-task', 'WP_Optimize_Load_Url_Task', 0, 'Preload - https://doubleblackstudio.de/2025/04/11/', '2025-04-11 14:07:06', 0, 'active');

-- --------------------------------------------------------

--
-- Table structure for table `uV6mXZATusermeta`
--

CREATE TABLE `uV6mXZATusermeta` (
  `umeta_id` bigint(20) UNSIGNED NOT NULL,
  `user_id` bigint(20) UNSIGNED NOT NULL DEFAULT 0,
  `meta_key` varchar(255) DEFAULT NULL,
  `meta_value` longtext DEFAULT NULL
) ENGINE=InnoDB DEFAULT CHARSET=utf8mb4 COLLATE=utf8mb4_unicode_520_ci;

--
-- Dumping data for table `uV6mXZATusermeta`
--

INSERT INTO `uV6mXZATusermeta` (`umeta_id`, `user_id`, `meta_key`, `meta_value`) VALUES
(1, 1, 'nickname', 'info_q6j0mgod'),
(2, 1, 'first_name', ''),
(3, 1, 'last_name', ''),
(4, 1, 'description', ''),
(5, 1, 'rich_editing', 'true'),
(6, 1, 'syntax_highlighting', 'true'),
(7, 1, 'comment_shortcuts', 'false'),
(8, 1, 'admin_color', 'fresh'),
(9, 1, 'use_ssl', '0'),
(10, 1, 'show_admin_bar_front', 'true'),
(11, 1, 'locale', ''),
(12, 1, 'uV6mXZATcapabilities', 'a:1:{s:13:\"administrator\";b:1;}'),
(13, 1, 'uV6mXZATuser_level', '10'),
(14, 1, 'dismissed_wp_pointers', 'plugin_editor_notice'),
(15, 1, 'show_welcome_panel', '0'),
(17, 1, 'uV6mXZATdashboard_quick_press_last_post_id', '4217'),
(18, 1, 'uV6mXZATelementor_connect_common_data', 'a:6:{s:9:\"client_id\";s:32:\"59lUmM1nu1UqiJLy905da8DPVdT4cfWd\";s:11:\"auth_secret\";s:32:\"LWjEPKUxeVHtFa0euuVN4MWOJyFaxHUs\";s:12:\"access_token\";s:307:\"eyJhbGciOiJIUzI1NiIsInR5cCI6IkpXVCJ9.eyJzdWIiOiIzNDYzNTU1IiwiYXVkIjoiaHR0cHM6Ly9rdW5kZW4tbGluay5kZS90ZXN0bGluay0yLyIsImNsaWVudF9pZCI6IjU5bFVtTTFudTFVcWlKTHk5MDVkYThEUFZkVDRjZldkIiwiY29ubmVjdF90eXBlIjoiYWN0aXZhdGUiLCJpYXQiOjE3NDM2ODI2MjYsImV4cCI6MzE3Mjg4MTI1MDI2fQ.DN4KRAysLLApCtI5txwV-cOFoNJj2AS9hEmmr5etvC4\";s:19:\"access_token_secret\";s:32:\"ewMe8idEp5yuXf769SJwYAs7EyEHZ6M5\";s:10:\"token_type\";s:6:\"bearer\";s:4:\"user\";O:8:\"stdClass\":1:{s:5:\"email\";s:18:\"info@123-termin.de\";}}'),
(20, 1, '_yoast_wpseo_profile_updated', '1701438724'),
(21, 1, 'elementor_introduction', 'a:4:{s:27:\"ai-get-started-announcement\";b:1;s:18:\"yoast-introduction\";b:1;s:20:\"globals_introduction\";b:1;s:28:\"yoast-introduction-editor-v2\";b:1;}'),
(22, 1, 'bsf-optin-notice', 'notice-dismissed'),
(23, 1, 'elementor_admin_notices', 'a:2:{s:20:\"design_not_appearing\";a:2:{s:9:\"is_viewed\";b:1;s:4:\"meta\";a:1:{s:7:\"version\";s:6:\"3.24.5\";}}s:20:\"experiment_promotion\";a:2:{s:9:\"is_viewed\";b:1;s:4:\"meta\";a:0:{}}}'),
(24, 1, '_yoast_wpseo_introductions', 'a:2:{s:42:\"ai-generate-titles-and-descriptions-upsell\";b:1;s:25:\"ai-fix-assessments-upsell\";b:1;}'),
(25, 1, 'uV6mXZATuser-settings', 'libraryContent=browse&editor=tinymce'),
(26, 1, 'uV6mXZATuser-settings-time', '1744195824'),
(27, 1, 'uV6mXZATpersisted_preferences', 'a:3:{s:14:\"core/edit-post\";a:1:{s:12:\"welcomeGuide\";b:0;}s:9:\"_modified\";s:24:\"2025-03-11T08:19:16.127Z\";s:4:\"core\";a:2:{s:10:\"openPanels\";a:3:{i:0;s:11:\"post-status\";i:1;s:14:\"featured-image\";i:2;s:24:\"yoast-seo/document-panel\";}s:26:\"isComplementaryAreaVisible\";b:1;}}'),
(29, 1, 'elementor_preferences', 'a:1:{s:25:\"enable_styleguide_preview\";s:0:\"\";}'),
(30, 1, 'hfe-popup', 'dismissed'),
(31, 1, 'header-footer-elementor-rating', 'delayed-notice'),
(32, 1, 'managenav-menuscolumnshidden', 'a:5:{i:0;s:11:\"link-target\";i:1;s:11:\"css-classes\";i:2;s:3:\"xfn\";i:3;s:11:\"description\";i:4;s:15:\"title-attribute\";}'),
(33, 1, 'metaboxhidden_nav-menus', 'a:2:{i:0;s:28:\"add-post-type-e-landing-page\";i:1;s:12:\"add-post_tag\";}'),
(34, 1, 'uV6mXZATmedia_library_mode', 'list'),
(35, 1, 'upload_per_page', '315'),
(39, 1, 'nav_menu_recently_edited', '4'),
(40, 1, 'community-events-location', 'a:1:{s:2:\"ip\";s:11:\"77.78.196.0\";}'),
(41, 1, 'closedpostboxes_dashboard', 'a:1:{i:0;s:22:\"bdt-dashboard-overview\";}'),
(42, 1, 'metaboxhidden_dashboard', 'a:9:{i:0;s:20:\"e-dashboard-overview\";i:1;s:21:\"dashboard_site_health\";i:2;s:19:\"dashboard_right_now\";i:3;s:18:\"dashboard_activity\";i:4;s:24:\"wpseo-dashboard-overview\";i:5;s:32:\"wpseo-wincher-dashboard-overview\";i:6;s:21:\"dashboard_quick_press\";i:7;s:17:\"dashboard_primary\";i:8;s:22:\"bdt-dashboard-overview\";}'),
(44, 1, 'session_tokens', 'a:1:{s:64:\"af4d429c5ea47a0a93f7ea11ebe908af96e598d7fe30f9af71bcd223cdfe1377\";a:4:{s:10:\"expiration\";i:1744553214;s:2:\"ip\";s:12:\"77.78.196.28\";s:2:\"ua\";s:111:\"Mozilla/5.0 (Windows NT 10.0; Win64; x64) AppleWebKit/537.36 (KHTML, like Gecko) Chrome/135.0.0.0 Safari/537.36\";s:5:\"login\";i:1744380414;}}'),
(81, 1, 'itsec_user_activity_last_seen', '1728265778'),
(82, 1, '_itsec_primary_dashboard', '2116'),
(86, 1, '_yoast_alerts_dismissed', 'a:1:{s:26:\"webinar-promo-notification\";b:1;}'),
(88, 1, 'elementor_dismissed_editor_notices', 'a:2:{i:0;s:20:\"image_optimizer_hint\";i:1;s:30:\"site_mailer_forms_email_notice\";}'),
(91, 4, 'nickname', 'kunde'),
(92, 4, 'first_name', 'Pavel'),
(93, 4, 'last_name', 'Segal'),
(94, 4, 'description', ''),
(95, 4, 'rich_editing', 'true'),
(96, 4, 'syntax_highlighting', 'true'),
(97, 4, 'comment_shortcuts', 'false'),
(98, 4, 'admin_color', 'fresh'),
(99, 4, 'use_ssl', '0'),
(100, 4, 'show_admin_bar_front', 'true'),
(101, 4, 'locale', ''),
(102, 4, 'uV6mXZATcapabilities', 'a:1:{s:5:\"kunde\";b:1;}'),
(103, 4, 'uV6mXZATuser_level', '7'),
(104, 4, '_yoast_wpseo_profile_updated', '1744188376'),
(105, 4, 'dismissed_wp_pointers', ''),
(106, 4, 'session_tokens', 'a:2:{s:64:\"3da1d8255d91a8807eeceebd5258166f363981b721fcaf5996330f27e21769f3\";a:4:{s:10:\"expiration\";i:1751667576;s:2:\"ip\";s:39:\"2001:16b8:a1c0:f900:74d4:4830:9eea:aff0\";s:2:\"ua\";s:135:\"Mozilla/5.0 (iPhone; CPU iPhone OS 18_5 like Mac OS X) AppleWebKit/605.1.15 (KHTML, like Gecko) Version/18.5 Mobile/15E148 Safari/604.1\";s:5:\"login\";i:1751494776;}s:64:\"484e533e71c5f6f5edde7e041b023d6e952704c72a6c70aca1dfd154e9e15f4d\";a:4:{s:10:\"expiration\";i:1751714572;s:2:\"ip\";s:39:\"2a02:8071:b687:9340:d483:622c:ffa9:a314\";s:2:\"ua\";s:117:\"Mozilla/5.0 (Macintosh; Intel Mac OS X 10_15_7) AppleWebKit/605.1.15 (KHTML, like Gecko) Version/18.5 Safari/605.1.15\";s:5:\"login\";i:1751541772;}}'),
(107, 4, 'uV6mXZATdashboard_quick_press_last_post_id', '4136'),
(108, 4, 'community-events-location', 'a:1:{s:2:\"ip\";s:21:\"2001:16b8:a1c0:f900::\";}'),
(109, 4, 'closedpostboxes_dashboard', 'a:0:{}'),
(110, 4, 'metaboxhidden_dashboard', 'a:7:{i:0;s:20:\"e-dashboard-overview\";i:1;s:19:\"dashboard_right_now\";i:2;s:18:\"dashboard_activity\";i:3;s:24:\"wpseo-dashboard-overview\";i:4;s:32:\"wpseo-wincher-dashboard-overview\";i:5;s:21:\"dashboard_quick_press\";i:6;s:17:\"dashboard_primary\";}'),
(111, 4, 'uV6mXZATuser-settings', 'libraryContent=browse'),
(112, 4, 'uV6mXZATuser-settings-time', '1744188471'),
(113, 4, 'default_password_nag', ''),
(114, 4, 'uV6mXZATelementor_enable_ai', '1');

-- --------------------------------------------------------

--
-- Table structure for table `uV6mXZATusers`
--

CREATE TABLE `uV6mXZATusers` (
  `ID` bigint(20) UNSIGNED NOT NULL,
  `user_login` varchar(60) NOT NULL DEFAULT '',
  `user_pass` varchar(255) NOT NULL DEFAULT '',
  `user_nicename` varchar(50) NOT NULL DEFAULT '',
  `user_email` varchar(100) NOT NULL DEFAULT '',
  `user_url` varchar(100) NOT NULL DEFAULT '',
  `user_registered` datetime NOT NULL DEFAULT '0000-00-00 00:00:00',
  `user_activation_key` varchar(255) NOT NULL DEFAULT '',
  `user_status` int(11) NOT NULL DEFAULT 0,
  `display_name` varchar(250) NOT NULL DEFAULT ''
) ENGINE=InnoDB DEFAULT CHARSET=utf8mb4 COLLATE=utf8mb4_unicode_520_ci;

--
-- Dumping data for table `uV6mXZATusers`
--

INSERT INTO `uV6mXZATusers` (`ID`, `user_login`, `user_pass`, `user_nicename`, `user_email`, `user_url`, `user_registered`, `user_activation_key`, `user_status`, `display_name`) VALUES
(1, 'info_87fvbfeb', '$P$BvVTXBaUR/ixDCf.AVVpgts5kHkMFz.', 'info_sc7ure4w', 'info@gp-mailversand.de', 'https://doubleblackstudio.de', '2023-12-01 13:08:25', '', 0, 'info_Sc7uRe4W'),
(4, 'kunde', '$wp$2y$10$xRBwEsSk3P2Oej3QlYUOY.hGi53ux7zGEvd1mLHYJp0ske/ofJqHy', 'kunde', 'pavel-segal@mail.ru', '', '2025-04-09 08:46:16', '1751541889:$generic$wTZbqR3keE_fLKZvaWbvAYczViRRegdMwum1VdTj', 0, 'Pavel Segal');

-- --------------------------------------------------------

--
-- Table structure for table `uV6mXZATwpfm_backup`
--

CREATE TABLE `uV6mXZATwpfm_backup` (
  `id` int(11) NOT NULL,
  `backup_name` text DEFAULT NULL,
  `backup_date` text DEFAULT NULL
) ENGINE=InnoDB DEFAULT CHARSET=utf8mb4 COLLATE=utf8mb4_unicode_520_ci;

-- --------------------------------------------------------

--
-- Table structure for table `uV6mXZATwpo_404_detector`
--

CREATE TABLE `uV6mXZATwpo_404_detector` (
  `ID` int(11) UNSIGNED NOT NULL,
  `url` text NOT NULL,
  `request_timestamp` bigint(20) UNSIGNED NOT NULL,
  `request_count` bigint(20) UNSIGNED NOT NULL,
  `referrer` text NOT NULL
) ENGINE=InnoDB DEFAULT CHARSET=utf8mb4 COLLATE=utf8mb4_unicode_520_ci;

-- --------------------------------------------------------

--
-- Table structure for table `uV6mXZATyoast_indexable`
--

CREATE TABLE `uV6mXZATyoast_indexable` (
  `id` int(11) UNSIGNED NOT NULL,
  `permalink` longtext DEFAULT NULL,
  `permalink_hash` varchar(40) DEFAULT NULL,
  `object_id` bigint(20) DEFAULT NULL,
  `object_type` varchar(32) NOT NULL,
  `object_sub_type` varchar(32) DEFAULT NULL,
  `author_id` bigint(20) DEFAULT NULL,
  `post_parent` bigint(20) DEFAULT NULL,
  `title` text DEFAULT NULL,
  `description` mediumtext DEFAULT NULL,
  `breadcrumb_title` text DEFAULT NULL,
  `post_status` varchar(20) DEFAULT NULL,
  `is_public` tinyint(1) DEFAULT NULL,
  `is_protected` tinyint(1) DEFAULT 0,
  `has_public_posts` tinyint(1) DEFAULT NULL,
  `number_of_pages` int(11) UNSIGNED DEFAULT NULL,
  `canonical` longtext DEFAULT NULL,
  `primary_focus_keyword` varchar(191) DEFAULT NULL,
  `primary_focus_keyword_score` int(3) DEFAULT NULL,
  `readability_score` int(3) DEFAULT NULL,
  `is_cornerstone` tinyint(1) DEFAULT 0,
  `is_robots_noindex` tinyint(1) DEFAULT 0,
  `is_robots_nofollow` tinyint(1) DEFAULT 0,
  `is_robots_noarchive` tinyint(1) DEFAULT 0,
  `is_robots_noimageindex` tinyint(1) DEFAULT 0,
  `is_robots_nosnippet` tinyint(1) DEFAULT 0,
  `twitter_title` text DEFAULT NULL,
  `twitter_image` longtext DEFAULT NULL,
  `twitter_description` longtext DEFAULT NULL,
  `twitter_image_id` varchar(191) DEFAULT NULL,
  `twitter_image_source` text DEFAULT NULL,
  `open_graph_title` text DEFAULT NULL,
  `open_graph_description` longtext DEFAULT NULL,
  `open_graph_image` longtext DEFAULT NULL,
  `open_graph_image_id` varchar(191) DEFAULT NULL,
  `open_graph_image_source` text DEFAULT NULL,
  `open_graph_image_meta` mediumtext DEFAULT NULL,
  `link_count` int(11) DEFAULT NULL,
  `incoming_link_count` int(11) DEFAULT NULL,
  `prominent_words_version` int(11) UNSIGNED DEFAULT NULL,
  `created_at` datetime DEFAULT NULL,
  `updated_at` timestamp NOT NULL DEFAULT current_timestamp() ON UPDATE current_timestamp(),
  `blog_id` bigint(20) NOT NULL DEFAULT 1,
  `language` varchar(32) DEFAULT NULL,
  `region` varchar(32) DEFAULT NULL,
  `schema_page_type` varchar(64) DEFAULT NULL,
  `schema_article_type` varchar(64) DEFAULT NULL,
  `has_ancestors` tinyint(1) DEFAULT 0,
  `estimated_reading_time_minutes` int(11) DEFAULT NULL,
  `version` int(11) DEFAULT 1,
  `object_last_modified` datetime DEFAULT NULL,
  `object_published_at` datetime DEFAULT NULL,
  `inclusive_language_score` int(3) DEFAULT NULL
) ENGINE=InnoDB DEFAULT CHARSET=utf8mb4 COLLATE=utf8mb4_unicode_520_ci;

--
-- Dumping data for table `uV6mXZATyoast_indexable`
--

INSERT INTO `uV6mXZATyoast_indexable` (`id`, `permalink`, `permalink_hash`, `object_id`, `object_type`, `object_sub_type`, `author_id`, `post_parent`, `title`, `description`, `breadcrumb_title`, `post_status`, `is_public`, `is_protected`, `has_public_posts`, `number_of_pages`, `canonical`, `primary_focus_keyword`, `primary_focus_keyword_score`, `readability_score`, `is_cornerstone`, `is_robots_noindex`, `is_robots_nofollow`, `is_robots_noarchive`, `is_robots_noimageindex`, `is_robots_nosnippet`, `twitter_title`, `twitter_image`, `twitter_description`, `twitter_image_id`, `twitter_image_source`, `open_graph_title`, `open_graph_description`, `open_graph_image`, `open_graph_image_id`, `open_graph_image_source`, `open_graph_image_meta`, `link_count`, `incoming_link_count`, `prominent_words_version`, `created_at`, `updated_at`, `blog_id`, `language`, `region`, `schema_page_type`, `schema_article_type`, `has_ancestors`, `estimated_reading_time_minutes`, `version`, `object_last_modified`, `object_published_at`, `inclusive_language_score`) VALUES
(2, 'https://doubleblackstudio.de/metform-form/anfrage/', '55:35c61b0784d94c02dbfee4770aba3ee0', 19, 'post', 'metform-form', 1, 0, NULL, NULL, 'Anfrage', 'publish', NULL, 0, NULL, NULL, NULL, NULL, NULL, 90, 0, NULL, 0, NULL, NULL, NULL, NULL, NULL, NULL, NULL, NULL, NULL, NULL, NULL, NULL, NULL, NULL, 1, NULL, NULL, '2023-12-04 10:27:10', '2025-04-04 06:25:23', 1, NULL, NULL, NULL, NULL, 0, 1, 2, '2025-04-04 08:25:23', '2023-12-04 10:27:10', 0),
(3, 'https://doubleblackstudio.de/', '29:c963335931127e593d561b1e5c9827c1', NULL, 'home-page', NULL, NULL, NULL, '%%sitename%% %%page%% %%sep%% %%sitedesc%%', 'Freiburg', 'Startseite', NULL, NULL, 0, NULL, NULL, NULL, NULL, NULL, NULL, 0, 0, 0, 0, 0, 0, NULL, NULL, NULL, NULL, NULL, '%%sitename%%', '', '', '', NULL, NULL, NULL, 1, NULL, '2024-02-13 09:30:51', '2025-05-03 11:14:49', 1, NULL, NULL, NULL, NULL, 0, NULL, 2, '2025-04-09 11:03:10', NULL, NULL),
(18, 'https://doubleblackstudio.de/cookie-richtlinie-eu/', '50:99eaf3f4e6e1bdcd91df0aad04cde8da', 1113, 'post', 'page', 1, 0, NULL, NULL, 'Cookie-Richtlinie (EU)', 'publish', NULL, 0, NULL, NULL, NULL, NULL, NULL, 0, 0, NULL, 0, NULL, NULL, NULL, NULL, NULL, NULL, NULL, NULL, NULL, NULL, NULL, NULL, NULL, NULL, 2, 1, NULL, '2024-02-13 16:28:32', '2025-01-31 08:18:06', 1, NULL, NULL, NULL, NULL, 0, 0, 2, '2025-01-31 09:18:06', '2024-02-13 16:28:32', 0),
(28, NULL, NULL, NULL, 'system-page', '404', NULL, NULL, 'Seite wurde nicht gefunden. %%sep%% %%sitename%%', NULL, 'Fehler 404: Seite wurde nicht gefunden', NULL, NULL, 0, NULL, NULL, NULL, NULL, NULL, NULL, 0, 1, 0, 0, 0, 0, NULL, NULL, NULL, NULL, NULL, NULL, NULL, NULL, NULL, NULL, NULL, NULL, NULL, NULL, '2024-02-16 13:53:10', '2024-02-16 12:53:10', 1, NULL, NULL, NULL, NULL, 0, NULL, 1, NULL, NULL, NULL),
(29, 'https://doubleblackstudio.de/category/uncategorized/', '62:c9c50fca744bbb266e4a7f1e8f54b937', 1, 'term', 'category', NULL, NULL, NULL, NULL, 'Uncategorized', NULL, NULL, 0, NULL, NULL, NULL, NULL, NULL, NULL, 0, NULL, NULL, NULL, NULL, NULL, NULL, NULL, NULL, NULL, NULL, NULL, NULL, NULL, NULL, NULL, NULL, 0, NULL, NULL, '2024-02-16 14:46:40', '2024-02-16 13:46:40', 1, NULL, NULL, NULL, NULL, 0, NULL, 2, NULL, NULL, NULL),
(30, NULL, NULL, NULL, 'system-page', 'search-result', NULL, NULL, 'Du hast nach %%searchphrase%% gesucht %%page%% %%sep%% %%sitename%%', NULL, NULL, NULL, NULL, 0, NULL, NULL, NULL, NULL, NULL, NULL, 0, 1, 0, 0, 0, 0, NULL, NULL, NULL, NULL, NULL, NULL, NULL, NULL, NULL, NULL, NULL, NULL, NULL, NULL, '2024-02-16 14:46:40', '2024-02-16 13:46:40', 1, NULL, NULL, NULL, NULL, 0, NULL, 1, NULL, NULL, NULL),
(31, NULL, NULL, NULL, 'date-archive', NULL, NULL, NULL, '%%date%% %%page%% %%sep%% %%sitename%%', '', NULL, NULL, 0, 0, NULL, NULL, NULL, NULL, NULL, NULL, 0, 1, 0, 0, 0, 0, NULL, NULL, NULL, NULL, NULL, NULL, NULL, NULL, NULL, NULL, NULL, NULL, NULL, NULL, '2024-02-16 14:46:40', '2024-02-16 13:46:40', 1, NULL, NULL, NULL, NULL, 0, NULL, 1, NULL, NULL, NULL),
(35, 'https://doubleblackstudio.de/elementor-hf/ftt/', '51:2bd34667fb7c4046224520ad7728bc55', 652, 'post', 'elementor-hf', 1, 0, NULL, NULL, 'ftt', 'publish', NULL, 0, NULL, NULL, NULL, NULL, NULL, 90, 0, NULL, 0, NULL, NULL, NULL, NULL, 'https://doubleblackstudio.de/wp-content/uploads/2024/02/db-log-black-mob-600x256.png', NULL, '3624', 'first-content-image', NULL, NULL, 'https://doubleblackstudio.de/wp-content/uploads/2024/02/db-log-black-mob-600x256.png', '3624', 'first-content-image', NULL, 4, NULL, NULL, '2025-01-23 10:30:39', '2025-04-07 11:03:25', 1, NULL, NULL, NULL, NULL, 0, 1, 2, '2025-04-07 13:03:25', '2024-02-13 15:03:24', 0),
(36, 'https://doubleblackstudio.de/elementor-hf/546/', '51:dd3d22011b7d98b1561044539d6e19a0', 546, 'post', 'elementor-hf', 1, 0, NULL, NULL, 'hdd', 'publish', NULL, 0, NULL, NULL, NULL, NULL, NULL, 90, 0, NULL, 0, NULL, NULL, NULL, NULL, NULL, NULL, NULL, NULL, NULL, NULL, NULL, NULL, NULL, NULL, 36, NULL, NULL, '2025-01-23 10:30:39', '2025-04-07 10:56:56', 1, NULL, NULL, NULL, NULL, 0, 1, 2, '2025-04-07 12:56:56', '2024-02-13 14:40:50', 0),
(78, 'https://doubleblackstudio.de/impressum/', '39:da5647871ef104469153af5c10af076d', 3071, 'post', 'page', 1, 0, NULL, NULL, 'Impressum', 'publish', NULL, 0, NULL, NULL, NULL, NULL, NULL, 90, 0, NULL, 0, NULL, NULL, NULL, NULL, NULL, NULL, NULL, NULL, NULL, NULL, NULL, NULL, NULL, NULL, 0, 1, NULL, '2025-02-18 12:58:10', '2025-04-09 09:02:07', 1, NULL, NULL, NULL, NULL, 0, 2, 2, '2025-04-09 11:02:07', '2025-02-18 12:58:10', 0),
(79, 'https://doubleblackstudio.de/datenschutz/', '41:274be7b12273587daa64c01213adabc9', 3072, 'post', 'page', 1, 0, NULL, NULL, 'Datenschutz', 'publish', NULL, 0, NULL, NULL, NULL, NULL, NULL, 30, 0, NULL, 0, NULL, NULL, NULL, NULL, NULL, NULL, NULL, NULL, NULL, NULL, NULL, NULL, NULL, NULL, 0, 2, NULL, '2025-02-18 12:58:10', '2025-04-09 09:03:10', 1, NULL, NULL, NULL, NULL, 0, 49, 2, '2025-04-09 11:03:10', '2025-02-18 12:58:10', 0),
(86, 'https://doubleblackstudio.de/?page_id=3124', '41:366d78c85d6100b711eccb6b7c183af2', 3124, 'post', 'page', 1, 0, NULL, 'Ob für geschäftliche Meetings, private Anlässe oder besondere Events – mit Goldstein Mobil genießen Sie höchsten Fahrkomfort und erstklassigen Service.', 'Exklusiver Chauffeurservice', 'trash', 0, 0, NULL, NULL, NULL, 'Exklusiver Chauffeurservice', 47, 90, 0, NULL, 0, NULL, NULL, NULL, NULL, 'https://doubleblackstudio.de/wp-content/uploads/2025/03/Design-ohne-Titel-2025-03-11T091728.791.jpg', NULL, '3233', 'featured-image', '%%title%% %%page%% %%sep%% %%sitename%%', 'Ob für geschäftliche Meetings, private Anlässe oder besondere Events – mit Goldstein Mobil genießen Sie höchsten Fahrkomfort und erstklassigen Service.', 'https://doubleblackstudio.de/wp-content/uploads/2025/03/Design-ohne-Titel-2025-03-11T091728.791.jpg', '3233', 'set-by-user', '{\"width\":1111,\"height\":1111,\"filesize\":70962,\"url\":\"https://doubleblackstudio.de/wp-content/uploads/2025/03/Design-ohne-Titel-2025-03-11T091728.791.jpg\",\"path\":\"/home/vi/doubleblackstudio.de/wp-content/uploads/2025/03/Design-ohne-Titel-2025-03-11T091728.791.jpg\",\"size\":\"full\",\"id\":\"3233\",\"alt\":\"\",\"pixels\":1234321,\"type\":\"image/jpeg\"}', 0, 0, NULL, '2025-02-18 14:00:13', '2025-03-23 12:34:32', 1, NULL, NULL, NULL, NULL, 0, 1, 2, '2025-03-23 12:23:47', '2025-02-18 14:01:32', 0),
(89, 'https://doubleblackstudio.de/?page_id=3239', '41:006d0b356ac67abce4d4509fe985afb9', 3239, 'post', 'page', 1, 0, NULL, 'Mit unserem exklusiven Flughafentransfer-Service bringen wir Sie sicher, stilvoll und vor allem pünktlich zu Ihrem Abflugterminal oder holen Sie direkt am Gate ab.', 'Flughafentransfers', 'trash', 0, 0, NULL, NULL, NULL, 'Flughafentransfers', 33, 90, 0, NULL, 0, NULL, NULL, NULL, NULL, 'https://doubleblackstudio.de/wp-content/uploads/2025/03/Design-ohne-Titel-2025-03-11T092234.723.jpg', NULL, '3240', 'featured-image', '%%title%% %%page%% %%sep%% %%sitename%%', 'Mit unserem exklusiven Flughafentransfer-Service bringen wir Sie sicher, stilvoll und vor allem pünktlich zu Ihrem Abflugterminal oder holen Sie direkt am Gate ab.', 'https://doubleblackstudio.de/wp-content/uploads/2025/03/Design-ohne-Titel-2025-03-11T092234.723.jpg', '3240', 'set-by-user', '{\"width\":1111,\"height\":1111,\"filesize\":96836,\"url\":\"https://doubleblackstudio.de/wp-content/uploads/2025/03/Design-ohne-Titel-2025-03-11T092234.723.jpg\",\"path\":\"/home/vi/doubleblackstudio.de/wp-content/uploads/2025/03/Design-ohne-Titel-2025-03-11T092234.723.jpg\",\"size\":\"full\",\"id\":\"3240\",\"alt\":\"\",\"pixels\":1234321,\"type\":\"image/jpeg\"}', 0, NULL, NULL, '2025-03-11 08:19:38', '2025-03-23 11:23:47', 1, NULL, NULL, NULL, NULL, 0, 1, 2, '2025-03-23 12:23:47', '2025-03-11 08:22:52', 0),
(90, 'https://doubleblackstudio.de/?page_id=3245', '41:cb8c2363052d7b0b55954d639930bb4a', 3245, 'post', 'page', 1, 0, NULL, 'Für Kunden mit höchsten Ansprüchen bieten wir einen diskreten und sicheren Spezialtransport für sensible und wertvolle Fracht.', 'VIP- &amp; Spezialtransporte', 'trash', 0, 0, NULL, NULL, NULL, 'VIP- & Spezialtransporte', 24, 90, 0, NULL, 0, NULL, NULL, NULL, NULL, 'https://doubleblackstudio.de/wp-content/uploads/2025/03/Design-ohne-Titel-2025-03-11T092641.324.jpg', NULL, '3246', 'featured-image', '%%title%% %%page%% %%sep%% %%sitename%%', 'Für Kunden mit höchsten Ansprüchen bieten wir einen diskreten und sicheren Spezialtransport für sensible und wertvolle Fracht.', 'https://doubleblackstudio.de/wp-content/uploads/2025/03/Design-ohne-Titel-2025-03-11T092641.324.jpg', '3246', 'set-by-user', '{\"width\":1111,\"height\":1111,\"filesize\":86658,\"url\":\"https://doubleblackstudio.de/wp-content/uploads/2025/03/Design-ohne-Titel-2025-03-11T092641.324.jpg\",\"path\":\"/home/vi/doubleblackstudio.de/wp-content/uploads/2025/03/Design-ohne-Titel-2025-03-11T092641.324.jpg\",\"size\":\"full\",\"id\":\"3246\",\"alt\":\"\",\"pixels\":1234321,\"type\":\"image/jpeg\"}', 0, NULL, NULL, '2025-03-11 08:25:08', '2025-03-23 11:23:47', 1, NULL, NULL, NULL, NULL, 0, 1, 2, '2025-03-23 12:23:47', '2025-03-11 08:27:00', 0),
(96, 'https://doubleblackstudio.de/tattoo-studio-freiburg/', '57:577f92dc721d79177f54ddb0e1b33f15', 3349, 'post', 'page', 1, 0, NULL, 'Willkommen bei Double Black Studio, deinem modernen und professionellen Tattoo Studio in Freiburg. Wir stehen für höchste Qualität, saubere Linien und individuelle Beratung auf Augenhöhe', 'Tattoo Studio Freiburg', 'publish', NULL, 0, NULL, NULL, NULL, 'Tattoo Studio Freiburg', 41, 90, 0, NULL, 0, NULL, NULL, NULL, NULL, 'https://doubleblackstudio.de/wp-content/uploads/2025/04/image-08-04-25-01-45-8.jpeg', NULL, '4064', 'featured-image', '%%title%% %%page%% %%sep%% %%sitename%%', 'Willkommen bei Double Black Studio, deinem modernen und professionellen Tattoo Studio in Freiburg. Wir stehen für höchste Qualität, saubere Linien und individuelle Beratung auf Augenhöhe', 'https://doubleblackstudio.de/wp-content/uploads/2025/04/image-08-04-25-01-45-8.jpeg', '4064', 'set-by-user', '{\"width\":2048,\"height\":2048,\"filesize\":631733,\"url\":\"https://doubleblackstudio.de/wp-content/uploads/2025/04/image-08-04-25-01-45-8.jpeg\",\"path\":\"/home/vi/doubleblackstudio.de/wp-content/uploads/2025/04/image-08-04-25-01-45-8.jpeg\",\"size\":\"full\",\"id\":\"4064\",\"alt\":\"\",\"pixels\":4194304,\"type\":\"image/jpeg\"}', 0, 2, NULL, '2025-03-23 13:57:47', '2025-04-08 08:20:03', 1, NULL, NULL, NULL, NULL, 0, 1, 2, '2025-04-08 10:20:03', '2025-03-23 13:58:31', 0),
(97, 'https://doubleblackstudio.de/', '34:3f37fbce375a1b4662e6a193a170cbd8', 3362, 'post', 'page', 1, 0, '%%title%% %%page%% %%sep%% %%sitedesc%%', 'Willkommen bei Double Black Studio, deinem modernen und professionellen Tattoo Studio in Freiburg. Wir stehen für höchste Qualität, saubere Linien und individuelle Beratung auf Augenhöhe', 'Double Black Studio', 'publish', NULL, 0, NULL, NULL, NULL, 'Double Black Studio', 26, 0, 0, NULL, 0, NULL, NULL, NULL, NULL, 'https://doubleblackstudio.de/wp-content/uploads/2025/04/db-cover1.jpg', NULL, '3963', 'featured-image', '%%title%% %%page%% %%sep%% %%sitedesc%%', 'Willkommen bei Double Black Studio, deinem modernen und professionellen Tattoo Studio in Freiburg. Wir stehen für höchste Qualität, saubere Linien und individuelle Beratung auf Augenhöhe', 'https://doubleblackstudio.de/wp-content/uploads/2025/04/db-cover1.jpg', '3963', 'set-by-user', '{\"width\":1920,\"height\":1080,\"filesize\":282569,\"url\":\"https://doubleblackstudio.de/wp-content/uploads/2025/04/db-cover1.jpg\",\"path\":\"/home/vi/doubleblackstudio.de/wp-content/uploads/2025/04/db-cover1.jpg\",\"size\":\"full\",\"id\":\"3963\",\"alt\":\"\",\"pixels\":2073600,\"type\":\"image/jpeg\"}', 30, 0, NULL, '2025-04-03 11:41:18', '2025-04-08 10:08:48', 1, NULL, NULL, NULL, NULL, 0, 1, 2, '2025-04-08 12:08:48', '2025-04-03 11:41:18', 0),
(98, 'https://doubleblackstudio.de/cover-up-tattoo/', '50:6c8d9ce4481181b59ea57e9c92291d50', 3399, 'post', 'page', 1, 0, NULL, 'Ein altes Tattoo passt nicht mehr zu dir? Kein Problem – bei Double Black Studio in Freiburg sind wir auf Cover Up Tattoos spezialisiert.', 'Cover Up Tattoo', 'publish', NULL, 0, NULL, NULL, NULL, 'Cover Up Tattoo', 35, 90, 0, NULL, 0, NULL, NULL, NULL, NULL, 'https://doubleblackstudio.de/wp-content/uploads/2025/04/image-08-04-25-01-45-2.jpeg', NULL, '4052', 'featured-image', '%%title%% %%page%% %%sep%% %%sitename%%', 'Ein altes Tattoo passt nicht mehr zu dir? Kein Problem – bei Double Black Studio in Freiburg sind wir auf Cover Up Tattoos spezialisiert.', 'https://doubleblackstudio.de/wp-content/uploads/2025/04/image-08-04-25-01-45-2.jpeg', '4052', 'set-by-user', '{\"width\":2048,\"height\":2048,\"filesize\":1006614,\"url\":\"https://doubleblackstudio.de/wp-content/uploads/2025/04/image-08-04-25-01-45-2.jpeg\",\"path\":\"/home/vi/doubleblackstudio.de/wp-content/uploads/2025/04/image-08-04-25-01-45-2.jpeg\",\"size\":\"full\",\"id\":\"4052\",\"alt\":\"\",\"pixels\":4194304,\"type\":\"image/jpeg\"}', 0, 2, NULL, '2025-04-03 12:34:06', '2025-04-08 08:14:51', 1, NULL, NULL, NULL, NULL, 0, 1, 2, '2025-04-08 10:14:49', '2025-04-03 12:38:17', 0),
(99, 'https://doubleblackstudio.de/black-grey-tattoo/', '52:d4687431cd8b16236291e921a8b4b7b4', 3409, 'post', 'page', 1, 0, NULL, 'Black & Grey Tattoos leben von Schattierungen, Kontrasten und Tiefe – und sind bei uns im Double Black Studio eine echte Spezialität.', 'Black &amp; Grey Tattoo', 'publish', NULL, 0, NULL, NULL, NULL, 'Black & Grey Tattoo', 41, 90, 0, NULL, 0, NULL, NULL, NULL, NULL, 'https://doubleblackstudio.de/wp-content/uploads/2025/04/image-08-04-25-01-45-5.jpeg', NULL, '4044', 'featured-image', '%%title%% %%page%% %%sep%% %%sitename%%', 'Black & Grey Tattoos leben von Schattierungen, Kontrasten und Tiefe – und sind bei uns im Double Black Studio eine echte Spezialität.', 'https://doubleblackstudio.de/wp-content/uploads/2025/04/image-08-04-25-01-45-5.jpeg', '4044', 'set-by-user', '{\"width\":2048,\"height\":2048,\"filesize\":938892,\"url\":\"https://doubleblackstudio.de/wp-content/uploads/2025/04/image-08-04-25-01-45-5.jpeg\",\"path\":\"/home/vi/doubleblackstudio.de/wp-content/uploads/2025/04/image-08-04-25-01-45-5.jpeg\",\"size\":\"full\",\"id\":\"4044\",\"alt\":\"\",\"pixels\":4194304,\"type\":\"image/jpeg\"}', 0, 2, NULL, '2025-04-03 12:46:59', '2025-04-08 08:13:13', 1, NULL, NULL, NULL, NULL, 0, 1, 2, '2025-04-08 10:13:12', '2025-04-03 12:49:34', 0),
(100, 'https://doubleblackstudio.de/fine-line-tattoo/', '51:82fc5f385b64e18324367d4ba152db3f', 3416, 'post', 'page', 1, 0, NULL, 'Bei Double Black Studio in Freiburg legen wir besonderen Wert auf Präzision und Ästhetik, wenn es um diese zarten Tattoos geht.', 'Fine Line Tattoo', 'publish', NULL, 0, NULL, NULL, NULL, 'Fine Line Tattoo', 41, 90, 0, NULL, 0, NULL, NULL, NULL, NULL, 'https://doubleblackstudio.de/wp-content/uploads/2025/04/image-08-04-25-01-45-4.jpeg', NULL, '4040', 'featured-image', '%%title%% %%page%% %%sep%% %%sitename%%', 'Bei Double Black Studio in Freiburg legen wir besonderen Wert auf Präzision und Ästhetik, wenn es um diese zarten Tattoos geht.', 'https://doubleblackstudio.de/wp-content/uploads/2025/04/image-08-04-25-01-45-4.jpeg', '4040', 'set-by-user', '{\"width\":2048,\"height\":2048,\"filesize\":686858,\"url\":\"https://doubleblackstudio.de/wp-content/uploads/2025/04/image-08-04-25-01-45-4.jpeg\",\"path\":\"/home/vi/doubleblackstudio.de/wp-content/uploads/2025/04/image-08-04-25-01-45-4.jpeg\",\"size\":\"full\",\"id\":\"4040\",\"alt\":\"\",\"pixels\":4194304,\"type\":\"image/jpeg\"}', 0, 2, NULL, '2025-04-03 12:54:09', '2025-04-08 08:08:13', 1, NULL, NULL, NULL, NULL, 0, 1, 2, '2025-04-08 10:08:12', '2025-04-03 12:55:26', 0),
(101, 'https://doubleblackstudio.de/maori-tattoo/', '47:c2f3a9e4bb943678c552d4ce2fd2aacf', 3422, 'post', 'page', 1, 0, NULL, 'Maori Tattoos haben eine tiefe kulturelle Bedeutung und folgen strengen, traditionellen Regeln der Symbolik und Anordnung.', 'Maori Tattoo', 'publish', NULL, 0, NULL, NULL, NULL, 'Maori Tattoo', 35, 90, 0, NULL, 0, NULL, NULL, NULL, NULL, 'https://doubleblackstudio.de/wp-content/uploads/2025/04/image-08-04-25-01-45-7.jpeg', NULL, '4056', 'featured-image', '%%title%% %%page%% %%sep%% %%sitename%%', 'Maori Tattoos haben eine tiefe kulturelle Bedeutung und folgen strengen, traditionellen Regeln der Symbolik und Anordnung.', 'https://doubleblackstudio.de/wp-content/uploads/2025/04/image-08-04-25-01-45-7.jpeg', '4056', 'set-by-user', '{\"width\":2048,\"height\":2048,\"filesize\":969105,\"url\":\"https://doubleblackstudio.de/wp-content/uploads/2025/04/image-08-04-25-01-45-7.jpeg\",\"path\":\"/home/vi/doubleblackstudio.de/wp-content/uploads/2025/04/image-08-04-25-01-45-7.jpeg\",\"size\":\"full\",\"id\":\"4056\",\"alt\":\"\",\"pixels\":4194304,\"type\":\"image/jpeg\"}', 0, 2, NULL, '2025-04-03 12:57:24', '2025-04-08 08:16:14', 1, NULL, NULL, NULL, NULL, 0, 1, 2, '2025-04-08 10:16:12', '2025-04-03 12:58:24', 0),
(102, 'https://doubleblackstudio.de/portraits-tattoo/', '51:51504dad28dddc28341aa3987880b7ab', 3428, 'post', 'page', 1, 0, NULL, 'Bei Double Black Studio in Freiburg verwandeln wir Erinnerungen in lebendige Kunstwerke auf der Haut.', 'Portraits Tattoo', 'publish', NULL, 0, NULL, NULL, NULL, 'Portraits Tattoo', 35, 90, 0, NULL, 0, NULL, NULL, NULL, NULL, 'https://doubleblackstudio.de/wp-content/uploads/2025/04/image-08-04-25-01-45-3.jpeg', NULL, '4060', 'featured-image', '%%title%% %%page%% %%sep%% %%sitename%%', 'Bei Double Black Studio in Freiburg verwandeln wir Erinnerungen in lebendige Kunstwerke auf der Haut.', 'https://doubleblackstudio.de/wp-content/uploads/2025/04/image-08-04-25-01-45-3.jpeg', '4060', 'set-by-user', '{\"width\":2048,\"height\":2048,\"filesize\":698639,\"url\":\"https://doubleblackstudio.de/wp-content/uploads/2025/04/image-08-04-25-01-45-3.jpeg\",\"path\":\"/home/vi/doubleblackstudio.de/wp-content/uploads/2025/04/image-08-04-25-01-45-3.jpeg\",\"size\":\"full\",\"id\":\"4060\",\"alt\":\"\",\"pixels\":4194304,\"type\":\"image/jpeg\"}', 0, 2, NULL, '2025-04-03 13:00:34', '2025-04-08 08:17:54', 1, NULL, NULL, NULL, NULL, 0, 1, 2, '2025-04-08 10:17:52', '2025-04-03 13:02:56', 0),
(103, 'https://doubleblackstudio.de/free-hand-tattoo/', '51:557761d0b06a918ed4718650e63e5583', 3434, 'post', 'page', 1, 0, NULL, 'Ein Free Hand Tattoo ist pure kreative Freiheit – direkt auf der Haut entworfen, ohne vorherige Schablone.', 'Free Hand Tattoo', 'publish', NULL, 0, NULL, NULL, NULL, 'Free Hand Tattoo', 0, 90, 0, NULL, 0, NULL, NULL, NULL, NULL, 'https://doubleblackstudio.de/wp-content/uploads/2025/04/image-08-04-25-01-45.jpeg', NULL, '4035', 'featured-image', '%%title%% %%page%% %%sep%% %%sitename%%', 'Ein Free Hand Tattoo ist pure kreative Freiheit – direkt auf der Haut entworfen, ohne vorherige Schablone.', 'https://doubleblackstudio.de/wp-content/uploads/2025/04/image-08-04-25-01-45.jpeg', '4035', 'set-by-user', '{\"width\":2048,\"height\":2048,\"filesize\":861959,\"url\":\"https://doubleblackstudio.de/wp-content/uploads/2025/04/image-08-04-25-01-45.jpeg\",\"path\":\"/home/vi/doubleblackstudio.de/wp-content/uploads/2025/04/image-08-04-25-01-45.jpeg\",\"size\":\"full\",\"id\":\"4035\",\"alt\":\"\",\"pixels\":4194304,\"type\":\"image/jpeg\"}', 0, 2, NULL, '2025-04-03 13:05:15', '2025-04-08 08:05:17', 1, NULL, NULL, NULL, NULL, 0, 1, 2, '2025-04-08 10:05:15', '2025-04-03 13:14:55', 0),
(104, 'https://doubleblackstudio.de/dot-work-tattoo/', '50:6fd3646698898eada794a63ecf5fa684', 3440, 'post', 'page', 1, 0, NULL, 'Dot Work Tattoos entstehen nicht durch klassische Linien, sondern durch zahllose einzelne Punkte – eine Technik, die Geduld, Präzision und echte Kunstfertigkeit erfordert.', 'Dot Work Tattoo', 'publish', NULL, 0, NULL, NULL, NULL, 'Dot Work Tattoo', 41, 90, 0, NULL, 0, NULL, NULL, NULL, NULL, 'https://doubleblackstudio.de/wp-content/uploads/2025/04/image-08-04-25-01-45-1.jpeg', NULL, '4031', 'featured-image', '%%title%% %%page%% %%sep%% %%sitename%%', 'Dot Work Tattoos entstehen nicht durch klassische Linien, sondern durch zahllose einzelne Punkte – eine Technik, die Geduld, Präzision und echte Kunstfertigkeit erfordert.', 'https://doubleblackstudio.de/wp-content/uploads/2025/04/image-08-04-25-01-45-1.jpeg', '4031', 'set-by-user', '{\"width\":2048,\"height\":2048,\"filesize\":1180384,\"url\":\"https://doubleblackstudio.de/wp-content/uploads/2025/04/image-08-04-25-01-45-1.jpeg\",\"path\":\"/home/vi/doubleblackstudio.de/wp-content/uploads/2025/04/image-08-04-25-01-45-1.jpeg\",\"size\":\"full\",\"id\":\"4031\",\"alt\":\"\",\"pixels\":4194304,\"type\":\"image/jpeg\"}', 0, 2, NULL, '2025-04-03 13:16:06', '2025-04-08 08:01:55', 1, NULL, NULL, NULL, NULL, 0, 1, 2, '2025-04-08 10:01:53', '2025-04-03 13:17:31', 0),
(105, 'https://doubleblackstudio.de/realismus-tattoo/', '51:aa02e4d9424df92d7603ddc46f71c3b4', 3447, 'post', 'page', 1, 0, NULL, 'Realistische Tattoos beeindrucken durch Detailtiefe, Licht-Schatten-Spiel und einen fast fotorealistischen Look.', 'Realismus Tattoo', 'publish', NULL, 0, NULL, NULL, NULL, 'Realismus Tattoo', 41, 90, 0, NULL, 0, NULL, NULL, NULL, NULL, 'https://doubleblackstudio.de/wp-content/uploads/2025/04/image-08-04-25-01-45-9.jpeg', NULL, '4027', 'featured-image', '%%title%% %%page%% %%sep%% %%sitename%%', 'Realistische Tattoos beeindrucken durch Detailtiefe, Licht-Schatten-Spiel und einen fast fotorealistischen Look.', 'https://doubleblackstudio.de/wp-content/uploads/2025/04/image-08-04-25-01-45-9.jpeg', '4027', 'set-by-user', '{\"width\":2048,\"height\":2048,\"filesize\":688637,\"url\":\"https://doubleblackstudio.de/wp-content/uploads/2025/04/image-08-04-25-01-45-9.jpeg\",\"path\":\"/home/vi/doubleblackstudio.de/wp-content/uploads/2025/04/image-08-04-25-01-45-9.jpeg\",\"size\":\"full\",\"id\":\"4027\",\"alt\":\"\",\"pixels\":4194304,\"type\":\"image/jpeg\"}', 0, 2, NULL, '2025-04-03 13:22:49', '2025-04-08 08:00:27', 1, NULL, NULL, NULL, NULL, 0, 1, 2, '2025-04-08 10:00:26', '2025-04-03 13:38:37', 0),
(106, 'https://doubleblackstudio.de/mandala-tattoo/', '49:b91fe8f90f44cad8070b05484886a40a', 3468, 'post', 'page', 1, 0, NULL, 'Bei Double Black Studio in Freiburg entwerfen wir Mandalas, die nicht nur schön aussehen, sondern auch eine tiefe persönliche Bedeutung tragen können.', 'Mandala Tattoo', 'publish', NULL, 0, NULL, NULL, NULL, 'Mandala Tattoo', 41, 90, 0, NULL, 0, NULL, NULL, NULL, NULL, 'https://doubleblackstudio.de/wp-content/uploads/2025/04/image-08-04-25-01-45-6.jpeg', NULL, '4020', 'featured-image', '%%title%% %%page%% %%sep%% %%sitename%%', 'Bei Double Black Studio in Freiburg entwerfen wir Mandalas, die nicht nur schön aussehen, sondern auch eine tiefe persönliche Bedeutung tragen können.', 'https://doubleblackstudio.de/wp-content/uploads/2025/04/image-08-04-25-01-45-6.jpeg', '4020', 'set-by-user', '{\"width\":2048,\"height\":2048,\"filesize\":678393,\"url\":\"https://doubleblackstudio.de/wp-content/uploads/2025/04/image-08-04-25-01-45-6.jpeg\",\"path\":\"/home/vi/doubleblackstudio.de/wp-content/uploads/2025/04/image-08-04-25-01-45-6.jpeg\",\"size\":\"full\",\"id\":\"4020\",\"alt\":\"\",\"pixels\":4194304,\"type\":\"image/jpeg\"}', 0, 2, NULL, '2025-04-03 13:40:43', '2025-04-08 07:57:47', 1, NULL, NULL, NULL, NULL, 0, 1, 2, '2025-04-08 09:57:47', '2025-04-03 13:44:08', 0),
(108, 'https://doubleblackstudio.de/kontakt/', '42:24eefa6fb14a518aa9e3c5a0efcdad40', 3955, 'post', 'page', 1, 0, NULL, 'Willkommen bei Double Black Studio, deinem modernen und professionellen Tattoo Studio in Freiburg. Wir stehen für höchste Qualität, saubere Linien und individuelle Beratung auf Augenhöhe', 'Kontakt', 'publish', NULL, 0, NULL, NULL, NULL, 'Kontakt', 26, 0, 0, NULL, 0, NULL, NULL, NULL, NULL, 'https://doubleblackstudio.de/wp-content/uploads/2025/04/image-12-03-25-04-29-16-scaled.jpg', NULL, '3652', 'featured-image', '%%title%% %%page%% %%sep%% %%sitename%%', 'Willkommen bei Double Black Studio, deinem modernen und professionellen Tattoo Studio in Freiburg. Wir stehen für höchste Qualität, saubere Linien und individuelle Beratung auf Augenhöhe', 'https://doubleblackstudio.de/wp-content/uploads/2025/04/image-12-03-25-04-29-7-scaled.jpg', '3642', 'set-by-user', '{\"width\":1810,\"height\":2560,\"filesize\":393998,\"url\":\"https://doubleblackstudio.de/wp-content/uploads/2025/04/image-12-03-25-04-29-7-scaled.jpg\",\"path\":\"/home/vi/doubleblackstudio.de/wp-content/uploads/2025/04/image-12-03-25-04-29-7-scaled.jpg\",\"size\":\"full\",\"id\":\"3642\",\"alt\":\"\",\"pixels\":4633600,\"type\":\"image/jpeg\"}', 0, 3, NULL, '2025-04-07 12:43:57', '2025-04-07 12:56:56', 1, NULL, NULL, NULL, NULL, 0, 1, 2, '2025-04-07 12:49:49', '2025-04-07 12:47:21', 0),
(109, 'https://doubleblackstudio.de/portfolio/', '44:f46bac6da059af1ef1d4fff4bb538b26', 4085, 'post', 'page', 1, 0, NULL, 'Black & Grey Tattoos leben von Schattierungen, Kontrasten und Tiefe – und sind bei uns im Double Black Studio eine echte Spezialität.', 'Portfolio', 'publish', NULL, 0, NULL, NULL, NULL, 'Black & Grey Tattoo', 14, 0, 0, NULL, 0, NULL, NULL, NULL, NULL, 'https://doubleblackstudio.de/wp-content/uploads/2025/04/image-08-04-25-01-45-5.jpeg', NULL, '4044', 'featured-image', '%%title%% %%page%% %%sep%% %%sitename%%', 'Black & Grey Tattoos leben von Schattierungen, Kontrasten und Tiefe – und sind bei uns im Double Black Studio eine echte Spezialität.', 'https://doubleblackstudio.de/wp-content/uploads/2025/04/image-08-04-25-01-45-5.jpeg', '4044', 'set-by-user', '{\"width\":2048,\"height\":2048,\"filesize\":938892,\"url\":\"https://doubleblackstudio.de/wp-content/uploads/2025/04/image-08-04-25-01-45-5.jpeg\",\"path\":\"/home/vi/doubleblackstudio.de/wp-content/uploads/2025/04/image-08-04-25-01-45-5.jpeg\",\"size\":\"full\",\"id\":\"4044\",\"alt\":\"\",\"pixels\":4194304,\"type\":\"image/jpeg\"}', 0, NULL, NULL, '2025-04-09 08:20:08', '2025-04-09 06:54:06', 1, NULL, NULL, NULL, NULL, 0, 1, 2, '2025-04-09 08:54:06', '2025-04-09 08:20:17', 0);

-- --------------------------------------------------------

--
-- Table structure for table `uV6mXZATyoast_indexable_hierarchy`
--

CREATE TABLE `uV6mXZATyoast_indexable_hierarchy` (
  `indexable_id` int(11) UNSIGNED NOT NULL,
  `ancestor_id` int(11) UNSIGNED NOT NULL,
  `depth` int(11) UNSIGNED DEFAULT NULL,
  `blog_id` bigint(20) NOT NULL DEFAULT 1
) ENGINE=InnoDB DEFAULT CHARSET=utf8mb4 COLLATE=utf8mb4_unicode_520_ci;

--
-- Dumping data for table `uV6mXZATyoast_indexable_hierarchy`
--

INSERT INTO `uV6mXZATyoast_indexable_hierarchy` (`indexable_id`, `ancestor_id`, `depth`, `blog_id`) VALUES
(2, 0, 0, 1),
(3, 0, 0, 1),
(18, 0, 0, 1),
(29, 0, 0, 1),
(30, 0, 0, 1),
(35, 0, 0, 1),
(36, 0, 0, 1),
(78, 0, 0, 1),
(79, 0, 0, 1),
(86, 0, 0, 1),
(89, 0, 0, 1),
(90, 0, 0, 1),
(96, 0, 0, 1),
(97, 0, 0, 1),
(98, 0, 0, 1),
(99, 0, 0, 1),
(100, 0, 0, 1),
(101, 0, 0, 1),
(102, 0, 0, 1),
(103, 0, 0, 1),
(104, 0, 0, 1),
(105, 0, 0, 1),
(106, 0, 0, 1),
(108, 0, 0, 1),
(109, 0, 0, 1);

-- --------------------------------------------------------

--
-- Table structure for table `uV6mXZATyoast_migrations`
--

CREATE TABLE `uV6mXZATyoast_migrations` (
  `id` int(11) UNSIGNED NOT NULL,
  `version` varchar(191) DEFAULT NULL
) ENGINE=InnoDB DEFAULT CHARSET=utf8mb4 COLLATE=utf8mb4_unicode_520_ci;

--
-- Dumping data for table `uV6mXZATyoast_migrations`
--

INSERT INTO `uV6mXZATyoast_migrations` (`id`, `version`) VALUES
(1, '20171228151840'),
(2, '20171228151841'),
(3, '20190529075038'),
(4, '20191011111109'),
(5, '20200408101900'),
(6, '20200420073606'),
(7, '20200428123747'),
(8, '20200428194858'),
(9, '20200429105310'),
(10, '20200430075614'),
(11, '20200430150130'),
(12, '20200507054848'),
(13, '20200513133401'),
(14, '20200609154515'),
(15, '20200616130143'),
(16, '20200617122511'),
(17, '20200702141921'),
(18, '20200728095334'),
(19, '20201202144329'),
(20, '20201216124002'),
(21, '20201216141134'),
(22, '20210817092415'),
(23, '20211020091404'),
(24, '20230417083836');

-- --------------------------------------------------------

--
-- Table structure for table `uV6mXZATyoast_primary_term`
--

CREATE TABLE `uV6mXZATyoast_primary_term` (
  `id` int(11) UNSIGNED NOT NULL,
  `post_id` bigint(20) DEFAULT NULL,
  `term_id` bigint(20) DEFAULT NULL,
  `taxonomy` varchar(32) NOT NULL,
  `created_at` datetime DEFAULT NULL,
  `updated_at` timestamp NOT NULL DEFAULT current_timestamp() ON UPDATE current_timestamp(),
  `blog_id` bigint(20) NOT NULL DEFAULT 1
) ENGINE=InnoDB DEFAULT CHARSET=utf8mb4 COLLATE=utf8mb4_unicode_520_ci;

-- --------------------------------------------------------

--
-- Table structure for table `uV6mXZATyoast_seo_links`
--

CREATE TABLE `uV6mXZATyoast_seo_links` (
  `id` bigint(20) UNSIGNED NOT NULL,
  `url` varchar(255) DEFAULT NULL,
  `post_id` bigint(20) UNSIGNED DEFAULT NULL,
  `target_post_id` bigint(20) UNSIGNED DEFAULT NULL,
  `type` varchar(8) DEFAULT NULL,
  `indexable_id` int(11) UNSIGNED DEFAULT NULL,
  `target_indexable_id` int(11) UNSIGNED DEFAULT NULL,
  `height` int(11) UNSIGNED DEFAULT NULL,
  `width` int(11) UNSIGNED DEFAULT NULL,
  `size` int(11) UNSIGNED DEFAULT NULL,
  `language` varchar(32) DEFAULT NULL,
  `region` varchar(32) DEFAULT NULL
) ENGINE=InnoDB DEFAULT CHARSET=utf8mb3 COLLATE=utf8mb3_general_ci;

--
-- Dumping data for table `uV6mXZATyoast_seo_links`
--

INSERT INTO `uV6mXZATyoast_seo_links` (`id`, `url`, `post_id`, `target_post_id`, `type`, `indexable_id`, `target_indexable_id`, `height`, `width`, `size`, `language`, `region`) VALUES
(168, 'https://doubleblackstudio.de/datenschutz', 19, NULL, 'internal', 2, NULL, NULL, NULL, NULL, NULL, NULL),
(381, 'https://doubleblackstudio.de', 1113, 2, 'internal', 18, 4, NULL, NULL, NULL, NULL, NULL),
(382, 'https://cookiedatabase.org/service/wordpress/', 1113, NULL, 'external', 18, NULL, NULL, NULL, NULL, NULL, NULL),
(383, 'https://cookiedatabase.org/cookie/wordpress/wpemojisettingssupports/', 1113, NULL, 'external', 18, NULL, NULL, NULL, NULL, NULL, NULL),
(384, 'https://cookiedatabase.org/service/active-campaign/', 1113, NULL, 'external', 18, NULL, NULL, NULL, NULL, NULL, NULL),
(385, 'https://www.activecampaign.com/legal/privacy-policy', 1113, NULL, 'external', 18, NULL, NULL, NULL, NULL, NULL, NULL),
(386, 'https://cookiedatabase.org/cookie/active-campaign/prism_/', 1113, NULL, 'external', 18, NULL, NULL, NULL, NULL, NULL, NULL),
(387, 'https://cookiedatabase.org/service/google-fonts/', 1113, NULL, 'external', 18, NULL, NULL, NULL, NULL, NULL, NULL),
(388, 'https://policies.google.com/privacy', 1113, NULL, 'external', 18, NULL, NULL, NULL, NULL, NULL, NULL),
(389, 'https://cookiedatabase.org/cookie/google-fonts/tcb_google_fonts/', 1113, NULL, 'external', 18, NULL, NULL, NULL, NULL, NULL, NULL),
(390, 'https://cookiedatabase.org/service/google-recaptcha/', 1113, NULL, 'external', 18, NULL, NULL, NULL, NULL, NULL, NULL),
(391, 'https://policies.google.com/privacy', 1113, NULL, 'external', 18, NULL, NULL, NULL, NULL, NULL, NULL),
(392, 'https://cookiedatabase.org/cookie/google-recaptcha/rcc/', 1113, NULL, 'external', 18, NULL, NULL, NULL, NULL, NULL, NULL),
(393, 'https://cookiedatabase.org/cookie/google-recaptcha/rcb/', 1113, NULL, 'external', 18, NULL, NULL, NULL, NULL, NULL, NULL),
(394, 'https://cookiedatabase.org/cookie/google-recaptcha/rca/', 1113, NULL, 'external', 18, NULL, NULL, NULL, NULL, NULL, NULL),
(395, 'https://cookiedatabase.org/service/google-maps/', 1113, NULL, 'external', 18, NULL, NULL, NULL, NULL, NULL, NULL),
(396, 'https://policies.google.com/privacy', 1113, NULL, 'external', 18, NULL, NULL, NULL, NULL, NULL, NULL),
(397, 'https://cookiedatabase.org/cookie/google-maps/google-maps-api/', 1113, NULL, 'external', 18, NULL, NULL, NULL, NULL, NULL, NULL),
(398, 'https://cookiedatabase.org/service/vimeo/', 1113, NULL, 'external', 18, NULL, NULL, NULL, NULL, NULL, NULL),
(399, 'https://vimeo.com/privacy', 1113, NULL, 'external', 18, NULL, NULL, NULL, NULL, NULL, NULL),
(400, 'https://cookiedatabase.org/cookie/vimeo/__utmt_player/', 1113, NULL, 'external', 18, NULL, NULL, NULL, NULL, NULL, NULL),
(401, 'https://cookiedatabase.org/cookie/vimeo/vuid/', 1113, NULL, 'external', 18, NULL, NULL, NULL, NULL, NULL, NULL),
(402, 'https://cookiedatabase.org/service/youtube/', 1113, NULL, 'external', 18, NULL, NULL, NULL, NULL, NULL, NULL),
(403, 'https://policies.google.com/privacy', 1113, NULL, 'external', 18, NULL, NULL, NULL, NULL, NULL, NULL),
(404, 'https://cookiedatabase.org/cookie/youtube/gps/', 1113, NULL, 'external', 18, NULL, NULL, NULL, NULL, NULL, NULL),
(405, 'https://cookiedatabase.org/cookie/youtube/visitor_info1_live/', 1113, NULL, 'external', 18, NULL, NULL, NULL, NULL, NULL, NULL),
(406, 'https://cookiedatabase.org/cookie/youtube/ysc/', 1113, NULL, 'external', 18, NULL, NULL, NULL, NULL, NULL, NULL),
(407, 'https://cookiedatabase.org/cookie/youtube/pref/', 1113, NULL, 'external', 18, NULL, NULL, NULL, NULL, NULL, NULL),
(408, 'https://cookiedatabase.org/service/videopress/', 1113, NULL, 'external', 18, NULL, NULL, NULL, NULL, NULL, NULL),
(409, 'https://automattic.com/privacy/', 1113, NULL, 'external', 18, NULL, NULL, NULL, NULL, NULL, NULL),
(410, 'https://cookiedatabase.org/cookie/videopress/_utma/', 1113, NULL, 'external', 18, NULL, NULL, NULL, NULL, NULL, NULL),
(411, 'https://cookiedatabase.org/cookie/videopress/_utmc/', 1113, NULL, 'external', 18, NULL, NULL, NULL, NULL, NULL, NULL),
(412, 'https://cookiedatabase.org/cookie/videopress/_utmz/', 1113, NULL, 'external', 18, NULL, NULL, NULL, NULL, NULL, NULL),
(413, 'https://cookiedatabase.org/service/dailymotion/', 1113, NULL, 'external', 18, NULL, NULL, NULL, NULL, NULL, NULL),
(414, 'https://www.dailymotion.com/legal/privacy', 1113, NULL, 'external', 18, NULL, NULL, NULL, NULL, NULL, NULL),
(415, 'https://cookiedatabase.org/cookie/dailymotion/auto-draft-15/', 1113, NULL, 'external', 18, NULL, NULL, NULL, NULL, NULL, NULL),
(416, 'https://cookiedatabase.org/cookie/dailymotion/auto-draft-14/', 1113, NULL, 'external', 18, NULL, NULL, NULL, NULL, NULL, NULL),
(417, 'https://cookiedatabase.org/cookie/dailymotion/ts/', 1113, NULL, 'external', 18, NULL, NULL, NULL, NULL, NULL, NULL),
(418, 'https://cookiedatabase.org/cookie/dailymotion/hist/', 1113, NULL, 'external', 18, NULL, NULL, NULL, NULL, NULL, NULL),
(419, 'https://cookiedatabase.org/cookie/dailymotion/dmvk/', 1113, NULL, 'external', 18, NULL, NULL, NULL, NULL, NULL, NULL),
(420, 'https://cookiedatabase.org/cookie/dailymotion/damd/', 1113, NULL, 'external', 18, NULL, NULL, NULL, NULL, NULL, NULL),
(421, 'https://cookiedatabase.org/cookie/dailymotion/v1st/', 1113, NULL, 'external', 18, NULL, NULL, NULL, NULL, NULL, NULL),
(422, 'https://cookiedatabase.org/service/soundcloud/', 1113, NULL, 'external', 18, NULL, NULL, NULL, NULL, NULL, NULL),
(423, 'https://soundcloud.com/pages/privacy', 1113, NULL, 'external', 18, NULL, NULL, NULL, NULL, NULL, NULL),
(424, 'https://cookiedatabase.org/cookie/soundcloud/sc_anonymous_id/', 1113, NULL, 'external', 18, NULL, NULL, NULL, NULL, NULL, NULL),
(425, 'https://cookiedatabase.org/cookie/soundcloud/sclocale/', 1113, NULL, 'external', 18, NULL, NULL, NULL, NULL, NULL, NULL),
(426, 'https://cookiedatabase.org/service/twitch/', 1113, NULL, 'external', 18, NULL, NULL, NULL, NULL, NULL, NULL),
(427, 'https://cookiedatabase.org/cookie/twitch/auto-draft-17/', 1113, NULL, 'external', 18, NULL, NULL, NULL, NULL, NULL, NULL),
(428, 'https://cookiedatabase.org/cookie/twitch/unique_id_durable/', 1113, NULL, 'external', 18, NULL, NULL, NULL, NULL, NULL, NULL),
(429, 'https://cookiedatabase.org/cookie/twitch/auto-draft-13/', 1113, NULL, 'external', 18, NULL, NULL, NULL, NULL, NULL, NULL),
(430, 'https://cookiedatabase.org/cookie/twitch/server_session_id/', 1113, NULL, 'external', 18, NULL, NULL, NULL, NULL, NULL, NULL),
(431, 'https://cookiedatabase.org/cookie/twitch/api_token/', 1113, NULL, 'external', 18, NULL, NULL, NULL, NULL, NULL, NULL),
(432, 'https://cookiedatabase.org/cookie/twitch/referrer_url/', 1113, NULL, 'external', 18, NULL, NULL, NULL, NULL, NULL, NULL),
(433, 'https://cookiedatabase.org/service/paypal/', 1113, NULL, 'external', 18, NULL, NULL, NULL, NULL, NULL, NULL),
(434, 'https://www.paypal.com/legalhub/privacy-full', 1113, NULL, 'external', 18, NULL, NULL, NULL, NULL, NULL, NULL),
(435, 'https://cookiedatabase.org/cookie/paypal/nsid/', 1113, NULL, 'external', 18, NULL, NULL, NULL, NULL, NULL, NULL),
(436, 'https://cookiedatabase.org/cookie/paypal/enforce_policy/', 1113, NULL, 'external', 18, NULL, NULL, NULL, NULL, NULL, NULL),
(437, 'https://cookiedatabase.org/cookie/paypal/tsrce/', 1113, NULL, 'external', 18, NULL, NULL, NULL, NULL, NULL, NULL),
(438, 'https://cookiedatabase.org/cookie/paypal/auto-draft-3/', 1113, NULL, 'external', 18, NULL, NULL, NULL, NULL, NULL, NULL),
(439, 'https://cookiedatabase.org/cookie/paypal/__paypal_storage__/', 1113, NULL, 'external', 18, NULL, NULL, NULL, NULL, NULL, NULL),
(440, 'https://cookiedatabase.org/service/addthis/', 1113, NULL, 'external', 18, NULL, NULL, NULL, NULL, NULL, NULL),
(441, 'https://www.oracle.com/legal/privacy/addthis-privacy-policy.html', 1113, NULL, 'external', 18, NULL, NULL, NULL, NULL, NULL, NULL),
(442, 'https://cookiedatabase.org/cookie/addthis/ouid/', 1113, NULL, 'external', 18, NULL, NULL, NULL, NULL, NULL, NULL),
(443, 'https://cookiedatabase.org/cookie/addthis/na_tc/', 1113, NULL, 'external', 18, NULL, NULL, NULL, NULL, NULL, NULL),
(444, 'https://cookiedatabase.org/cookie/addthis/mus/', 1113, NULL, 'external', 18, NULL, NULL, NULL, NULL, NULL, NULL),
(445, 'https://cookiedatabase.org/cookie/addthis/loc/', 1113, NULL, 'external', 18, NULL, NULL, NULL, NULL, NULL, NULL),
(446, 'https://cookiedatabase.org/cookie/addthis/uvc/', 1113, NULL, 'external', 18, NULL, NULL, NULL, NULL, NULL, NULL),
(447, 'https://cookiedatabase.org/cookie/addthis/at-rand/', 1113, NULL, 'external', 18, NULL, NULL, NULL, NULL, NULL, NULL),
(448, 'https://cookiedatabase.org/cookie/addthis/cw_id/', 1113, NULL, 'external', 18, NULL, NULL, NULL, NULL, NULL, NULL),
(449, 'https://cookiedatabase.org/cookie/addthis/uit/', 1113, NULL, 'external', 18, NULL, NULL, NULL, NULL, NULL, NULL),
(450, 'https://cookiedatabase.org/cookie/addthis/psc/', 1113, NULL, 'external', 18, NULL, NULL, NULL, NULL, NULL, NULL),
(451, 'https://cookiedatabase.org/cookie/addthis/_at-cww/', 1113, NULL, 'external', 18, NULL, NULL, NULL, NULL, NULL, NULL),
(452, 'https://cookiedatabase.org/cookie/addthis/__atssc/', 1113, NULL, 'external', 18, NULL, NULL, NULL, NULL, NULL, NULL),
(453, 'https://cookiedatabase.org/cookie/addthis/na_id/', 1113, NULL, 'external', 18, NULL, NULL, NULL, NULL, NULL, NULL),
(454, 'https://cookiedatabase.org/cookie/addthis/uid/', 1113, NULL, 'external', 18, NULL, NULL, NULL, NULL, NULL, NULL),
(455, 'https://cookiedatabase.org/cookie/addthis/__atuvc/', 1113, NULL, 'external', 18, NULL, NULL, NULL, NULL, NULL, NULL),
(456, 'https://cookiedatabase.org/cookie/addthis/__atuvs/', 1113, NULL, 'external', 18, NULL, NULL, NULL, NULL, NULL, NULL),
(457, 'https://cookiedatabase.org/service/sharethis/', 1113, NULL, 'external', 18, NULL, NULL, NULL, NULL, NULL, NULL),
(458, 'https://sharethis.com/privacy/', 1113, NULL, 'external', 18, NULL, NULL, NULL, NULL, NULL, NULL),
(459, 'https://cookiedatabase.org/cookie/sharethis/uidr/', 1113, NULL, 'external', 18, NULL, NULL, NULL, NULL, NULL, NULL),
(460, 'https://cookiedatabase.org/cookie/sharethis/__uset/', 1113, NULL, 'external', 18, NULL, NULL, NULL, NULL, NULL, NULL),
(461, 'https://cookiedatabase.org/cookie/sharethis/uset/', 1113, NULL, 'external', 18, NULL, NULL, NULL, NULL, NULL, NULL),
(462, 'https://cookiedatabase.org/cookie/sharethis/_stgmap/', 1113, NULL, 'external', 18, NULL, NULL, NULL, NULL, NULL, NULL),
(463, 'https://cookiedatabase.org/cookie/sharethis/_stamap/', 1113, NULL, 'external', 18, NULL, NULL, NULL, NULL, NULL, NULL),
(464, 'https://cookiedatabase.org/cookie/sharethis/stacxiommap/', 1113, NULL, 'external', 18, NULL, NULL, NULL, NULL, NULL, NULL),
(465, 'https://cookiedatabase.org/cookie/sharethis/stdlxmap/', 1113, NULL, 'external', 18, NULL, NULL, NULL, NULL, NULL, NULL),
(466, 'https://cookiedatabase.org/cookie/sharethis/__stid/', 1113, NULL, 'external', 18, NULL, NULL, NULL, NULL, NULL, NULL),
(467, 'https://cookiedatabase.org/service/livechat/', 1113, NULL, 'external', 18, NULL, NULL, NULL, NULL, NULL, NULL),
(468, 'https://www.livechatinc.com/legal/privacy-policy/', 1113, NULL, 'external', 18, NULL, NULL, NULL, NULL, NULL, NULL),
(469, 'https://cookiedatabase.org/cookie/livechat/__oauth_redirect_detector/', 1113, NULL, 'external', 18, NULL, NULL, NULL, NULL, NULL, NULL),
(470, 'https://cookiedatabase.org/cookie/livechat/__lc_cst/', 1113, NULL, 'external', 18, NULL, NULL, NULL, NULL, NULL, NULL),
(471, 'https://cookiedatabase.org/cookie/livechat/__lc_cid/', 1113, NULL, 'external', 18, NULL, NULL, NULL, NULL, NULL, NULL),
(472, 'https://cookiedatabase.org/service/hubspot/', 1113, NULL, 'external', 18, NULL, NULL, NULL, NULL, NULL, NULL),
(473, 'https://legal.hubspot.com/privacy-policy', 1113, NULL, 'external', 18, NULL, NULL, NULL, NULL, NULL, NULL),
(474, 'https://cookiedatabase.org/cookie/hubspot/__hs_cookie_cat_pref/', 1113, NULL, 'external', 18, NULL, NULL, NULL, NULL, NULL, NULL),
(475, 'https://cookiedatabase.org/cookie/hubspot/__hssc/', 1113, NULL, 'external', 18, NULL, NULL, NULL, NULL, NULL, NULL),
(476, 'https://cookiedatabase.org/cookie/hubspot/_key/', 1113, NULL, 'external', 18, NULL, NULL, NULL, NULL, NULL, NULL),
(477, 'https://cookiedatabase.org/cookie/hubspot/hs_ab_test/', 1113, NULL, 'external', 18, NULL, NULL, NULL, NULL, NULL, NULL),
(478, 'https://cookiedatabase.org/cookie/hubspot/__hs_do_not_track/', 1113, NULL, 'external', 18, NULL, NULL, NULL, NULL, NULL, NULL),
(479, 'https://cookiedatabase.org/cookie/hubspot/messagesutk/', 1113, NULL, 'external', 18, NULL, NULL, NULL, NULL, NULL, NULL),
(480, 'https://cookiedatabase.org/cookie/hubspot/__hsmem/', 1113, NULL, 'external', 18, NULL, NULL, NULL, NULL, NULL, NULL),
(481, 'https://cookiedatabase.org/cookie/hubspot/hs-messages-is-open/', 1113, NULL, 'external', 18, NULL, NULL, NULL, NULL, NULL, NULL),
(482, 'https://cookiedatabase.org/cookie/hubspot/__hstc/', 1113, NULL, 'external', 18, NULL, NULL, NULL, NULL, NULL, NULL),
(483, 'https://cookiedatabase.org/service/calendly/', 1113, NULL, 'external', 18, NULL, NULL, NULL, NULL, NULL, NULL),
(484, 'https://calendly.com/pages/privacy', 1113, NULL, 'external', 18, NULL, NULL, NULL, NULL, NULL, NULL),
(485, 'https://cookiedatabase.org/cookie/calendly/_calendly_session/', 1113, NULL, 'external', 18, NULL, NULL, NULL, NULL, NULL, NULL),
(486, 'https://cookiedatabase.org/service/facebook/', 1113, NULL, 'external', 18, NULL, NULL, NULL, NULL, NULL, NULL),
(487, 'https://www.facebook.com/policy/cookies', 1113, NULL, 'external', 18, NULL, NULL, NULL, NULL, NULL, NULL),
(488, 'https://cookiedatabase.org/cookie/facebook/_fbc/', 1113, NULL, 'external', 18, NULL, NULL, NULL, NULL, NULL, NULL),
(489, 'https://cookiedatabase.org/cookie/facebook/fbm_/', 1113, NULL, 'external', 18, NULL, NULL, NULL, NULL, NULL, NULL),
(490, 'https://cookiedatabase.org/cookie/facebook/xs/', 1113, NULL, 'external', 18, NULL, NULL, NULL, NULL, NULL, NULL),
(491, 'https://cookiedatabase.org/cookie/facebook/fr/', 1113, NULL, 'external', 18, NULL, NULL, NULL, NULL, NULL, NULL),
(492, 'https://cookiedatabase.org/cookie/facebook/act/', 1113, NULL, 'external', 18, NULL, NULL, NULL, NULL, NULL, NULL),
(493, 'https://cookiedatabase.org/cookie/facebook/_fbp/', 1113, NULL, 'external', 18, NULL, NULL, NULL, NULL, NULL, NULL),
(494, 'https://cookiedatabase.org/cookie/facebook/datr/', 1113, NULL, 'external', 18, NULL, NULL, NULL, NULL, NULL, NULL),
(495, 'https://cookiedatabase.org/cookie/facebook/c_user/', 1113, NULL, 'external', 18, NULL, NULL, NULL, NULL, NULL, NULL),
(496, 'https://cookiedatabase.org/cookie/facebook/sb/', 1113, NULL, 'external', 18, NULL, NULL, NULL, NULL, NULL, NULL),
(497, 'https://cookiedatabase.org/cookie/facebook/_fbm_/', 1113, NULL, 'external', 18, NULL, NULL, NULL, NULL, NULL, NULL),
(498, 'https://cookiedatabase.org/cookie/facebook/wd/', 1113, NULL, 'external', 18, NULL, NULL, NULL, NULL, NULL, NULL),
(499, 'https://cookiedatabase.org/cookie/facebook/csm/', 1113, NULL, 'external', 18, NULL, NULL, NULL, NULL, NULL, NULL),
(500, 'https://cookiedatabase.org/cookie/facebook/actppresence/', 1113, NULL, 'external', 18, NULL, NULL, NULL, NULL, NULL, NULL),
(501, 'https://cookiedatabase.org/service/twitter/', 1113, NULL, 'external', 18, NULL, NULL, NULL, NULL, NULL, NULL),
(502, 'https://twitter.com/en/privacy', 1113, NULL, 'external', 18, NULL, NULL, NULL, NULL, NULL, NULL),
(503, 'https://cookiedatabase.org/cookie/twitter/local_storage_support_test/', 1113, NULL, 'external', 18, NULL, NULL, NULL, NULL, NULL, NULL),
(504, 'https://cookiedatabase.org/cookie/twitter/metrics_token/', 1113, NULL, 'external', 18, NULL, NULL, NULL, NULL, NULL, NULL),
(505, 'https://cookiedatabase.org/service/linkedin/', 1113, NULL, 'external', 18, NULL, NULL, NULL, NULL, NULL, NULL),
(506, 'https://www.linkedin.com/legal/privacy-policy', 1113, NULL, 'external', 18, NULL, NULL, NULL, NULL, NULL, NULL),
(507, 'https://cookiedatabase.org/cookie/linkedin/auto-draft-20/', 1113, NULL, 'external', 18, NULL, NULL, NULL, NULL, NULL, NULL),
(508, 'https://cookiedatabase.org/cookie/linkedin/auto-draft-16/', 1113, NULL, 'external', 18, NULL, NULL, NULL, NULL, NULL, NULL),
(509, 'https://cookiedatabase.org/cookie/linkedin/bizographicsoptout/', 1113, NULL, 'external', 18, NULL, NULL, NULL, NULL, NULL, NULL),
(510, 'https://cookiedatabase.org/cookie/linkedin/auto-draft-19/', 1113, NULL, 'external', 18, NULL, NULL, NULL, NULL, NULL, NULL),
(511, 'https://cookiedatabase.org/cookie/linkedin/_guid/', 1113, NULL, 'external', 18, NULL, NULL, NULL, NULL, NULL, NULL),
(512, 'https://cookiedatabase.org/cookie/linkedin/li-oatml/', 1113, NULL, 'external', 18, NULL, NULL, NULL, NULL, NULL, NULL),
(513, 'https://cookiedatabase.org/cookie/linkedin/li_sugr/', 1113, NULL, 'external', 18, NULL, NULL, NULL, NULL, NULL, NULL),
(514, 'https://cookiedatabase.org/cookie/linkedin/usermatchhistory/', 1113, NULL, 'external', 18, NULL, NULL, NULL, NULL, NULL, NULL),
(515, 'https://cookiedatabase.org/cookie/linkedin/auto-draft-18/', 1113, NULL, 'external', 18, NULL, NULL, NULL, NULL, NULL, NULL),
(516, 'https://cookiedatabase.org/cookie/linkedin/analyticssynchistory/', 1113, NULL, 'external', 18, NULL, NULL, NULL, NULL, NULL, NULL),
(517, 'https://cookiedatabase.org/cookie/linkedin/li_alerts/', 1113, NULL, 'external', 18, NULL, NULL, NULL, NULL, NULL, NULL),
(518, 'https://cookiedatabase.org/cookie/linkedin/bcookie-2/', 1113, NULL, 'external', 18, NULL, NULL, NULL, NULL, NULL, NULL),
(519, 'https://cookiedatabase.org/cookie/linkedin/lidc/', 1113, NULL, 'external', 18, NULL, NULL, NULL, NULL, NULL, NULL),
(520, 'https://cookiedatabase.org/cookie/linkedin/bscookie/', 1113, NULL, 'external', 18, NULL, NULL, NULL, NULL, NULL, NULL),
(521, 'https://cookiedatabase.org/service/whatsapp/', 1113, NULL, 'external', 18, NULL, NULL, NULL, NULL, NULL, NULL),
(522, 'https://www.whatsapp.com/legal/', 1113, NULL, 'external', 18, NULL, NULL, NULL, NULL, NULL, NULL),
(523, 'https://cookiedatabase.org/cookie/whatsapp/wa_lang_pref/', 1113, NULL, 'external', 18, NULL, NULL, NULL, NULL, NULL, NULL),
(524, 'https://cookiedatabase.org/cookie/whatsapp/wa_ul/', 1113, NULL, 'external', 18, NULL, NULL, NULL, NULL, NULL, NULL),
(525, 'https://cookiedatabase.org/service/tiktok/', 1113, NULL, 'external', 18, NULL, NULL, NULL, NULL, NULL, NULL),
(526, 'https://www.tiktok.com/legal/privacy-policy', 1113, NULL, 'external', 18, NULL, NULL, NULL, NULL, NULL, NULL),
(527, 'https://cookiedatabase.org/cookie/tiktok/s_v_web_id/', 1113, NULL, 'external', 18, NULL, NULL, NULL, NULL, NULL, NULL),
(528, 'https://cookiedatabase.org/cookie/tiktok/auto-draft-10/', 1113, NULL, 'external', 18, NULL, NULL, NULL, NULL, NULL, NULL),
(529, 'https://cookiedatabase.org/cookie/tiktok/tt_webid/', 1113, NULL, 'external', 18, NULL, NULL, NULL, NULL, NULL, NULL),
(530, 'https://cookiedatabase.org/cookie/tiktok/tt_webid_v2/', 1113, NULL, 'external', 18, NULL, NULL, NULL, NULL, NULL, NULL),
(531, 'https://cookiedatabase.org/cookie/tiktok/ttwid/', 1113, NULL, 'external', 18, NULL, NULL, NULL, NULL, NULL, NULL),
(532, 'https://cookiedatabase.org/cookie/tiktok/webapp_launch_mode/', 1113, NULL, 'external', 18, NULL, NULL, NULL, NULL, NULL, NULL),
(533, 'https://cookiedatabase.org/cookie/tiktok/webapp_session_id/', 1113, NULL, 'external', 18, NULL, NULL, NULL, NULL, NULL, NULL),
(534, 'https://cookiedatabase.org/cookie/tiktok/webapp-session-referer/', 1113, NULL, 'external', 18, NULL, NULL, NULL, NULL, NULL, NULL),
(535, 'https://cookiedatabase.org/cookie/tiktok/webapp_tiktok_privious/', 1113, NULL, 'external', 18, NULL, NULL, NULL, NULL, NULL, NULL),
(536, 'https://cookiedatabase.org/cookie/tiktok/webapp_extra_data/', 1113, NULL, 'external', 18, NULL, NULL, NULL, NULL, NULL, NULL),
(537, 'https://cookiedatabase.org/cookie/tiktok/auto-draft-7/', 1113, NULL, 'external', 18, NULL, NULL, NULL, NULL, NULL, NULL),
(538, 'https://cookiedatabase.org/cookie/tiktok/guide-login-config/', 1113, NULL, 'external', 18, NULL, NULL, NULL, NULL, NULL, NULL),
(539, 'https://cookiedatabase.org/cookie/tiktok/__tea_cache_tokens_/', 1113, NULL, 'external', 18, NULL, NULL, NULL, NULL, NULL, NULL),
(540, 'https://cookiedatabase.org/cookie/tiktok/csrf_session_id/', 1113, NULL, 'external', 18, NULL, NULL, NULL, NULL, NULL, NULL),
(541, 'https://cookiedatabase.org/cookie/tiktok/auto-draft-9/', 1113, NULL, 'external', 18, NULL, NULL, NULL, NULL, NULL, NULL),
(542, 'https://cookiedatabase.org/cookie/tiktok/_abck/', 1113, NULL, 'external', 18, NULL, NULL, NULL, NULL, NULL, NULL),
(543, 'https://cookiedatabase.org/cookie/tiktok/__tea_cache_first_/', 1113, NULL, 'external', 18, NULL, NULL, NULL, NULL, NULL, NULL),
(544, 'https://cookiedatabase.org/cookie/tiktok/webapp-newuser/', 1113, NULL, 'external', 18, NULL, NULL, NULL, NULL, NULL, NULL),
(545, 'https://cookiedatabase.org/cookie/tiktok/autoplay-config/', 1113, NULL, 'external', 18, NULL, NULL, NULL, NULL, NULL, NULL),
(546, 'https://cookiedatabase.org/cookie/tiktok/webapp-video-mute/', 1113, NULL, 'external', 18, NULL, NULL, NULL, NULL, NULL, NULL),
(547, 'https://cookiedatabase.org/cookie/tiktok/f/', 1113, NULL, 'external', 18, NULL, NULL, NULL, NULL, NULL, NULL),
(548, 'https://doubleblackstudio.de', 1113, 2, 'internal', 18, 4, NULL, NULL, NULL, NULL, NULL),
(549, 'https://cookiedatabase.org/', 1113, NULL, 'external', 18, NULL, NULL, NULL, NULL, NULL, NULL),
(726, 'https://cookiedatabase.org/cookie/wordpress/wp-settings-time/', 1113, NULL, 'external', 18, NULL, NULL, NULL, NULL, NULL, NULL),
(727, 'https://cookiedatabase.org/cookie/wordpress/wordpress_logged_in_/', 1113, NULL, 'external', 18, NULL, NULL, NULL, NULL, NULL, NULL),
(803, 'https://doubleblackstudio.de/', 546, NULL, 'internal', 36, 3, NULL, NULL, NULL, NULL, NULL),
(904, 'https://doubleblackstudio.de/cookie-richtlinie-eu/', 652, 1113, 'internal', 35, 18, NULL, NULL, NULL, NULL, NULL),
(1616, 'tel:', 3239, NULL, 'external', 89, NULL, NULL, NULL, NULL, NULL, NULL),
(1619, 'tel:', 3245, NULL, 'external', 90, NULL, NULL, NULL, NULL, NULL, NULL),
(1659, 'https://doubleblackstudio.de/datenschutz', 652, 3072, 'internal', 35, 79, NULL, NULL, NULL, NULL, NULL),
(1661, 'https://doubleblackstudio.de/impressum', 652, 3071, 'internal', 35, 78, NULL, NULL, NULL, NULL, NULL),
(1662, 'https://doubleblackstudio.de/datenschutz', 652, 3072, 'internal', 35, 79, NULL, NULL, NULL, NULL, NULL),
(1809, 'https://doubleblackstudio.de/tattoo-studio-freiburg/', 546, 3349, 'internal', 36, 96, NULL, NULL, NULL, NULL, NULL),
(1816, 'https://doubleblackstudio.de/portraits-tattoo/', 546, 3428, 'internal', 36, 102, NULL, NULL, NULL, NULL, NULL),
(1817, 'https://doubleblackstudio.de/maori-tattoo/', 546, 3422, 'internal', 36, 101, NULL, NULL, NULL, NULL, NULL),
(1818, 'https://doubleblackstudio.de/mandala-tattoo/', 546, 3468, 'internal', 36, 106, NULL, NULL, NULL, NULL, NULL),
(1819, 'https://doubleblackstudio.de/realismus-tattoo/', 546, 3447, 'internal', 36, 105, NULL, NULL, NULL, NULL, NULL),
(1820, 'https://doubleblackstudio.de/dot-work-tattoo/', 546, 3440, 'internal', 36, 104, NULL, NULL, NULL, NULL, NULL),
(1821, 'https://doubleblackstudio.de/free-hand-tattoo/', 546, 3434, 'internal', 36, 103, NULL, NULL, NULL, NULL, NULL),
(1822, 'https://doubleblackstudio.de/fine-line-tattoo/', 546, 3416, 'internal', 36, 100, NULL, NULL, NULL, NULL, NULL),
(1823, 'https://doubleblackstudio.de/black-grey-tattoo/', 546, 3409, 'internal', 36, 99, NULL, NULL, NULL, NULL, NULL),
(1824, 'https://doubleblackstudio.de/cover-up-tattoo/', 546, 3399, 'internal', 36, 98, NULL, NULL, NULL, NULL, NULL),
(1832, 'https://doubleblackstudio.de/wp-content/uploads/2025/04/Logo_White-600x465.png', 3362, 3606, 'image-in', 97, NULL, 4313, 5563, 206217, NULL, NULL),
(1833, 'https://doubleblackstudio.de/wp-content/uploads/2025/04/Website_logo-600x116.png', 3362, 3607, 'image-in', 97, NULL, 370, 1920, 13185, NULL, NULL),
(1834, 'https://doubleblackstudio.de/wp-content/uploads/2025/04/Phone_logo-1-600x256.png', 3362, 3608, 'image-in', 97, NULL, 1917, 4500, 89212, NULL, NULL),
(1839, 'https://doubleblackstudio.de/wp-content/uploads/2024/02/db-log-black-mob-600x256.png', 652, 3624, 'image-in', 35, NULL, 1917, 4500, 93007, NULL, NULL),
(1906, 'images/photo03b.jpg', 3362, NULL, 'internal', 97, NULL, NULL, NULL, NULL, NULL, NULL),
(1908, 'images/fullscreen14.jpg', 3362, NULL, 'internal', 97, NULL, NULL, NULL, NULL, NULL, NULL),
(1909, 'images/fullscreen14.jpg', 3362, NULL, 'internal', 97, NULL, NULL, NULL, NULL, NULL, NULL),
(1914, 'https://doubleblackstudio.de/wp-content/uploads/2025/04/videoplayback-1.mp4', 3362, NULL, 'internal', 97, NULL, NULL, NULL, NULL, NULL, NULL),
(1916, 'images/photo03b.jpg', 3362, NULL, 'internal', 97, NULL, NULL, NULL, NULL, NULL, NULL),
(1918, 'images/fullscreen14.jpg', 3362, NULL, 'internal', 97, NULL, NULL, NULL, NULL, NULL, NULL),
(1919, 'images/fullscreen14.jpg', 3362, NULL, 'internal', 97, NULL, NULL, NULL, NULL, NULL, NULL),
(1924, 'https://doubleblackstudio.de/wp-content/uploads/2025/04/videoplayback-1.mp4', 3362, NULL, 'internal', 97, NULL, NULL, NULL, NULL, NULL, NULL),
(1947, 'https://doubleblackstudio.de/tattoo-studio-freiburg/', 3362, 3349, 'internal', 97, 96, NULL, NULL, NULL, NULL, NULL),
(1948, 'images/photo011b.jpg', 3362, NULL, 'internal', 97, NULL, NULL, NULL, NULL, NULL, NULL),
(1949, 'images/photo044b.jpg', 3362, NULL, 'internal', 97, NULL, NULL, NULL, NULL, NULL, NULL),
(1950, 'https://doubleblackstudio.de/cover-up-tattoo/', 3362, 3399, 'internal', 97, 98, NULL, NULL, NULL, NULL, NULL),
(1951, 'https://doubleblackstudio.de/black-grey-tattoo/', 3362, 3409, 'internal', 97, 99, NULL, NULL, NULL, NULL, NULL),
(1952, 'images/photo088b.jpg', 3362, NULL, 'internal', 97, NULL, NULL, NULL, NULL, NULL, NULL),
(1953, 'images/photo055b.jpg', 3362, NULL, 'internal', 97, NULL, NULL, NULL, NULL, NULL, NULL),
(1954, 'images/photo100b.jpg', 3362, NULL, 'internal', 97, NULL, NULL, NULL, NULL, NULL, NULL),
(1955, 'images/photo077b.jpg', 3362, NULL, 'internal', 97, NULL, NULL, NULL, NULL, NULL, NULL),
(1956, 'https://doubleblackstudio.de/fine-line-tattoo/', 3362, 3416, 'internal', 97, 100, NULL, NULL, NULL, NULL, NULL),
(1957, 'images/photo144b.jpg', 3362, NULL, 'internal', 97, NULL, NULL, NULL, NULL, NULL, NULL),
(1958, 'https://doubleblackstudio.de/maori-tattoo/', 3362, 3422, 'internal', 97, 101, NULL, NULL, NULL, NULL, NULL),
(1959, 'images/123.jpg', 3362, NULL, 'internal', 97, NULL, NULL, NULL, NULL, NULL, NULL),
(1960, 'https://doubleblackstudio.de/portraits-tattoo/', 3362, 3428, 'internal', 97, 102, NULL, NULL, NULL, NULL, NULL),
(1961, 'images/1234.jpg', 3362, NULL, 'internal', 97, NULL, NULL, NULL, NULL, NULL, NULL),
(1962, 'images/123456.jpg', 3362, NULL, 'internal', 97, NULL, NULL, NULL, NULL, NULL, NULL),
(1963, 'images/12345.jpg', 3362, NULL, 'internal', 97, NULL, NULL, NULL, NULL, NULL, NULL),
(1964, 'https://doubleblackstudio.de/free-hand-tattoo/', 3362, 3434, 'internal', 97, 103, NULL, NULL, NULL, NULL, NULL),
(1965, 'https://doubleblackstudio.de/dot-work-tattoo/', 3362, 3440, 'internal', 97, 104, NULL, NULL, NULL, NULL, NULL),
(1966, 'images/1234567.jpg', 3362, NULL, 'internal', 97, NULL, NULL, NULL, NULL, NULL, NULL),
(1967, 'images/12345678.jpg', 3362, NULL, 'internal', 97, NULL, NULL, NULL, NULL, NULL, NULL),
(1968, 'images/1233.jpg', 3362, NULL, 'internal', 97, NULL, NULL, NULL, NULL, NULL, NULL),
(1969, 'images/123456789.jpg', 3362, NULL, 'internal', 97, NULL, NULL, NULL, NULL, NULL, NULL),
(1970, 'https://doubleblackstudio.de/realismus-tattoo/', 3362, 3447, 'internal', 97, 105, NULL, NULL, NULL, NULL, NULL),
(1971, 'https://doubleblackstudio.de/images/122.jpg', 3362, NULL, 'internal', 97, NULL, NULL, NULL, NULL, NULL, NULL),
(1972, 'images/12344.jpg', 3362, NULL, 'internal', 97, NULL, NULL, NULL, NULL, NULL, NULL),
(1973, 'https://doubleblackstudio.de/mandala-tattoo/', 3362, 3468, 'internal', 97, 106, NULL, NULL, NULL, NULL, NULL),
(2040, 'https://doubleblackstudio.de/wp-content/uploads/2025/04/dbs-logo-long.png', 3955, 3959, 'image-in', 108, NULL, 370, 1628, 14321, NULL, NULL),
(2042, 'https://doubleblackstudio.de/kontakt/', 546, 3955, 'internal', 36, 108, NULL, NULL, NULL, NULL, NULL),
(2044, 'https://doubleblackstudio.de/kontakt/', 546, 3955, 'internal', 36, 108, NULL, NULL, NULL, NULL, NULL),
(2045, 'https://doubleblackstudio.de/kontakt/', 546, 3955, 'internal', 36, 108, NULL, NULL, NULL, NULL, NULL),
(2056, 'tel:+4976176991689', 3447, NULL, 'external', 105, NULL, NULL, NULL, NULL, NULL, NULL),
(2058, 'tel:+4976176991689', 3440, NULL, 'external', 104, NULL, NULL, NULL, NULL, NULL, NULL),
(2060, 'tel:+4976176991689', 3434, NULL, 'external', 103, NULL, NULL, NULL, NULL, NULL, NULL),
(2062, 'tel:+4976176991689', 3416, NULL, 'external', 100, NULL, NULL, NULL, NULL, NULL, NULL),
(2066, 'tel:+4976176991689', 3399, NULL, 'external', 98, NULL, NULL, NULL, NULL, NULL, NULL),
(2068, 'tel:+4976176991689', 3422, NULL, 'external', 101, NULL, NULL, NULL, NULL, NULL, NULL),
(2070, 'tel:+4976176991689', 3428, NULL, 'external', 102, NULL, NULL, NULL, NULL, NULL, NULL),
(2074, 'https://doubleblackstudio.de/wp-content/uploads/2025/04/db-logo-icon1.png', 3362, 3956, 'image-in', 97, NULL, 3982, 5190, 195726, NULL, NULL);

--
-- Indexes for dumped tables
--

--
-- Indexes for table `uV6mXZATactionscheduler_actions`
--
ALTER TABLE `uV6mXZATactionscheduler_actions`
  ADD PRIMARY KEY (`action_id`),
  ADD KEY `hook_status_scheduled_date_gmt` (`hook`(163),`status`,`scheduled_date_gmt`),
  ADD KEY `status_scheduled_date_gmt` (`status`,`scheduled_date_gmt`),
  ADD KEY `scheduled_date_gmt` (`scheduled_date_gmt`),
  ADD KEY `args` (`args`),
  ADD KEY `group_id` (`group_id`),
  ADD KEY `last_attempt_gmt` (`last_attempt_gmt`),
  ADD KEY `claim_id_status_scheduled_date_gmt` (`claim_id`,`status`,`scheduled_date_gmt`);

--
-- Indexes for table `uV6mXZATactionscheduler_claims`
--
ALTER TABLE `uV6mXZATactionscheduler_claims`
  ADD PRIMARY KEY (`claim_id`),
  ADD KEY `date_created_gmt` (`date_created_gmt`);

--
-- Indexes for table `uV6mXZATactionscheduler_groups`
--
ALTER TABLE `uV6mXZATactionscheduler_groups`
  ADD PRIMARY KEY (`group_id`),
  ADD KEY `slug` (`slug`(191));

--
-- Indexes for table `uV6mXZATactionscheduler_logs`
--
ALTER TABLE `uV6mXZATactionscheduler_logs`
  ADD PRIMARY KEY (`log_id`),
  ADD KEY `action_id` (`action_id`),
  ADD KEY `log_date_gmt` (`log_date_gmt`);

--
-- Indexes for table `uV6mXZATbit_fm_logs`
--
ALTER TABLE `uV6mXZATbit_fm_logs`
  ADD PRIMARY KEY (`id`);

--
-- Indexes for table `uV6mXZATcmplz_cookiebanners`
--
ALTER TABLE `uV6mXZATcmplz_cookiebanners`
  ADD PRIMARY KEY (`ID`);

--
-- Indexes for table `uV6mXZATcmplz_cookies`
--
ALTER TABLE `uV6mXZATcmplz_cookies`
  ADD PRIMARY KEY (`ID`);

--
-- Indexes for table `uV6mXZATcmplz_dnsmpd`
--
ALTER TABLE `uV6mXZATcmplz_dnsmpd`
  ADD PRIMARY KEY (`ID`);

--
-- Indexes for table `uV6mXZATcmplz_services`
--
ALTER TABLE `uV6mXZATcmplz_services`
  ADD PRIMARY KEY (`ID`);

--
-- Indexes for table `uV6mXZATcommentmeta`
--
ALTER TABLE `uV6mXZATcommentmeta`
  ADD PRIMARY KEY (`meta_id`),
  ADD KEY `comment_id` (`comment_id`),
  ADD KEY `meta_key` (`meta_key`(191));

--
-- Indexes for table `uV6mXZATcomments`
--
ALTER TABLE `uV6mXZATcomments`
  ADD PRIMARY KEY (`comment_ID`),
  ADD KEY `comment_post_ID` (`comment_post_ID`),
  ADD KEY `comment_approved_date_gmt` (`comment_approved`,`comment_date_gmt`),
  ADD KEY `comment_date_gmt` (`comment_date_gmt`),
  ADD KEY `comment_parent` (`comment_parent`),
  ADD KEY `comment_author_email` (`comment_author_email`(10));

--
-- Indexes for table `uV6mXZATe_events`
--
ALTER TABLE `uV6mXZATe_events`
  ADD PRIMARY KEY (`id`),
  ADD KEY `created_at_index` (`created_at`);

--
-- Indexes for table `uV6mXZATe_notes`
--
ALTER TABLE `uV6mXZATe_notes`
  ADD PRIMARY KEY (`id`),
  ADD KEY `route_url_index` (`route_url`(191)),
  ADD KEY `post_id_index` (`post_id`),
  ADD KEY `element_id_index` (`element_id`),
  ADD KEY `parent_id_index` (`parent_id`),
  ADD KEY `author_id_index` (`author_id`),
  ADD KEY `status_index` (`status`),
  ADD KEY `is_resolved_index` (`is_resolved`),
  ADD KEY `is_public_index` (`is_public`),
  ADD KEY `created_at_index` (`created_at`),
  ADD KEY `updated_at_index` (`updated_at`),
  ADD KEY `last_activity_at_index` (`last_activity_at`);

--
-- Indexes for table `uV6mXZATe_notes_users_relations`
--
ALTER TABLE `uV6mXZATe_notes_users_relations`
  ADD PRIMARY KEY (`id`),
  ADD KEY `type_index` (`type`),
  ADD KEY `note_id_index` (`note_id`),
  ADD KEY `user_id_index` (`user_id`);

--
-- Indexes for table `uV6mXZATe_submissions`
--
ALTER TABLE `uV6mXZATe_submissions`
  ADD PRIMARY KEY (`id`),
  ADD UNIQUE KEY `hash_id_unique_index` (`hash_id`),
  ADD KEY `main_meta_id_index` (`main_meta_id`),
  ADD KEY `hash_id_index` (`hash_id`),
  ADD KEY `type_index` (`type`),
  ADD KEY `post_id_index` (`post_id`),
  ADD KEY `element_id_index` (`element_id`),
  ADD KEY `campaign_id_index` (`campaign_id`),
  ADD KEY `user_id_index` (`user_id`),
  ADD KEY `user_ip_index` (`user_ip`),
  ADD KEY `status_index` (`status`),
  ADD KEY `is_read_index` (`is_read`),
  ADD KEY `created_at_gmt_index` (`created_at_gmt`),
  ADD KEY `updated_at_gmt_index` (`updated_at_gmt`),
  ADD KEY `created_at_index` (`created_at`),
  ADD KEY `updated_at_index` (`updated_at`),
  ADD KEY `referer_index` (`referer`(191)),
  ADD KEY `referer_title_index` (`referer_title`(191));

--
-- Indexes for table `uV6mXZATe_submissions_actions_log`
--
ALTER TABLE `uV6mXZATe_submissions_actions_log`
  ADD PRIMARY KEY (`id`),
  ADD KEY `submission_id_index` (`submission_id`),
  ADD KEY `action_name_index` (`action_name`),
  ADD KEY `status_index` (`status`),
  ADD KEY `created_at_gmt_index` (`created_at_gmt`),
  ADD KEY `updated_at_gmt_index` (`updated_at_gmt`),
  ADD KEY `created_at_index` (`created_at`),
  ADD KEY `updated_at_index` (`updated_at`);

--
-- Indexes for table `uV6mXZATe_submissions_values`
--
ALTER TABLE `uV6mXZATe_submissions_values`
  ADD PRIMARY KEY (`id`),
  ADD KEY `submission_id_index` (`submission_id`),
  ADD KEY `key_index` (`key`);

--
-- Indexes for table `uV6mXZATlinks`
--
ALTER TABLE `uV6mXZATlinks`
  ADD PRIMARY KEY (`link_id`),
  ADD KEY `link_visible` (`link_visible`);

--
-- Indexes for table `uV6mXZAToptions`
--
ALTER TABLE `uV6mXZAToptions`
  ADD PRIMARY KEY (`option_id`),
  ADD UNIQUE KEY `option_name` (`option_name`),
  ADD KEY `autoload` (`autoload`);

--
-- Indexes for table `uV6mXZATpostmeta`
--
ALTER TABLE `uV6mXZATpostmeta`
  ADD PRIMARY KEY (`meta_id`),
  ADD KEY `post_id` (`post_id`),
  ADD KEY `meta_key` (`meta_key`(191));

--
-- Indexes for table `uV6mXZATposts`
--
ALTER TABLE `uV6mXZATposts`
  ADD PRIMARY KEY (`ID`),
  ADD KEY `post_name` (`post_name`(191)),
  ADD KEY `type_status_date` (`post_type`,`post_status`,`post_date`,`ID`),
  ADD KEY `post_parent` (`post_parent`),
  ADD KEY `post_author` (`post_author`);

--
-- Indexes for table `uV6mXZATtermmeta`
--
ALTER TABLE `uV6mXZATtermmeta`
  ADD PRIMARY KEY (`meta_id`),
  ADD KEY `term_id` (`term_id`),
  ADD KEY `meta_key` (`meta_key`(191));

--
-- Indexes for table `uV6mXZATterms`
--
ALTER TABLE `uV6mXZATterms`
  ADD PRIMARY KEY (`term_id`),
  ADD KEY `slug` (`slug`(191)),
  ADD KEY `name` (`name`(191));

--
-- Indexes for table `uV6mXZATterm_relationships`
--
ALTER TABLE `uV6mXZATterm_relationships`
  ADD PRIMARY KEY (`object_id`,`term_taxonomy_id`),
  ADD KEY `term_taxonomy_id` (`term_taxonomy_id`);

--
-- Indexes for table `uV6mXZATterm_taxonomy`
--
ALTER TABLE `uV6mXZATterm_taxonomy`
  ADD PRIMARY KEY (`term_taxonomy_id`),
  ADD UNIQUE KEY `term_id_taxonomy` (`term_id`,`taxonomy`),
  ADD KEY `taxonomy` (`taxonomy`);

--
-- Indexes for table `uV6mXZATtm_taskmeta`
--
ALTER TABLE `uV6mXZATtm_taskmeta`
  ADD PRIMARY KEY (`meta_id`),
  ADD KEY `meta_key` (`meta_key`(191)),
  ADD KEY `task_id` (`task_id`);

--
-- Indexes for table `uV6mXZATtm_tasks`
--
ALTER TABLE `uV6mXZATtm_tasks`
  ADD PRIMARY KEY (`id`),
  ADD KEY `user_id` (`user_id`);

--
-- Indexes for table `uV6mXZATusermeta`
--
ALTER TABLE `uV6mXZATusermeta`
  ADD PRIMARY KEY (`umeta_id`),
  ADD KEY `user_id` (`user_id`),
  ADD KEY `meta_key` (`meta_key`(191));

--
-- Indexes for table `uV6mXZATusers`
--
ALTER TABLE `uV6mXZATusers`
  ADD PRIMARY KEY (`ID`),
  ADD KEY `user_login_key` (`user_login`),
  ADD KEY `user_nicename` (`user_nicename`),
  ADD KEY `user_email` (`user_email`);

--
-- Indexes for table `uV6mXZATwpfm_backup`
--
ALTER TABLE `uV6mXZATwpfm_backup`
  ADD PRIMARY KEY (`id`);

--
-- Indexes for table `uV6mXZATwpo_404_detector`
--
ALTER TABLE `uV6mXZATwpo_404_detector`
  ADD PRIMARY KEY (`ID`),
  ADD UNIQUE KEY `url` (`url`(75),`request_timestamp`,`referrer`(75)),
  ADD KEY `url_timestamp_referrer` (`url`(75),`request_timestamp`,`referrer`(75)),
  ADD KEY `timestamp_count` (`request_timestamp`,`request_count`);

--
-- Indexes for table `uV6mXZATyoast_indexable`
--
ALTER TABLE `uV6mXZATyoast_indexable`
  ADD PRIMARY KEY (`id`),
  ADD KEY `object_type_and_sub_type` (`object_type`,`object_sub_type`),
  ADD KEY `object_id_and_type` (`object_id`,`object_type`),
  ADD KEY `permalink_hash_and_object_type` (`permalink_hash`,`object_type`),
  ADD KEY `subpages` (`post_parent`,`object_type`,`post_status`,`object_id`),
  ADD KEY `prominent_words` (`prominent_words_version`,`object_type`,`object_sub_type`,`post_status`),
  ADD KEY `published_sitemap_index` (`object_published_at`,`is_robots_noindex`,`object_type`,`object_sub_type`);

--
-- Indexes for table `uV6mXZATyoast_indexable_hierarchy`
--
ALTER TABLE `uV6mXZATyoast_indexable_hierarchy`
  ADD PRIMARY KEY (`indexable_id`,`ancestor_id`),
  ADD KEY `indexable_id` (`indexable_id`),
  ADD KEY `ancestor_id` (`ancestor_id`),
  ADD KEY `depth` (`depth`);

--
-- Indexes for table `uV6mXZATyoast_migrations`
--
ALTER TABLE `uV6mXZATyoast_migrations`
  ADD PRIMARY KEY (`id`),
  ADD UNIQUE KEY `wp_yoast_migrations_version` (`version`);

--
-- Indexes for table `uV6mXZATyoast_primary_term`
--
ALTER TABLE `uV6mXZATyoast_primary_term`
  ADD PRIMARY KEY (`id`),
  ADD KEY `post_taxonomy` (`post_id`,`taxonomy`),
  ADD KEY `post_term` (`post_id`,`term_id`);

--
-- Indexes for table `uV6mXZATyoast_seo_links`
--
ALTER TABLE `uV6mXZATyoast_seo_links`
  ADD PRIMARY KEY (`id`),
  ADD KEY `link_direction` (`post_id`,`type`),
  ADD KEY `indexable_link_direction` (`indexable_id`,`type`);

--
-- AUTO_INCREMENT for dumped tables
--

--
-- AUTO_INCREMENT for table `uV6mXZATactionscheduler_actions`
--
ALTER TABLE `uV6mXZATactionscheduler_actions`
  MODIFY `action_id` bigint(20) UNSIGNED NOT NULL AUTO_INCREMENT, AUTO_INCREMENT=6;

--
-- AUTO_INCREMENT for table `uV6mXZATactionscheduler_claims`
--
ALTER TABLE `uV6mXZATactionscheduler_claims`
  MODIFY `claim_id` bigint(20) UNSIGNED NOT NULL AUTO_INCREMENT;

--
-- AUTO_INCREMENT for table `uV6mXZATactionscheduler_groups`
--
ALTER TABLE `uV6mXZATactionscheduler_groups`
  MODIFY `group_id` bigint(20) UNSIGNED NOT NULL AUTO_INCREMENT;

--
-- AUTO_INCREMENT for table `uV6mXZATactionscheduler_logs`
--
ALTER TABLE `uV6mXZATactionscheduler_logs`
  MODIFY `log_id` bigint(20) UNSIGNED NOT NULL AUTO_INCREMENT;

--
-- AUTO_INCREMENT for table `uV6mXZATbit_fm_logs`
--
ALTER TABLE `uV6mXZATbit_fm_logs`
  MODIFY `id` bigint(20) UNSIGNED NOT NULL AUTO_INCREMENT, AUTO_INCREMENT=13;

--
-- AUTO_INCREMENT for table `uV6mXZATcmplz_cookiebanners`
--
ALTER TABLE `uV6mXZATcmplz_cookiebanners`
  MODIFY `ID` int(11) NOT NULL AUTO_INCREMENT, AUTO_INCREMENT=2;

--
-- AUTO_INCREMENT for table `uV6mXZATcmplz_cookies`
--
ALTER TABLE `uV6mXZATcmplz_cookies`
  MODIFY `ID` int(11) NOT NULL AUTO_INCREMENT, AUTO_INCREMENT=315;

--
-- AUTO_INCREMENT for table `uV6mXZATcmplz_dnsmpd`
--
ALTER TABLE `uV6mXZATcmplz_dnsmpd`
  MODIFY `ID` int(11) NOT NULL AUTO_INCREMENT;

--
-- AUTO_INCREMENT for table `uV6mXZATcmplz_services`
--
ALTER TABLE `uV6mXZATcmplz_services`
  MODIFY `ID` int(11) NOT NULL AUTO_INCREMENT, AUTO_INCREMENT=59;

--
-- AUTO_INCREMENT for table `uV6mXZATcommentmeta`
--
ALTER TABLE `uV6mXZATcommentmeta`
  MODIFY `meta_id` bigint(20) UNSIGNED NOT NULL AUTO_INCREMENT, AUTO_INCREMENT=3;

--
-- AUTO_INCREMENT for table `uV6mXZATcomments`
--
ALTER TABLE `uV6mXZATcomments`
  MODIFY `comment_ID` bigint(20) UNSIGNED NOT NULL AUTO_INCREMENT, AUTO_INCREMENT=2;

--
-- AUTO_INCREMENT for table `uV6mXZATe_events`
--
ALTER TABLE `uV6mXZATe_events`
  MODIFY `id` bigint(20) UNSIGNED NOT NULL AUTO_INCREMENT;

--
-- AUTO_INCREMENT for table `uV6mXZATe_notes`
--
ALTER TABLE `uV6mXZATe_notes`
  MODIFY `id` bigint(20) UNSIGNED NOT NULL AUTO_INCREMENT;

--
-- AUTO_INCREMENT for table `uV6mXZATe_notes_users_relations`
--
ALTER TABLE `uV6mXZATe_notes_users_relations`
  MODIFY `id` bigint(20) UNSIGNED NOT NULL AUTO_INCREMENT;

--
-- AUTO_INCREMENT for table `uV6mXZATe_submissions`
--
ALTER TABLE `uV6mXZATe_submissions`
  MODIFY `id` bigint(20) UNSIGNED NOT NULL AUTO_INCREMENT, AUTO_INCREMENT=25;

--
-- AUTO_INCREMENT for table `uV6mXZATe_submissions_actions_log`
--
ALTER TABLE `uV6mXZATe_submissions_actions_log`
  MODIFY `id` bigint(20) UNSIGNED NOT NULL AUTO_INCREMENT, AUTO_INCREMENT=25;

--
-- AUTO_INCREMENT for table `uV6mXZATe_submissions_values`
--
ALTER TABLE `uV6mXZATe_submissions_values`
  MODIFY `id` bigint(20) UNSIGNED NOT NULL AUTO_INCREMENT, AUTO_INCREMENT=145;

--
-- AUTO_INCREMENT for table `uV6mXZATlinks`
--
ALTER TABLE `uV6mXZATlinks`
  MODIFY `link_id` bigint(20) UNSIGNED NOT NULL AUTO_INCREMENT;

--
-- AUTO_INCREMENT for table `uV6mXZAToptions`
--
ALTER TABLE `uV6mXZAToptions`
  MODIFY `option_id` bigint(20) UNSIGNED NOT NULL AUTO_INCREMENT, AUTO_INCREMENT=22798;

--
-- AUTO_INCREMENT for table `uV6mXZATpostmeta`
--
ALTER TABLE `uV6mXZATpostmeta`
  MODIFY `meta_id` bigint(20) UNSIGNED NOT NULL AUTO_INCREMENT, AUTO_INCREMENT=36214;

--
-- AUTO_INCREMENT for table `uV6mXZATposts`
--
ALTER TABLE `uV6mXZATposts`
  MODIFY `ID` bigint(20) UNSIGNED NOT NULL AUTO_INCREMENT, AUTO_INCREMENT=4220;

--
-- AUTO_INCREMENT for table `uV6mXZATtermmeta`
--
ALTER TABLE `uV6mXZATtermmeta`
  MODIFY `meta_id` bigint(20) UNSIGNED NOT NULL AUTO_INCREMENT;

--
-- AUTO_INCREMENT for table `uV6mXZATterms`
--
ALTER TABLE `uV6mXZATterms`
  MODIFY `term_id` bigint(20) UNSIGNED NOT NULL AUTO_INCREMENT, AUTO_INCREMENT=9;

--
-- AUTO_INCREMENT for table `uV6mXZATterm_taxonomy`
--
ALTER TABLE `uV6mXZATterm_taxonomy`
  MODIFY `term_taxonomy_id` bigint(20) UNSIGNED NOT NULL AUTO_INCREMENT, AUTO_INCREMENT=9;

--
-- AUTO_INCREMENT for table `uV6mXZATtm_taskmeta`
--
ALTER TABLE `uV6mXZATtm_taskmeta`
  MODIFY `meta_id` bigint(20) NOT NULL AUTO_INCREMENT, AUTO_INCREMENT=1557;

--
-- AUTO_INCREMENT for table `uV6mXZATtm_tasks`
--
ALTER TABLE `uV6mXZATtm_tasks`
  MODIFY `id` int(11) NOT NULL AUTO_INCREMENT, AUTO_INCREMENT=1557;

--
-- AUTO_INCREMENT for table `uV6mXZATusermeta`
--
ALTER TABLE `uV6mXZATusermeta`
  MODIFY `umeta_id` bigint(20) UNSIGNED NOT NULL AUTO_INCREMENT, AUTO_INCREMENT=115;

--
-- AUTO_INCREMENT for table `uV6mXZATusers`
--
ALTER TABLE `uV6mXZATusers`
  MODIFY `ID` bigint(20) UNSIGNED NOT NULL AUTO_INCREMENT, AUTO_INCREMENT=5;

--
-- AUTO_INCREMENT for table `uV6mXZATwpfm_backup`
--
ALTER TABLE `uV6mXZATwpfm_backup`
  MODIFY `id` int(11) NOT NULL AUTO_INCREMENT;

--
-- AUTO_INCREMENT for table `uV6mXZATwpo_404_detector`
--
ALTER TABLE `uV6mXZATwpo_404_detector`
  MODIFY `ID` int(11) UNSIGNED NOT NULL AUTO_INCREMENT;

--
-- AUTO_INCREMENT for table `uV6mXZATyoast_indexable`
--
ALTER TABLE `uV6mXZATyoast_indexable`
  MODIFY `id` int(11) UNSIGNED NOT NULL AUTO_INCREMENT, AUTO_INCREMENT=110;

--
-- AUTO_INCREMENT for table `uV6mXZATyoast_migrations`
--
ALTER TABLE `uV6mXZATyoast_migrations`
  MODIFY `id` int(11) UNSIGNED NOT NULL AUTO_INCREMENT, AUTO_INCREMENT=25;

--
-- AUTO_INCREMENT for table `uV6mXZATyoast_primary_term`
--
ALTER TABLE `uV6mXZATyoast_primary_term`
  MODIFY `id` int(11) UNSIGNED NOT NULL AUTO_INCREMENT;

--
-- AUTO_INCREMENT for table `uV6mXZATyoast_seo_links`
--
ALTER TABLE `uV6mXZATyoast_seo_links`
  MODIFY `id` bigint(20) UNSIGNED NOT NULL AUTO_INCREMENT, AUTO_INCREMENT=2076;
COMMIT;

